-- https://www.phpmyadmin.net/
--

START TRANSACTION;



--
-- Database: `vtdemo_clgerp`
--

-- --------------------------------------------------------

--
-- Table structure for table `about_us`
--

CREATE TABLE `about_us` (
  `id` int UNSIGNED NOT NULL,
  `language_id` int UNSIGNED NOT NULL,
  `label` varchar(191) CHARACTER SET utf8mb4 COLLATE utf8mb4_unicode_ci DEFAULT NULL,
  `title` varchar(191) CHARACTER SET utf8mb4 COLLATE utf8mb4_unicode_ci DEFAULT NULL,
  `short_desc` text CHARACTER SET utf8mb4 COLLATE utf8mb4_unicode_ci,
  `description` longtext CHARACTER SET utf8mb4 COLLATE utf8mb4_unicode_ci,
  `features` longtext CHARACTER SET utf8mb4 COLLATE utf8mb4_unicode_ci,
  `attach` text CHARACTER SET utf8mb4 COLLATE utf8mb4_unicode_ci,
  `video_id` varchar(191) CHARACTER SET utf8mb4 COLLATE utf8mb4_unicode_ci DEFAULT NULL,
  `button_text` varchar(191) CHARACTER SET utf8mb4 COLLATE utf8mb4_unicode_ci DEFAULT NULL,
  `mission_title` varchar(191) CHARACTER SET utf8mb4 COLLATE utf8mb4_unicode_ci DEFAULT NULL,
  `mission_desc` text CHARACTER SET utf8mb4 COLLATE utf8mb4_unicode_ci,
  `mission_icon` varchar(191) CHARACTER SET utf8mb4 COLLATE utf8mb4_unicode_ci DEFAULT NULL,
  `mission_image` text CHARACTER SET utf8mb4 COLLATE utf8mb4_unicode_ci,
  `vision_title` varchar(191) CHARACTER SET utf8mb4 COLLATE utf8mb4_unicode_ci DEFAULT NULL,
  `vision_desc` text CHARACTER SET utf8mb4 COLLATE utf8mb4_unicode_ci,
  `vision_icon` varchar(191) CHARACTER SET utf8mb4 COLLATE utf8mb4_unicode_ci DEFAULT NULL,
  `vision_image` text CHARACTER SET utf8mb4 COLLATE utf8mb4_unicode_ci,
  `status` tinyint(1) NOT NULL DEFAULT '1',
  `created_at` timestamp NULL DEFAULT NULL,
  `updated_at` timestamp NULL DEFAULT NULL
) ENGINE=InnoDB DEFAULT CHARSET=utf8mb4 COLLATE=utf8mb4_unicode_ci;

--
-- Dumping data for table `about_us`
--

INSERT INTO `about_us` (`id`, `language_id`, `label`, `title`, `short_desc`, `description`, `features`, `attach`, `video_id`, `button_text`, `mission_title`, `mission_desc`, `mission_icon`, `mission_image`, `vision_title`, `vision_desc`, `vision_icon`, `vision_image`, `status`, `created_at`, `updated_at`) VALUES
(1, 1, 'About Our University', 'A Few Words About the University', NULL, '<p>Our community is being called to reimagine the future. As the only university where a renowned design school comes together with premier colleges, we are making learning more relevant and transformational.<br /><br />We are proud to offer top ranige in employment services such and asser payroll and benefits administrato managemen and asistance with global business range ployment employer readings from religious texts or literature are also commonly inc compliance.</p>', 'null', 'about_img_05_1692915465.png', NULL, NULL, 'Our Mission', '<p>There are many variations of passages of Lorem Ipsum available, but the majority have suffered alteration in some form, by injected humour, or randomised words which don\'t look even slightly believable.</p>', NULL, NULL, 'Our Vision', '<p>There are many variations of passages of Lorem Ipsum available, but the majority have suffered alteration in some form, by injected humour, or randomised words which don\'t look even slightly believable.</p>', NULL, NULL, 1, '2023-08-24 16:17:46', '2023-08-24 16:17:46');

-- --------------------------------------------------------

--
-- Table structure for table `accreditation`
--

CREATE TABLE `accreditation` (
  `id` bigint UNSIGNED NOT NULL,
  `title` varchar(191) CHARACTER SET utf8mb4 COLLATE utf8mb4_unicode_ci NOT NULL,
  `pdf` varchar(191) CHARACTER SET utf8mb4 COLLATE utf8mb4_unicode_ci DEFAULT NULL,
  `created_at` timestamp NULL DEFAULT NULL,
  `updated_at` timestamp NULL DEFAULT NULL
) ENGINE=InnoDB DEFAULT CHARSET=utf8mb4 COLLATE=utf8mb4_unicode_ci;

--
-- Dumping data for table `accreditation`
--

INSERT INTO `accreditation` (`id`, `title`, `pdf`, `created_at`, `updated_at`) VALUES
(9, 'n', 'naac/1750245161_NAAC_CYCLE_1.pdf', '2025-06-18 05:42:41', '2025-06-18 05:42:41'),
(10, 'ccc', 'naac/1770877394_Sk Enterprises.pdf', '2026-02-12 13:23:14', '2026-02-12 13:23:14');

-- --------------------------------------------------------

--
-- Table structure for table `applications`
--

CREATE TABLE `applications` (
  `id` bigint UNSIGNED NOT NULL,
  `registration_no` varchar(191) CHARACTER SET utf8mb4 COLLATE utf8mb4_unicode_ci DEFAULT NULL,
  `batch_id` int UNSIGNED DEFAULT NULL,
  `program_id` int UNSIGNED DEFAULT NULL,
  `apply_date` date DEFAULT NULL,
  `first_name` varchar(191) CHARACTER SET utf8mb4 COLLATE utf8mb4_unicode_ci NOT NULL,
  `last_name` varchar(191) CHARACTER SET utf8mb4 COLLATE utf8mb4_unicode_ci NOT NULL,
  `father_name` varchar(191) CHARACTER SET utf8mb4 COLLATE utf8mb4_unicode_ci DEFAULT NULL,
  `mother_name` varchar(191) CHARACTER SET utf8mb4 COLLATE utf8mb4_unicode_ci DEFAULT NULL,
  `father_occupation` varchar(191) CHARACTER SET utf8mb4 COLLATE utf8mb4_unicode_ci DEFAULT NULL,
  `mother_occupation` varchar(191) CHARACTER SET utf8mb4 COLLATE utf8mb4_unicode_ci DEFAULT NULL,
  `father_photo` text CHARACTER SET utf8mb4 COLLATE utf8mb4_unicode_ci,
  `mother_photo` text CHARACTER SET utf8mb4 COLLATE utf8mb4_unicode_ci,
  `country` varchar(191) CHARACTER SET utf8mb4 COLLATE utf8mb4_unicode_ci DEFAULT NULL,
  `present_province` int UNSIGNED DEFAULT NULL,
  `present_district` int UNSIGNED DEFAULT NULL,
  `present_village` text CHARACTER SET utf8mb4 COLLATE utf8mb4_unicode_ci,
  `present_address` text CHARACTER SET utf8mb4 COLLATE utf8mb4_unicode_ci,
  `permanent_province` int UNSIGNED DEFAULT NULL,
  `permanent_district` int UNSIGNED DEFAULT NULL,
  `permanent_village` text CHARACTER SET utf8mb4 COLLATE utf8mb4_unicode_ci,
  `permanent_address` text CHARACTER SET utf8mb4 COLLATE utf8mb4_unicode_ci,
  `gender` int NOT NULL COMMENT '1 Male, 2 Female & 3 Other',
  `dob` date NOT NULL,
  `email` varchar(191) CHARACTER SET utf8mb4 COLLATE utf8mb4_unicode_ci NOT NULL,
  `phone` varchar(191) CHARACTER SET utf8mb4 COLLATE utf8mb4_unicode_ci DEFAULT NULL,
  `emergency_phone` varchar(191) CHARACTER SET utf8mb4 COLLATE utf8mb4_unicode_ci DEFAULT NULL,
  `religion` varchar(191) CHARACTER SET utf8mb4 COLLATE utf8mb4_unicode_ci DEFAULT NULL,
  `caste` varchar(191) CHARACTER SET utf8mb4 COLLATE utf8mb4_unicode_ci DEFAULT NULL,
  `mother_tongue` varchar(191) CHARACTER SET utf8mb4 COLLATE utf8mb4_unicode_ci DEFAULT NULL,
  `marital_status` int DEFAULT NULL,
  `blood_group` int DEFAULT NULL,
  `nationality` varchar(191) CHARACTER SET utf8mb4 COLLATE utf8mb4_unicode_ci DEFAULT NULL,
  `national_id` varchar(191) CHARACTER SET utf8mb4 COLLATE utf8mb4_unicode_ci DEFAULT NULL,
  `passport_no` varchar(191) CHARACTER SET utf8mb4 COLLATE utf8mb4_unicode_ci DEFAULT NULL,
  `school_name` text CHARACTER SET utf8mb4 COLLATE utf8mb4_unicode_ci,
  `school_exam_id` varchar(191) CHARACTER SET utf8mb4 COLLATE utf8mb4_unicode_ci DEFAULT NULL,
  `school_graduation_field` varchar(191) CHARACTER SET utf8mb4 COLLATE utf8mb4_unicode_ci DEFAULT NULL,
  `school_graduation_year` varchar(191) CHARACTER SET utf8mb4 COLLATE utf8mb4_unicode_ci DEFAULT NULL,
  `school_graduation_point` varchar(191) CHARACTER SET utf8mb4 COLLATE utf8mb4_unicode_ci DEFAULT NULL,
  `collage_name` text CHARACTER SET utf8mb4 COLLATE utf8mb4_unicode_ci,
  `collage_exam_id` varchar(191) CHARACTER SET utf8mb4 COLLATE utf8mb4_unicode_ci DEFAULT NULL,
  `collage_graduation_field` varchar(191) CHARACTER SET utf8mb4 COLLATE utf8mb4_unicode_ci DEFAULT NULL,
  `collage_graduation_year` varchar(191) CHARACTER SET utf8mb4 COLLATE utf8mb4_unicode_ci DEFAULT NULL,
  `collage_graduation_point` varchar(191) CHARACTER SET utf8mb4 COLLATE utf8mb4_unicode_ci DEFAULT NULL,
  `photo` text CHARACTER SET utf8mb4 COLLATE utf8mb4_unicode_ci,
  `signature` text CHARACTER SET utf8mb4 COLLATE utf8mb4_unicode_ci,
  `status` int NOT NULL DEFAULT '1' COMMENT '0 Rejected, 1 Pending, 2 Approve',
  `created_by` bigint UNSIGNED DEFAULT NULL,
  `updated_by` bigint UNSIGNED DEFAULT NULL,
  `created_at` timestamp NULL DEFAULT NULL,
  `updated_at` timestamp NULL DEFAULT NULL,
  `school_transcript` varchar(191) CHARACTER SET utf8mb4 COLLATE utf8mb4_unicode_ci DEFAULT NULL,
  `school_certificate` varchar(191) CHARACTER SET utf8mb4 COLLATE utf8mb4_unicode_ci DEFAULT NULL,
  `collage_transcript` varchar(191) CHARACTER SET utf8mb4 COLLATE utf8mb4_unicode_ci DEFAULT NULL,
  `collage_certificate` varchar(191) CHARACTER SET utf8mb4 COLLATE utf8mb4_unicode_ci DEFAULT NULL,
  `fee_amount` double(10,2) DEFAULT NULL,
  `pay_status` tinyint NOT NULL DEFAULT '0' COMMENT '0 Unpaid, 1 Paid, 2 Cancel',
  `payment_method` int DEFAULT NULL
) ENGINE=InnoDB DEFAULT CHARSET=utf8mb4 COLLATE=utf8mb4_unicode_ci;

--
-- Dumping data for table `applications`
--

INSERT INTO `applications` (`id`, `registration_no`, `batch_id`, `program_id`, `apply_date`, `first_name`, `last_name`, `father_name`, `mother_name`, `father_occupation`, `mother_occupation`, `father_photo`, `mother_photo`, `country`, `present_province`, `present_district`, `present_village`, `present_address`, `permanent_province`, `permanent_district`, `permanent_village`, `permanent_address`, `gender`, `dob`, `email`, `phone`, `emergency_phone`, `religion`, `caste`, `mother_tongue`, `marital_status`, `blood_group`, `nationality`, `national_id`, `passport_no`, `school_name`, `school_exam_id`, `school_graduation_field`, `school_graduation_year`, `school_graduation_point`, `collage_name`, `collage_exam_id`, `collage_graduation_field`, `collage_graduation_year`, `collage_graduation_point`, `photo`, `signature`, `status`, `created_by`, `updated_by`, `created_at`, `updated_at`, `school_transcript`, `school_certificate`, `collage_transcript`, `collage_certificate`, `fee_amount`, `pay_status`, `payment_method`) VALUES
(1, '10000001', NULL, 4, '2023-02-13', 'Judah', 'Bryant', 'Ira Preston', 'Reuben Cooper', 'Explicabo Reiciendi', 'Earum aliquid vel au', NULL, NULL, NULL, 2, 7, NULL, 'Hic rem consequat A', 4, 12, NULL, 'Corrupti sapiente l', 2, '1982-02-08', 'haca@mailinator.com', '+1 (366) 959-1883', NULL, NULL, NULL, NULL, 1, 5, NULL, '21879584857', '878454545454', 'Penelope Mack', '5487854', NULL, '2004', '99.3', 'Genevieve Hammond', '6787877', NULL, '2006', '78.8', 'staff1_1664732856_1676308260.jpg', 'book_covers.jpg_1664732856_1676308260.jpg', 1, 1, NULL, '2023-02-13 11:11:00', '2023-02-13 11:11:00', NULL, NULL, NULL, NULL, NULL, 0, NULL),
(2, '10000002', NULL, 2, '2023-02-13', 'Jerome', 'Sellers', 'Laurel Evans', 'Carlos Hess', 'Id explicabo Repel', 'Adipisicing reiciend', NULL, NULL, NULL, 3, 11, NULL, 'Eius duis debitis no', 2, 7, NULL, 'Quasi magna id dolo', 1, '1998-01-21', 'loxut@mailinator.com', '+1 (431) 155-5046', NULL, NULL, NULL, NULL, 2, 4, NULL, '878654548', '258897878', 'Dorian Cortez', '356897', NULL, '2009', '68.3', 'Tobias Love', '899564', NULL, '2010', '67.8', 'staff2_1664711842_1676308347.jpg', 'book_cover2.jpg_1664711842_1676308347.jpg', 0, 1, 1, '2023-02-13 11:12:27', '2023-02-13 11:14:39', NULL, NULL, NULL, NULL, NULL, 0, NULL),
(3, '10000003', NULL, 14, '2025-04-25', 'Prabin', 'Bala', 'SB', 'NA', 'NA', 'NA', NULL, NULL, NULL, 19, 70, NULL, '193', 19, 70, NULL, '193', 1, '1998-03-20', 'prabinbala2@gmail.com', '8018229536', NULL, NULL, NULL, NULL, 1, 6, NULL, NULL, NULL, 'BSE', '1232123', NULL, '2013', '360', 'HSC', '3212321', NULL, '3015', '420', 'payment_logo_1745560901.png', 'payment_logo_1745560901.png', 2, NULL, 1, '2025-04-25 13:01:41', '2025-04-25 13:04:45', '2019_04_17_1745560901.jpg', '222_1745560901.jpg', '111_1745560901.jpg', '222_1745560901.jpg', NULL, 0, NULL);

-- --------------------------------------------------------

--
-- Table structure for table `application_settings`
--

CREATE TABLE `application_settings` (
  `id` int UNSIGNED NOT NULL,
  `slug` varchar(191) CHARACTER SET utf8mb4 COLLATE utf8mb4_unicode_ci NOT NULL,
  `title` text CHARACTER SET utf8mb4 COLLATE utf8mb4_unicode_ci,
  `header_left` text CHARACTER SET utf8mb4 COLLATE utf8mb4_unicode_ci,
  `header_center` text CHARACTER SET utf8mb4 COLLATE utf8mb4_unicode_ci,
  `header_right` text CHARACTER SET utf8mb4 COLLATE utf8mb4_unicode_ci,
  `body` text CHARACTER SET utf8mb4 COLLATE utf8mb4_unicode_ci,
  `footer_left` text CHARACTER SET utf8mb4 COLLATE utf8mb4_unicode_ci,
  `footer_center` text CHARACTER SET utf8mb4 COLLATE utf8mb4_unicode_ci,
  `footer_right` text CHARACTER SET utf8mb4 COLLATE utf8mb4_unicode_ci,
  `logo_left` text CHARACTER SET utf8mb4 COLLATE utf8mb4_unicode_ci,
  `logo_right` text CHARACTER SET utf8mb4 COLLATE utf8mb4_unicode_ci,
  `background` text CHARACTER SET utf8mb4 COLLATE utf8mb4_unicode_ci,
  `status` tinyint(1) NOT NULL DEFAULT '1',
  `created_at` timestamp NULL DEFAULT NULL,
  `updated_at` timestamp NULL DEFAULT NULL,
  `fee_amount` double(10,2) DEFAULT NULL,
  `pay_online` tinyint(1) NOT NULL DEFAULT '1' COMMENT '0 No, 1 Yes'
) ENGINE=InnoDB DEFAULT CHARSET=utf8mb4 COLLATE=utf8mb4_unicode_ci;

--
-- Dumping data for table `application_settings`
--

INSERT INTO `application_settings` (`id`, `slug`, `title`, `header_left`, `header_center`, `header_right`, `body`, `footer_left`, `footer_center`, `footer_right`, `logo_left`, `logo_right`, `background`, `status`, `created_at`, `updated_at`, `fee_amount`, `pay_online`) VALUES
(1, 'admission', 'Apply to admission on our university', NULL, NULL, NULL, '<p>It is a long established fact that a reader will be distracted by the readable content of a page when looking at its layout. The point of using Lorem Ipsum is that it has a more-or-less normal distribution of letters, as opposed to using \'Content here, content here\',</p>', NULL, NULL, NULL, 'logo_1664613886_1676307947.jpg', 'logo_1664613886_1676307947.jpg', NULL, 1, '2023-02-13 11:05:47', '2023-02-13 11:06:14', NULL, 1);

-- --------------------------------------------------------

--
-- Table structure for table `aqar2025`
--

CREATE TABLE `aqar2025` (
  `id` int NOT NULL,
  `title` varchar(500) NOT NULL,
  `pdf` varchar(500) DEFAULT NULL,
  `created_at` timestamp NULL DEFAULT NULL,
  `updated_at` timestamp NULL DEFAULT NULL
) ENGINE=InnoDB DEFAULT CHARSET=latin1;

--
-- Dumping data for table `aqar2025`
--

INSERT INTO `aqar2025` (`id`, `title`, `pdf`, `created_at`, `updated_at`) VALUES
(1, 'AQAR', 'aqar/1750233117_AQAR_2023-24.pdf', '2025-06-18 14:51:57', '2025-06-18 15:52:27');

-- --------------------------------------------------------

--
-- Table structure for table `assignments`
--

CREATE TABLE `assignments` (
  `id` bigint UNSIGNED NOT NULL,
  `faculty_id` int UNSIGNED DEFAULT NULL,
  `program_id` int UNSIGNED DEFAULT NULL,
  `session_id` int UNSIGNED DEFAULT NULL,
  `semester_id` int UNSIGNED DEFAULT NULL,
  `section_id` int UNSIGNED DEFAULT NULL,
  `subject_id` bigint UNSIGNED NOT NULL,
  `title` varchar(191) CHARACTER SET utf8mb4 COLLATE utf8mb4_unicode_ci NOT NULL,
  `description` text CHARACTER SET utf8mb4 COLLATE utf8mb4_unicode_ci,
  `total_marks` decimal(5,2) DEFAULT NULL,
  `start_date` date DEFAULT NULL,
  `end_date` date DEFAULT NULL,
  `attach` text CHARACTER SET utf8mb4 COLLATE utf8mb4_unicode_ci,
  `status` tinyint(1) NOT NULL DEFAULT '1',
  `assign_by` bigint UNSIGNED NOT NULL,
  `created_at` timestamp NULL DEFAULT NULL,
  `updated_at` timestamp NULL DEFAULT NULL
) ENGINE=InnoDB DEFAULT CHARSET=utf8mb4 COLLATE=utf8mb4_unicode_ci;

--
-- Dumping data for table `assignments`
--

INSERT INTO `assignments` (`id`, `faculty_id`, `program_id`, `session_id`, `semester_id`, `section_id`, `subject_id`, `title`, `description`, `total_marks`, `start_date`, `end_date`, `attach`, `status`, `assign_by`, `created_at`, `updated_at`) VALUES
(1, 5, 11, 5, 1, 7, 1, 'history', '<p>vhgg</p>', 0.00, '2025-04-30', '2025-05-01', 'demo_1745993342.pdf', 1, 1, '2025-04-30 13:09:02', '2025-04-30 13:09:49');

-- --------------------------------------------------------

--
-- Table structure for table `batches`
--

CREATE TABLE `batches` (
  `id` int UNSIGNED NOT NULL,
  `title` varchar(191) CHARACTER SET utf8mb4 COLLATE utf8mb4_unicode_ci NOT NULL,
  `start_date` date DEFAULT NULL,
  `status` tinyint(1) NOT NULL DEFAULT '1',
  `created_at` timestamp NULL DEFAULT NULL,
  `updated_at` timestamp NULL DEFAULT NULL
) ENGINE=InnoDB DEFAULT CHARSET=utf8mb4 COLLATE=utf8mb4_unicode_ci;

--
-- Dumping data for table `batches`
--

INSERT INTO `batches` (`id`, `title`, `start_date`, `status`, `created_at`, `updated_at`) VALUES
(12, 'FIRST BATCH', '2025-01-24', 1, '2025-04-24 17:51:02', '2025-06-17 23:51:00'),
(13, 'SECOND BATCH', '2025-03-24', 1, '2025-04-24 17:51:59', '2025-04-29 14:02:18'),
(14, 'THIRD BATCH', '2025-04-22', 1, '2025-04-29 14:02:35', '2025-04-29 14:02:35');

-- --------------------------------------------------------

--
-- Table structure for table `batch_program`
--

CREATE TABLE `batch_program` (
  `batch_id` int UNSIGNED NOT NULL,
  `program_id` int UNSIGNED NOT NULL
) ENGINE=InnoDB DEFAULT CHARSET=utf8mb4 COLLATE=utf8mb4_unicode_ci;

--
-- Dumping data for table `batch_program`
--

INSERT INTO `batch_program` (`batch_id`, `program_id`) VALUES
(14, 21),
(14, 32),
(14, 30),
(14, 33),
(14, 23),
(14, 35);

-- --------------------------------------------------------

--
-- Table structure for table `books`
--

CREATE TABLE `books` (
  `id` bigint UNSIGNED NOT NULL,
  `category_id` int UNSIGNED NOT NULL,
  `title` varchar(191) CHARACTER SET utf8mb4 COLLATE utf8mb4_unicode_ci NOT NULL,
  `isbn` varchar(191) CHARACTER SET utf8mb4 COLLATE utf8mb4_unicode_ci DEFAULT NULL,
  `code` varchar(191) CHARACTER SET utf8mb4 COLLATE utf8mb4_unicode_ci DEFAULT NULL,
  `author` varchar(191) CHARACTER SET utf8mb4 COLLATE utf8mb4_unicode_ci DEFAULT NULL,
  `publisher` varchar(191) CHARACTER SET utf8mb4 COLLATE utf8mb4_unicode_ci DEFAULT NULL,
  `edition` varchar(191) CHARACTER SET utf8mb4 COLLATE utf8mb4_unicode_ci DEFAULT NULL,
  `publish_year` varchar(191) CHARACTER SET utf8mb4 COLLATE utf8mb4_unicode_ci DEFAULT NULL,
  `language` varchar(191) CHARACTER SET utf8mb4 COLLATE utf8mb4_unicode_ci DEFAULT NULL,
  `price` decimal(10,2) DEFAULT NULL,
  `quantity` int DEFAULT NULL,
  `section` varchar(191) CHARACTER SET utf8mb4 COLLATE utf8mb4_unicode_ci DEFAULT NULL,
  `column` varchar(191) CHARACTER SET utf8mb4 COLLATE utf8mb4_unicode_ci DEFAULT NULL,
  `row` varchar(191) CHARACTER SET utf8mb4 COLLATE utf8mb4_unicode_ci DEFAULT NULL,
  `description` text CHARACTER SET utf8mb4 COLLATE utf8mb4_unicode_ci,
  `note` text CHARACTER SET utf8mb4 COLLATE utf8mb4_unicode_ci,
  `attach` text CHARACTER SET utf8mb4 COLLATE utf8mb4_unicode_ci,
  `status` int NOT NULL DEFAULT '1' COMMENT '0 Lost, 1 Available, 2 Damage',
  `created_by` bigint UNSIGNED DEFAULT NULL,
  `updated_by` bigint UNSIGNED DEFAULT NULL,
  `created_at` timestamp NULL DEFAULT NULL,
  `updated_at` timestamp NULL DEFAULT NULL
) ENGINE=InnoDB DEFAULT CHARSET=utf8mb4 COLLATE=utf8mb4_unicode_ci;

--
-- Dumping data for table `books`
--

INSERT INTO `books` (`id`, `category_id`, `title`, `isbn`, `code`, `author`, `publisher`, `edition`, `publish_year`, `language`, `price`, `quantity`, `section`, `column`, `row`, `description`, `note`, `attach`, `status`, `created_by`, `updated_by`, `created_at`, `updated_at`) VALUES
(1, 3, 'Corporis laboriosam', '978-3-16-148410-0', NULL, 'Devid', 'Iure quis est imped', 'Enim id voluptas del', '1970', 'English', 36.00, 132, '17', '5', '2', 'Dolor qui veritatis', 'Consectetur molestia', NULL, 1, 1, 1, '2022-10-01 12:38:52', '2022-10-27 13:26:56'),
(2, 3, 'Voluptatibus volupta', '1-56619-909-3', NULL, 'Jeff', 'Harum ad placeat es', 'Repellendus Et recu', '1978', 'English', 10.00, 702, '47', '8', '18', 'Et eiusmod animi si', 'Assumenda pariatur', 'book-cover2_1664653683.jpg', 1, 1, 1, '2022-10-01 12:41:00', '2022-10-27 13:26:39'),
(3, 1, 'Quod sed sed in in e', '978-3-16-146347-5', NULL, 'Alex', 'Tempora earum adipis', 'Eiusmod enim consequ', '1987', 'English', 14.00, 385, '7', '78', '52', 'Fuga Optio ea offi', 'In consectetur ea om', NULL, 1, 1, 1, '2022-10-01 12:45:56', '2022-10-27 13:26:28'),
(4, 4, 'Et qui aut nisi do a', '978-3-16-785410-9', NULL, 'Arman', 'Assumenda architecto', 'Ea aute excepturi eu', '1981', 'English', 10.00, 349, '78', '01', '14', 'Vel nisi ut et rem q', 'Voluptas ea suscipit', NULL, 1, 1, 1, '2022-10-01 13:07:42', '2022-10-27 13:26:11'),
(5, 2, 'A Story of Your Childhood', '1-566147-548-7', NULL, 'Saif', 'Rerum ab eum esse s', 'Dicta ut quaerat eaq', '2000', 'English', 17.00, 435, '17', '77', '47', 'Unde voluptatem ut u', 'Sequi veniam non se', NULL, 1, 1, 1, '2022-10-01 13:10:51', '2022-10-27 13:26:01'),
(6, 1, 'Et sequi sit obcaeca', '1-254147-457-9', NULL, 'Arman', 'Itaque ut in odio es', 'Eu cupidatat rem ips', '1982', 'English', 45.00, 758, '77', '14', '23', 'Quae irure aut conse', 'Numquam mollit aliqu', 'book-covers_1664653539.jpg', 1, 1, 1, '2022-10-01 13:45:39', '2022-10-27 13:25:51');

-- --------------------------------------------------------

--
-- Table structure for table `book_categories`
--

CREATE TABLE `book_categories` (
  `id` int UNSIGNED NOT NULL,
  `title` varchar(191) CHARACTER SET utf8mb4 COLLATE utf8mb4_unicode_ci NOT NULL,
  `slug` varchar(191) CHARACTER SET utf8mb4 COLLATE utf8mb4_unicode_ci NOT NULL,
  `description` text CHARACTER SET utf8mb4 COLLATE utf8mb4_unicode_ci,
  `status` tinyint(1) NOT NULL DEFAULT '1',
  `created_at` timestamp NULL DEFAULT NULL,
  `updated_at` timestamp NULL DEFAULT NULL
) ENGINE=InnoDB DEFAULT CHARSET=utf8mb4 COLLATE=utf8mb4_unicode_ci;

--
-- Dumping data for table `book_categories`
--

INSERT INTO `book_categories` (`id`, `title`, `slug`, `description`, `status`, `created_at`, `updated_at`) VALUES
(1, 'Fiction Books', 'fiction-books', NULL, 1, '2022-09-30 14:13:20', '2022-09-30 14:13:20'),
(2, 'Crime & Mystery', 'crime-mystery', NULL, 1, '2022-09-30 14:13:35', '2022-09-30 14:13:35'),
(3, 'History', 'history', NULL, 1, '2022-09-30 14:13:50', '2022-09-30 14:13:50'),
(4, 'Magazine', 'magazine', NULL, 1, '2022-09-30 14:14:12', '2022-09-30 14:14:12');

-- --------------------------------------------------------

--
-- Table structure for table `book_requests`
--

CREATE TABLE `book_requests` (
  `id` bigint UNSIGNED NOT NULL,
  `category_id` int UNSIGNED NOT NULL,
  `title` varchar(191) CHARACTER SET utf8mb4 COLLATE utf8mb4_unicode_ci NOT NULL,
  `isbn` varchar(191) CHARACTER SET utf8mb4 COLLATE utf8mb4_unicode_ci DEFAULT NULL,
  `code` varchar(191) CHARACTER SET utf8mb4 COLLATE utf8mb4_unicode_ci DEFAULT NULL,
  `author` varchar(191) CHARACTER SET utf8mb4 COLLATE utf8mb4_unicode_ci DEFAULT NULL,
  `publisher` varchar(191) CHARACTER SET utf8mb4 COLLATE utf8mb4_unicode_ci DEFAULT NULL,
  `edition` varchar(191) CHARACTER SET utf8mb4 COLLATE utf8mb4_unicode_ci DEFAULT NULL,
  `publish_year` varchar(191) CHARACTER SET utf8mb4 COLLATE utf8mb4_unicode_ci DEFAULT NULL,
  `language` varchar(191) CHARACTER SET utf8mb4 COLLATE utf8mb4_unicode_ci DEFAULT NULL,
  `price` decimal(10,2) DEFAULT NULL,
  `quantity` int DEFAULT NULL,
  `request_by` varchar(191) CHARACTER SET utf8mb4 COLLATE utf8mb4_unicode_ci DEFAULT NULL,
  `phone` varchar(191) CHARACTER SET utf8mb4 COLLATE utf8mb4_unicode_ci DEFAULT NULL,
  `email` varchar(191) CHARACTER SET utf8mb4 COLLATE utf8mb4_unicode_ci DEFAULT NULL,
  `description` text CHARACTER SET utf8mb4 COLLATE utf8mb4_unicode_ci,
  `note` text CHARACTER SET utf8mb4 COLLATE utf8mb4_unicode_ci,
  `attach` text CHARACTER SET utf8mb4 COLLATE utf8mb4_unicode_ci,
  `status` int NOT NULL DEFAULT '1' COMMENT '0 Rejected, 1 Pending, 2 Progress, 3 Approved',
  `created_by` bigint UNSIGNED DEFAULT NULL,
  `updated_by` bigint UNSIGNED DEFAULT NULL,
  `created_at` timestamp NULL DEFAULT NULL,
  `updated_at` timestamp NULL DEFAULT NULL
) ENGINE=InnoDB DEFAULT CHARSET=utf8mb4 COLLATE=utf8mb4_unicode_ci;

--
-- Dumping data for table `book_requests`
--

INSERT INTO `book_requests` (`id`, `category_id`, `title`, `isbn`, `code`, `author`, `publisher`, `edition`, `publish_year`, `language`, `price`, `quantity`, `request_by`, `phone`, `email`, `description`, `note`, `attach`, `status`, `created_by`, `updated_by`, `created_at`, `updated_at`) VALUES
(1, 1, 'Repudiandae sunt qu', NULL, NULL, 'Nostrud provident e', 'Voluptatum sit exped', 'Quia consectetur est', '1990', 'Quas et impedit vol', NULL, 421, 'Rafael Britt', '+1 (695) 757-2712', 'nunanavy@mailinator.com', 'Asperiores elit ill', 'Reprehenderit illum', NULL, 1, 1, NULL, '2023-02-13 12:11:02', '2023-02-13 12:11:02'),
(2, 2, 'Quos asperiores ut a', NULL, NULL, 'Voluptate quia dolor', 'Doloribus reprehende', 'Anim eius ratione qu', '2010', 'Dolor tenetur exerci', NULL, 324, 'Caldwell Stanton', '+1 (877) 683-7177', 'norigaruzy@mailinator.com', 'Harum dicta sint et', 'Tempor doloremque do', NULL, 1, 1, NULL, '2023-02-13 12:11:18', '2023-02-13 12:11:18');

-- --------------------------------------------------------

--
-- Table structure for table `call_to_actions`
--

CREATE TABLE `call_to_actions` (
  `id` int UNSIGNED NOT NULL,
  `language_id` int UNSIGNED NOT NULL,
  `title` varchar(191) CHARACTER SET utf8mb4 COLLATE utf8mb4_unicode_ci DEFAULT NULL,
  `sub_title` text CHARACTER SET utf8mb4 COLLATE utf8mb4_unicode_ci,
  `image` text CHARACTER SET utf8mb4 COLLATE utf8mb4_unicode_ci,
  `bg_image` text CHARACTER SET utf8mb4 COLLATE utf8mb4_unicode_ci,
  `button_text` varchar(191) CHARACTER SET utf8mb4 COLLATE utf8mb4_unicode_ci DEFAULT NULL,
  `button_link` varchar(191) CHARACTER SET utf8mb4 COLLATE utf8mb4_unicode_ci DEFAULT NULL,
  `video_id` varchar(191) CHARACTER SET utf8mb4 COLLATE utf8mb4_unicode_ci DEFAULT NULL,
  `status` tinyint(1) NOT NULL DEFAULT '1',
  `created_at` timestamp NULL DEFAULT NULL,
  `updated_at` timestamp NULL DEFAULT NULL
) ENGINE=InnoDB DEFAULT CHARSET=utf8mb4 COLLATE=utf8mb4_unicode_ci;

--
-- Dumping data for table `call_to_actions`
--

INSERT INTO `call_to_actions` (`id`, `language_id`, `title`, `sub_title`, `image`, `bg_image`, `button_text`, `button_link`, `video_id`, `status`, `created_at`, `updated_at`) VALUES
(1, 1, 'Scholarship Programs', 'At HiTech University, we prepare you to launch your career by providing a supportive, creative, and professional environment from which to learn practical skills and build a network of industry contacts.', NULL, NULL, 'Hi-Tech Parks', 'https://www.hitechparks.com/', NULL, 1, '2023-08-24 16:01:48', '2023-08-24 16:02:41');

-- --------------------------------------------------------

--
-- Table structure for table `certificates`
--

CREATE TABLE `certificates` (
  `id` bigint UNSIGNED NOT NULL,
  `template_id` int UNSIGNED NOT NULL,
  `student_id` bigint UNSIGNED NOT NULL,
  `serial_no` varchar(191) CHARACTER SET utf8mb4 COLLATE utf8mb4_unicode_ci DEFAULT NULL,
  `date` date NOT NULL,
  `starting_year` varchar(191) CHARACTER SET utf8mb4 COLLATE utf8mb4_unicode_ci DEFAULT NULL,
  `ending_year` varchar(191) CHARACTER SET utf8mb4 COLLATE utf8mb4_unicode_ci DEFAULT NULL,
  `credits` decimal(5,2) NOT NULL,
  `point` decimal(5,2) NOT NULL,
  `barcode` varchar(191) CHARACTER SET utf8mb4 COLLATE utf8mb4_unicode_ci DEFAULT NULL,
  `status` tinyint(1) NOT NULL DEFAULT '1',
  `created_at` timestamp NULL DEFAULT NULL,
  `updated_at` timestamp NULL DEFAULT NULL
) ENGINE=InnoDB DEFAULT CHARSET=utf8mb4 COLLATE=utf8mb4_unicode_ci;

--
-- Dumping data for table `certificates`
--

INSERT INTO `certificates` (`id`, `template_id`, `student_id`, `serial_no`, `date`, `starting_year`, `ending_year`, `credits`, `point`, `barcode`, `status`, `created_at`, `updated_at`) VALUES
(1, 1, 2, '100001', '2022-10-02', '2022-01-01', '2022-12-01', 10.00, 3.80, '100001', 1, '2022-10-02 16:12:54', '2022-10-04 11:06:27'),
(2, 1, 3, '100002', '2022-10-04', '2022-01-01', '2022-12-01', 10.00, 4.50, '100002', 1, '2022-10-04 11:04:35', '2022-10-04 11:05:33'),
(3, 2, 1, '100003', '2024-10-02', '2022-01-01', '2022-12-01', 10.00, 4.50, '100003', 1, '2024-10-02 08:42:35', '2024-10-02 08:42:35'),
(4, 1, 34, '100004', '2025-04-30', '2025-04-25', '2025-04-30', 0.00, 0.00, '100004', 1, '2025-04-30 13:25:24', '2025-04-30 13:25:24');

-- --------------------------------------------------------

--
-- Table structure for table `certificate_templates`
--

CREATE TABLE `certificate_templates` (
  `id` int UNSIGNED NOT NULL,
  `title` varchar(191) CHARACTER SET utf8mb4 COLLATE utf8mb4_unicode_ci NOT NULL,
  `header_left` text CHARACTER SET utf8mb4 COLLATE utf8mb4_unicode_ci,
  `header_center` text CHARACTER SET utf8mb4 COLLATE utf8mb4_unicode_ci,
  `header_right` text CHARACTER SET utf8mb4 COLLATE utf8mb4_unicode_ci,
  `body` text CHARACTER SET utf8mb4 COLLATE utf8mb4_unicode_ci,
  `footer_left` text CHARACTER SET utf8mb4 COLLATE utf8mb4_unicode_ci,
  `footer_center` text CHARACTER SET utf8mb4 COLLATE utf8mb4_unicode_ci,
  `footer_right` text CHARACTER SET utf8mb4 COLLATE utf8mb4_unicode_ci,
  `logo_left` text CHARACTER SET utf8mb4 COLLATE utf8mb4_unicode_ci,
  `logo_right` text CHARACTER SET utf8mb4 COLLATE utf8mb4_unicode_ci,
  `background` text CHARACTER SET utf8mb4 COLLATE utf8mb4_unicode_ci,
  `width` varchar(191) CHARACTER SET utf8mb4 COLLATE utf8mb4_unicode_ci NOT NULL DEFAULT 'auto',
  `height` varchar(191) CHARACTER SET utf8mb4 COLLATE utf8mb4_unicode_ci NOT NULL DEFAULT 'auto',
  `student_photo` tinyint(1) NOT NULL DEFAULT '0',
  `barcode` tinyint(1) NOT NULL DEFAULT '0',
  `status` tinyint(1) NOT NULL DEFAULT '1',
  `created_at` timestamp NULL DEFAULT NULL,
  `updated_at` timestamp NULL DEFAULT NULL
) ENGINE=InnoDB DEFAULT CHARSET=utf8mb4 COLLATE=utf8mb4_unicode_ci;

--
-- Dumping data for table `certificate_templates`
--

INSERT INTO `certificate_templates` (`id`, `title`, `header_left`, `header_center`, `header_right`, `body`, `footer_left`, `footer_center`, `footer_right`, `logo_left`, `logo_right`, `background`, `width`, `height`, `student_photo`, `barcode`, `status`, `created_at`, `updated_at`) VALUES
(1, 'Provisional Certificate', NULL, NULL, NULL, 'This is to certify that  [first_name] [last_name] son / daughter of  [father_name] and [mother_name] passed [program] degree under [faculty] examination of the university held in [ending_year]. And that he/she was placed [cgpa] with grade of [grade]. \r\n\r\nHe/She completed the course of  [credits] credits and all of the requirements for the award of the Bachelor\'s degree.', 'Controller', 'Director', 'Register', 'logo_1664614758.jpg', NULL, 'background-border_1664614748.png', '800px', 'auto', 1, 1, 1, '2022-10-01 02:56:19', '2022-10-02 16:11:17'),
(2, 'Transfer Certificate', NULL, NULL, NULL, 'This is to certify that  [first_name] [last_name] son / daughter of  [father_name] and [mother_name] passed [program] degree under [faculty] examination of the university held in [ending_year]. And that he/she was placed [cgpa] with grade of [grade]. \r\n\r\nHe/She completed the course of  [credits] credits and all of the requirements for the award of the Bachelor\'s degree.', 'Controller', 'Director', 'Register', 'logo_1664614963.jpg', NULL, '206624_1727879809.jpg', '800px', 'auto', 1, 0, 1, '2022-10-01 03:02:43', '2024-10-02 08:36:50');

-- --------------------------------------------------------

--
-- Table structure for table `class_rooms`
--

CREATE TABLE `class_rooms` (
  `id` int UNSIGNED NOT NULL,
  `title` varchar(191) CHARACTER SET utf8mb4 COLLATE utf8mb4_unicode_ci NOT NULL,
  `slug` varchar(191) CHARACTER SET utf8mb4 COLLATE utf8mb4_unicode_ci NOT NULL,
  `floor` varchar(191) CHARACTER SET utf8mb4 COLLATE utf8mb4_unicode_ci DEFAULT NULL,
  `capacity` varchar(191) CHARACTER SET utf8mb4 COLLATE utf8mb4_unicode_ci DEFAULT NULL,
  `type` varchar(191) CHARACTER SET utf8mb4 COLLATE utf8mb4_unicode_ci DEFAULT NULL,
  `description` text CHARACTER SET utf8mb4 COLLATE utf8mb4_unicode_ci,
  `status` tinyint(1) NOT NULL DEFAULT '1',
  `created_at` timestamp NULL DEFAULT NULL,
  `updated_at` timestamp NULL DEFAULT NULL
) ENGINE=InnoDB DEFAULT CHARSET=utf8mb4 COLLATE=utf8mb4_unicode_ci;

--
-- Dumping data for table `class_rooms`
--

INSERT INTO `class_rooms` (`id`, `title`, `slug`, `floor`, `capacity`, `type`, `description`, `status`, `created_at`, `updated_at`) VALUES
(1, '201A', '201a', '2nd Floor', '60', 'Theory', NULL, 1, '2022-09-30 13:32:31', '2025-04-24 16:34:31'),
(2, '202B', '202b', '2nd Floor', '60', 'Theory', NULL, 1, '2022-09-30 13:33:11', '2025-04-24 16:34:42'),
(3, '305A', '305a', '3rd Floor', '40', 'Lab', NULL, 1, '2022-09-30 13:34:10', '2022-09-30 13:34:10'),
(4, '306A', '306a', '3rd Floor', '60', 'Lab', NULL, 1, '2022-09-30 13:34:27', '2022-09-30 13:34:59'),
(5, '205B', '205b', '2nd Floor', '60', 'Theory', NULL, 1, '2022-10-01 04:46:18', '2025-04-24 16:34:52');

-- --------------------------------------------------------

--
-- Table structure for table `class_routines`
--

CREATE TABLE `class_routines` (
  `id` int UNSIGNED NOT NULL,
  `teacher_id` bigint UNSIGNED NOT NULL,
  `subject_id` bigint UNSIGNED NOT NULL,
  `room_id` int UNSIGNED NOT NULL,
  `session_id` int UNSIGNED NOT NULL,
  `program_id` int UNSIGNED NOT NULL,
  `semester_id` int UNSIGNED NOT NULL,
  `section_id` int UNSIGNED NOT NULL,
  `start_time` time NOT NULL,
  `end_time` time NOT NULL,
  `day` int NOT NULL,
  `status` tinyint(1) NOT NULL DEFAULT '1',
  `created_at` timestamp NULL DEFAULT NULL,
  `updated_at` timestamp NULL DEFAULT NULL
) ENGINE=InnoDB DEFAULT CHARSET=utf8mb4 COLLATE=utf8mb4_unicode_ci;

--
-- Dumping data for table `class_routines`
--

INSERT INTO `class_routines` (`id`, `teacher_id`, `subject_id`, `room_id`, `session_id`, `program_id`, `semester_id`, `section_id`, `start_time`, `end_time`, `day`, `status`, `created_at`, `updated_at`) VALUES
(45, 2, 8, 1, 5, 23, 1, 7, '21:59:00', '12:59:00', 1, 1, '2026-03-28 19:29:35', '2026-03-28 19:29:35');

-- --------------------------------------------------------

--
-- Table structure for table `college_metric_mapping`
--

CREATE TABLE `college_metric_mapping` (
  `id` int NOT NULL,
  `university_id` int DEFAULT NULL,
  `criteria_id` int DEFAULT NULL,
  `key_indicator_id` int DEFAULT NULL,
  `metric_id` int DEFAULT NULL,
  `is_enabled` tinyint NOT NULL DEFAULT '1',
  `created_at` timestamp NULL DEFAULT NULL,
  `updated_at` timestamp NULL DEFAULT NULL
) ENGINE=InnoDB DEFAULT CHARSET=latin1;

--
-- Dumping data for table `college_metric_mapping`
--

INSERT INTO `college_metric_mapping` (`id`, `university_id`, `criteria_id`, `key_indicator_id`, `metric_id`, `is_enabled`, `created_at`, `updated_at`) VALUES
(1, 7, 1, 9, 1, 1, NULL, NULL),
(2, 7, 1, 10, 2, 1, NULL, NULL),
(3, 7, 1, 11, 3, 1, NULL, NULL),
(4, 7, 1, 12, 4, 1, NULL, NULL),
(5, 3, 1, 9, 1, 1, NULL, NULL),
(6, 3, 1, 10, 2, 0, NULL, NULL),
(7, 3, 1, 11, 3, 1, NULL, NULL),
(8, 4, 1, 9, 1, 1, NULL, NULL),
(9, 4, 1, 10, 2, 1, NULL, NULL),
(10, 4, 1, 12, 4, 1, NULL, NULL),
(11, 5, 1, 9, 1, 1, NULL, NULL),
(12, 5, 1, 10, 2, 1, NULL, NULL),
(13, 5, 1, 11, 3, 1, NULL, NULL),
(14, 6, 1, 9, 1, 1, NULL, NULL),
(15, 6, 1, 10, 2, 1, NULL, NULL),
(16, 6, 1, 11, 3, 1, NULL, NULL),
(17, 6, 1, 12, 4, 1, NULL, NULL);

-- --------------------------------------------------------

--
-- Table structure for table `complains`
--

CREATE TABLE `complains` (
  `id` bigint UNSIGNED NOT NULL,
  `type_id` int UNSIGNED NOT NULL,
  `source_id` int UNSIGNED DEFAULT NULL,
  `name` varchar(191) CHARACTER SET utf8mb4 COLLATE utf8mb4_unicode_ci NOT NULL,
  `father_name` varchar(191) CHARACTER SET utf8mb4 COLLATE utf8mb4_unicode_ci DEFAULT NULL,
  `phone` varchar(191) CHARACTER SET utf8mb4 COLLATE utf8mb4_unicode_ci DEFAULT NULL,
  `email` varchar(191) CHARACTER SET utf8mb4 COLLATE utf8mb4_unicode_ci DEFAULT NULL,
  `date` date NOT NULL,
  `action_taken` text CHARACTER SET utf8mb4 COLLATE utf8mb4_unicode_ci,
  `assigned` varchar(191) CHARACTER SET utf8mb4 COLLATE utf8mb4_unicode_ci DEFAULT NULL,
  `issue` text CHARACTER SET utf8mb4 COLLATE utf8mb4_unicode_ci,
  `note` text CHARACTER SET utf8mb4 COLLATE utf8mb4_unicode_ci,
  `attach` text CHARACTER SET utf8mb4 COLLATE utf8mb4_unicode_ci,
  `status` tinyint(1) NOT NULL DEFAULT '1',
  `created_by` bigint UNSIGNED DEFAULT NULL,
  `updated_by` bigint UNSIGNED DEFAULT NULL,
  `created_at` timestamp NULL DEFAULT NULL,
  `updated_at` timestamp NULL DEFAULT NULL
) ENGINE=InnoDB DEFAULT CHARSET=utf8mb4 COLLATE=utf8mb4_unicode_ci;

--
-- Dumping data for table `complains`
--

INSERT INTO `complains` (`id`, `type_id`, `source_id`, `name`, `father_name`, `phone`, `email`, `date`, `action_taken`, `assigned`, `issue`, `note`, `attach`, `status`, `created_by`, `updated_by`, `created_at`, `updated_at`) VALUES
(1, 7, 2, 'Alika Lucas', 'Velma Flores', '+1 (919) 213-5151', 'firutesygi@mailinator.com', '2021-02-13', 'Ordered', 'Liz', 'Amet velit accusant', 'Fuga Aliqua Molest', NULL, 1, 1, 1, '2022-10-01 12:29:41', '2022-10-27 13:29:43'),
(2, 9, 3, 'Beverly Rich', 'Alyssa Pitts', '+1 (904) 655-2551', 'cidynyb@mailinator.com', '2020-08-02', 'Solved', 'Saif', 'Commodo corporis ips', 'Ullamco cupidatat qu', 'book-cover2_1664656121.jpg', 1, 1, 1, '2022-10-01 12:30:16', '2022-10-27 13:29:18'),
(3, 3, 1, 'Constance Stephens', 'Colorado Knight', '+1 (842) 238-6678', 'vavomul@mailinator.com', '2022-06-22', 'Suspend', '8', 'Eligendi totam quis', 'Quia est ut amet vo', NULL, 0, 1, 1, '2022-10-01 12:30:38', '2023-02-13 12:27:14'),
(4, 5, 2, 'Ezekiel Hooper', 'Mollie Browning', '+1 (859) 183-6191', 'furus@mailinator.com', '2020-03-23', 'Change', 'Alex', 'Iusto laboris ipsa', 'Delectus ex accusam', NULL, 1, 1, 1, '2022-10-01 12:31:10', '2022-10-27 13:28:34'),
(5, 9, 1, 'Kaden Reyes', 'Ruth Petty', '+1 (293) 256-2963', 'tabyxuge@mailinator.com', '2020-02-03', 'Solved', 'Andre', 'Saepe rerum nulla co', 'Aut sunt sunt ea qua', 'book-covers_1664656151.jpg', 1, 1, 1, '2022-10-01 12:31:21', '2022-10-27 13:28:21'),
(6, 5, 3, 'Barry Hull', 'Travis Fuller', '+1 (561) 218-6774', 'weripazu@mailinator.com', '2022-12-03', NULL, '9', 'Perferendis necessit', 'Autem quibusdam aut', NULL, 0, 1, 1, '2023-02-13 12:27:46', '2023-08-25 07:33:40'),
(7, 3, 3, 'Yuri Prince', 'Winifred Key', '+1 (419) 319-4835', 'hufomyc@mailinator.com', '2023-08-17', 'On Going', '9', 'Distinctio Id volu', 'Autem dolorum aut et', NULL, 1, 1, 1, '2023-08-25 07:29:47', '2023-08-25 07:33:13'),
(8, 6, 2, 'Nina Sweet', 'Suki Compton', '+1 (149) 229-1336', 'muxasi@mailinator.com', '2023-07-30', 'Solved', '9', 'Perferendis at amet', 'Velit laudantium ip', NULL, 3, 1, 1, '2023-08-25 07:30:22', '2023-08-25 07:33:37');

-- --------------------------------------------------------

--
-- Table structure for table `complain_sources`
--

CREATE TABLE `complain_sources` (
  `id` int UNSIGNED NOT NULL,
  `title` varchar(191) CHARACTER SET utf8mb4 COLLATE utf8mb4_unicode_ci NOT NULL,
  `slug` varchar(191) CHARACTER SET utf8mb4 COLLATE utf8mb4_unicode_ci NOT NULL,
  `description` text CHARACTER SET utf8mb4 COLLATE utf8mb4_unicode_ci,
  `status` tinyint(1) NOT NULL DEFAULT '1',
  `created_at` timestamp NULL DEFAULT NULL,
  `updated_at` timestamp NULL DEFAULT NULL
) ENGINE=InnoDB DEFAULT CHARSET=utf8mb4 COLLATE=utf8mb4_unicode_ci;

--
-- Dumping data for table `complain_sources`
--

INSERT INTO `complain_sources` (`id`, `title`, `slug`, `description`, `status`, `created_at`, `updated_at`) VALUES
(1, 'Staff', 'staff', NULL, 1, '2022-10-01 03:56:33', '2022-10-01 03:56:33'),
(2, 'Student', 'student', NULL, 1, '2022-10-01 03:56:40', '2022-10-01 03:56:40'),
(3, 'Parent', 'parent', NULL, 1, '2022-10-01 03:56:47', '2022-10-01 03:56:47'),
(4, 'Teacher', 'teacher', NULL, 1, '2022-10-01 03:56:58', '2022-10-01 03:56:58');

-- --------------------------------------------------------

--
-- Table structure for table `complain_types`
--

CREATE TABLE `complain_types` (
  `id` int UNSIGNED NOT NULL,
  `title` varchar(191) CHARACTER SET utf8mb4 COLLATE utf8mb4_unicode_ci NOT NULL,
  `slug` varchar(191) CHARACTER SET utf8mb4 COLLATE utf8mb4_unicode_ci NOT NULL,
  `description` text CHARACTER SET utf8mb4 COLLATE utf8mb4_unicode_ci,
  `status` tinyint(1) NOT NULL DEFAULT '1',
  `created_at` timestamp NULL DEFAULT NULL,
  `updated_at` timestamp NULL DEFAULT NULL
) ENGINE=InnoDB DEFAULT CHARSET=utf8mb4 COLLATE=utf8mb4_unicode_ci;

--
-- Dumping data for table `complain_types`
--

INSERT INTO `complain_types` (`id`, `title`, `slug`, `description`, `status`, `created_at`, `updated_at`) VALUES
(1, 'Fees', 'fees', NULL, 1, '2022-10-01 03:53:14', '2022-10-01 03:53:14'),
(2, 'Study', 'study', NULL, 1, '2022-10-01 03:53:29', '2022-10-01 03:53:29'),
(3, 'Teacher', 'teacher', NULL, 1, '2022-10-01 03:53:37', '2022-10-01 03:53:37'),
(4, 'Sports', 'sports', NULL, 1, '2022-10-01 03:53:42', '2022-10-01 03:53:42'),
(5, 'Transport', 'transport', NULL, 1, '2022-10-01 03:53:51', '2022-10-01 03:53:51'),
(6, 'Hostel', 'hostel', NULL, 1, '2022-10-01 03:54:00', '2022-10-01 03:54:00'),
(7, 'Instrument', 'instrument', NULL, 1, '2022-10-01 03:54:55', '2022-10-01 03:54:55'),
(8, 'Exam', 'exam', NULL, 1, '2022-10-01 03:55:27', '2022-10-01 03:55:27'),
(9, 'Library', 'library', NULL, 1, '2022-10-01 03:55:41', '2022-10-01 03:55:41');

-- --------------------------------------------------------

--
-- Table structure for table `contentables`
--

CREATE TABLE `contentables` (
  `content_id` bigint NOT NULL,
  `contentable_id` bigint NOT NULL,
  `contentable_type` varchar(191) CHARACTER SET utf8mb4 COLLATE utf8mb4_unicode_ci NOT NULL
) ENGINE=InnoDB DEFAULT CHARSET=utf8mb4 COLLATE=utf8mb4_unicode_ci;

--
-- Dumping data for table `contentables`
--

INSERT INTO `contentables` (`content_id`, `contentable_id`, `contentable_type`) VALUES
(1, 8, 'App\\Models\\Student'),
(1, 7, 'App\\Models\\Student'),
(3, 14, 'App\\Models\\Student'),
(3, 12, 'App\\Models\\Student'),
(3, 11, 'App\\Models\\Student'),
(3, 10, 'App\\Models\\Student');

-- --------------------------------------------------------

--
-- Table structure for table `contents`
--

CREATE TABLE `contents` (
  `id` bigint UNSIGNED NOT NULL,
  `faculty_id` int UNSIGNED DEFAULT NULL,
  `program_id` int UNSIGNED DEFAULT NULL,
  `session_id` int UNSIGNED DEFAULT NULL,
  `semester_id` int UNSIGNED DEFAULT NULL,
  `section_id` int UNSIGNED DEFAULT NULL,
  `type_id` int UNSIGNED NOT NULL,
  `title` varchar(191) CHARACTER SET utf8mb4 COLLATE utf8mb4_unicode_ci NOT NULL,
  `description` text CHARACTER SET utf8mb4 COLLATE utf8mb4_unicode_ci,
  `date` date NOT NULL,
  `url` text CHARACTER SET utf8mb4 COLLATE utf8mb4_unicode_ci,
  `attach` text CHARACTER SET utf8mb4 COLLATE utf8mb4_unicode_ci,
  `status` tinyint(1) NOT NULL DEFAULT '1',
  `created_by` bigint UNSIGNED DEFAULT NULL,
  `updated_by` bigint UNSIGNED DEFAULT NULL,
  `created_at` timestamp NULL DEFAULT NULL,
  `updated_at` timestamp NULL DEFAULT NULL
) ENGINE=InnoDB DEFAULT CHARSET=utf8mb4 COLLATE=utf8mb4_unicode_ci;

--
-- Dumping data for table `contents`
--

INSERT INTO `contents` (`id`, `faculty_id`, `program_id`, `session_id`, `semester_id`, `section_id`, `type_id`, `title`, `description`, `date`, `url`, `attach`, `status`, `created_by`, `updated_by`, `created_at`, `updated_at`) VALUES
(1, 2, 2, 4, 1, 1, 2, 'Optical Physics 1st Class', NULL, '2022-10-03', NULL, 'book-covers_1664802778.jpg', 1, 1, NULL, '2022-10-03 07:12:58', '2022-10-03 07:12:58'),
(2, 2, 3, 4, 1, 0, 1, 'Full Syllabus 2022', '<p>It is a long established fact that a reader will be distracted by the readable content of a page when looking at its layout. The point of using Lorem Ipsum is that it has a more-or-less normal distribution of letters, as opposed to using \'Content here, content here\', making it look like readable English. Many desktop publishing packages and web page editors now use Lorem Ipsum as their default model text, and a search for \'lorem ipsum\' will uncover many web sites still in their infancy. Various versions have evolved over the years, sometimes by accident, sometimes on purpose</p>', '2022-10-03', NULL, 'book-cover2_1664802896.jpg', 1, 1, 1, '2022-10-03 07:14:56', '2022-10-03 14:56:00'),
(3, 2, 3, 4, 1, 0, 2, '2nd Class Of English', NULL, '2022-10-04', NULL, 'Provisional Certificate-100001_1664888967.pdf', 1, 1, NULL, '2022-10-04 07:09:27', '2022-10-04 07:09:27');

-- --------------------------------------------------------

--
-- Table structure for table `content_types`
--

CREATE TABLE `content_types` (
  `id` int UNSIGNED NOT NULL,
  `title` varchar(191) CHARACTER SET utf8mb4 COLLATE utf8mb4_unicode_ci NOT NULL,
  `slug` varchar(191) CHARACTER SET utf8mb4 COLLATE utf8mb4_unicode_ci NOT NULL,
  `description` text CHARACTER SET utf8mb4 COLLATE utf8mb4_unicode_ci,
  `status` tinyint(1) NOT NULL DEFAULT '1',
  `created_at` timestamp NULL DEFAULT NULL,
  `updated_at` timestamp NULL DEFAULT NULL
) ENGINE=InnoDB DEFAULT CHARSET=utf8mb4 COLLATE=utf8mb4_unicode_ci;

--
-- Dumping data for table `content_types`
--

INSERT INTO `content_types` (`id`, `title`, `slug`, `description`, `status`, `created_at`, `updated_at`) VALUES
(1, 'Syllabus', 'syllabus', NULL, 1, '2022-09-30 13:55:02', '2022-09-30 13:55:02'),
(2, 'Lecture Sheet', 'lecture-sheet', NULL, 1, '2022-09-30 13:55:07', '2022-09-30 13:55:07');

-- --------------------------------------------------------

--
-- Table structure for table `courses`
--

CREATE TABLE `courses` (
  `id` int UNSIGNED NOT NULL,
  `language_id` int UNSIGNED NOT NULL,
  `title` varchar(191) CHARACTER SET utf8mb4 COLLATE utf8mb4_unicode_ci NOT NULL,
  `slug` varchar(191) CHARACTER SET utf8mb4 COLLATE utf8mb4_unicode_ci NOT NULL,
  `faculty` varchar(191) CHARACTER SET utf8mb4 COLLATE utf8mb4_unicode_ci DEFAULT NULL,
  `semesters` varchar(191) CHARACTER SET utf8mb4 COLLATE utf8mb4_unicode_ci DEFAULT NULL,
  `credits` varchar(191) CHARACTER SET utf8mb4 COLLATE utf8mb4_unicode_ci DEFAULT NULL,
  `courses` varchar(191) CHARACTER SET utf8mb4 COLLATE utf8mb4_unicode_ci DEFAULT NULL,
  `duration` varchar(191) CHARACTER SET utf8mb4 COLLATE utf8mb4_unicode_ci DEFAULT NULL,
  `fee` double(10,2) DEFAULT NULL,
  `description` longtext CHARACTER SET utf8mb4 COLLATE utf8mb4_unicode_ci,
  `attach` text CHARACTER SET utf8mb4 COLLATE utf8mb4_unicode_ci,
  `status` tinyint(1) NOT NULL DEFAULT '1',
  `created_at` timestamp NULL DEFAULT NULL,
  `updated_at` timestamp NULL DEFAULT NULL
) ENGINE=InnoDB DEFAULT CHARSET=utf8mb4 COLLATE=utf8mb4_unicode_ci;

--
-- Dumping data for table `courses`
--

INSERT INTO `courses` (`id`, `language_id`, `title`, `slug`, `faculty`, `semesters`, `credits`, `courses`, `duration`, `fee`, `description`, `attach`, `status`, `created_at`, `updated_at`) VALUES
(1, 1, 'Public Administration', 'public-administration', 'Political Science', '12', '134', '60', '4 Years', 1250.00, '<p>Lorem ipsum is simply free text used by copytyping refreshing. Neque porro est qui dolorem ipsum quia quaed inventore veritatis et quasi architecto beatae vitae dicta sunt explicabo. Aelltes port lacus quis enim var sed efficitur turpis gilla sed sit amet finibus eros. Lorem Ipsum is simply dummy text of the printing.</p>\r\n<p>The world of search engine optimization is complex and ever-changing, but you can easily understand the basics, and even a small amount of SEO knowledge can make a big difference. Free SEO education is also widely available on the web, including in guides like this! (Woohoo!) This guide is designed to describe all major aspects of SEO, from finding the terms and phrases (keywords) that can generate qualified traffic to your website, to making your site friendly to search engines, to building links and marketing the unique value of your site.Etiam pharetra erat sed fermentum feugiat velit mauris egestas quam ut erat justo.</p>\r\n<h4>What You Will Learn</h4>\r\n<p>Fusce eleifend donec sapien sed phase lusa pellentesque lacus.Vivamus lorem arcu semper duiac. Cras ornare arcu avamus nda leo Etiam ind arcu. Morbi justo mauris tempus pharetra interdum at congue semper purus. Lorem ipsum dolor sit.The world of search engine optimization is complex and ever-changing, but you can easily understand the basics.</p>\r\n<p>Lorem ipsum is simply free text used by copytyping refreshing. Neque porro est qui dolorem ipsum quia quaed inventore veritatis et quasi architecto beatae vitae dicta sunt explicabo. Aelltes port lacus quis enim var sed efficitur turpis gilla sed sit amet finibus eros. Lorem Ipsum is simply dummy text of the printing.</p>\r\n<p>&nbsp;</p>', 'couress_img_3_1692962811.jpg', 1, '2023-08-25 05:22:05', '2023-08-25 05:26:51'),
(2, 1, 'Computer Engineering', 'computer-engineering', 'Engineering', '12', '127', '66', '4 Years', 6520.00, '<p>Lorem ipsum is simply free text used by copytyping refreshing. Neque porro est qui dolorem ipsum quia quaed inventore veritatis et quasi architecto beatae vitae dicta sunt explicabo. Aelltes port lacus quis enim var sed efficitur turpis gilla sed sit amet finibus eros. Lorem Ipsum is simply dummy text of the printing.</p>\r\n<p>The world of search engine optimization is complex and ever-changing, but you can easily understand the basics, and even a small amount of SEO knowledge can make a big difference. Free SEO education is also widely available on the web, including in guides like this! (Woohoo!) This guide is designed to describe all major aspects of SEO, from finding the terms and phrases (keywords) that can generate qualified traffic to your website, to making your site friendly to search engines, to building links and marketing the unique value of your site.Etiam pharetra erat sed fermentum feugiat velit mauris egestas quam ut erat justo.</p>\r\n<h4>What You Will Learn</h4>\r\n<p>Fusce eleifend donec sapien sed phase lusa pellentesque lacus.Vivamus lorem arcu semper duiac. Cras ornare arcu avamus nda leo Etiam ind arcu. Morbi justo mauris tempus pharetra interdum at congue semper purus. Lorem ipsum dolor sit.The world of search engine optimization is complex and ever-changing, but you can easily understand the basics.</p>\r\n<p>Lorem ipsum is simply free text used by copytyping refreshing. Neque porro est qui dolorem ipsum quia quaed inventore veritatis et quasi architecto beatae vitae dicta sunt explicabo. Aelltes port lacus quis enim var sed efficitur turpis gilla sed sit amet finibus eros. Lorem Ipsum is simply dummy text of the printing.</p>\r\n<p>&nbsp;</p>', 'couress_img_2_1692962832.jpg', 1, '2023-08-25 05:24:10', '2023-08-25 05:27:12'),
(3, 1, 'Fine Arts and Design', 'fine-arts-and-design', 'Humanities', '8', '115', '55', '4 Years', 4210.00, '<p>Lorem ipsum is simply free text used by copytyping refreshing. Neque porro est qui dolorem ipsum quia quaed inventore veritatis et quasi architecto beatae vitae dicta sunt explicabo. Aelltes port lacus quis enim var sed efficitur turpis gilla sed sit amet finibus eros. Lorem Ipsum is simply dummy text of the printing.</p>\r\n<p>The world of search engine optimization is complex and ever-changing, but you can easily understand the basics, and even a small amount of SEO knowledge can make a big difference. Free SEO education is also widely available on the web, including in guides like this! (Woohoo!) This guide is designed to describe all major aspects of SEO, from finding the terms and phrases (keywords) that can generate qualified traffic to your website, to making your site friendly to search engines, to building links and marketing the unique value of your site.Etiam pharetra erat sed fermentum feugiat velit mauris egestas quam ut erat justo.</p>\r\n<h4>What You Will Learn</h4>\r\n<p>Fusce eleifend donec sapien sed phase lusa pellentesque lacus.Vivamus lorem arcu semper duiac. Cras ornare arcu avamus nda leo Etiam ind arcu. Morbi justo mauris tempus pharetra interdum at congue semper purus. Lorem ipsum dolor sit.The world of search engine optimization is complex and ever-changing, but you can easily understand the basics.</p>\r\n<p>Lorem ipsum is simply free text used by copytyping refreshing. Neque porro est qui dolorem ipsum quia quaed inventore veritatis et quasi architecto beatae vitae dicta sunt explicabo. Aelltes port lacus quis enim var sed efficitur turpis gilla sed sit amet finibus eros. Lorem Ipsum is simply dummy text of the printing.</p>\r\n<p>&nbsp;</p>', 'couress_img_4_1692962782.jpg', 1, '2023-08-25 05:26:23', '2023-08-25 05:26:23');

-- --------------------------------------------------------

--
-- Table structure for table `criteria_master`
--

CREATE TABLE `criteria_master` (
  `id` bigint UNSIGNED NOT NULL,
  `criteria_name` varchar(255) NOT NULL,
  `created_at` datetime DEFAULT NULL,
  `updated_at` datetime DEFAULT NULL
) ENGINE=InnoDB DEFAULT CHARSET=latin1;

--
-- Dumping data for table `criteria_master`
--

INSERT INTO `criteria_master` (`id`, `criteria_name`, `created_at`, `updated_at`) VALUES
(1, 'Curricular Aspects', NULL, NULL),
(2, 'Teaching-Learning and Evaluation', NULL, NULL),
(3, 'Research, Innovations, and Extension', NULL, NULL),
(4, 'Infrastructure and Learning Resources', '2025-09-08 05:29:10', '2025-09-08 05:29:10'),
(5, 'Student Support and Progression', '2025-09-08 05:29:42', '2025-09-08 05:29:42'),
(6, 'Governance, Leadership and Management', '2025-09-08 05:30:04', '2025-09-08 05:30:04'),
(7, 'Institutional Values and Best Practices', '2025-09-08 05:30:17', '2025-09-08 05:30:17'),
(10, 'Student Support and Progression', '2025-09-10 04:46:36', '2025-09-10 04:46:36');

-- --------------------------------------------------------

--
-- Table structure for table `criterion1`
--

CREATE TABLE `criterion1` (
  `id` bigint UNSIGNED NOT NULL,
  `university_id` bigint UNSIGNED DEFAULT NULL,
  `college_name` varchar(191) COLLATE utf8mb4_unicode_ci DEFAULT NULL,
  `submitted_by` varchar(191) COLLATE utf8mb4_unicode_ci DEFAULT NULL,
  `data` longtext COLLATE utf8mb4_unicode_ci,
  `created_at` timestamp NULL DEFAULT NULL,
  `updated_at` timestamp NULL DEFAULT NULL
) ENGINE=InnoDB DEFAULT CHARSET=utf8mb4 COLLATE=utf8mb4_unicode_ci;

--
-- Dumping data for table `criterion1`
--

INSERT INTO `criterion1` (`id`, `university_id`, `college_name`, `submitted_by`, `data`, `created_at`, `updated_at`) VALUES
(1, 3, 'AIET', 'system-seeder', '{\"curriculum_description\":\"Sample Criterion 1 response for AIET\",\"response_1_1_2\":\"Sample employability and curriculum revision note.\"}', '2026-04-13 04:49:40', '2026-04-13 04:49:40'),
(2, 4, 'NIT', 'system-seeder', '{\"curriculum_description\":\"Sample Criterion 1 response for NIT\",\"response_1_1_2\":\"Sample employability and curriculum revision note.\"}', '2026-04-13 04:49:40', '2026-04-13 04:49:40'),
(3, 5, 'GIET', 'system-seeder', '{\"curriculum_description\":\"Sample Criterion 1 response for GIET\",\"response_1_1_2\":\"Sample employability and curriculum revision note.\"}', '2026-04-13 04:49:40', '2026-04-13 04:49:40'),
(4, 6, 'KIIT', 'system-seeder', '{\"curriculum_description\":\"Sample Criterion 1 response for KIIT\",\"response_1_1_2\":\"Sample employability and curriculum revision note.\"}', '2026-04-13 04:49:40', '2026-04-13 04:49:40'),
(5, 7, 'BANKI AUTONOMOUS COLLEGE', 'system-seeder', '{\"curriculum_description\":\"Sample Criterion 1 response for BANKI AUTONOMOUS COLLEGE\",\"response_1_1_2\":\"Sample employability and curriculum revision note.\"}', '2026-04-13 04:49:40', '2026-04-13 04:49:40'),
(6, 8, 'Dhenkanal Autonomous College', 'system-seeder', '{\"curriculum_description\":\"Sample Criterion 1 response for Dhenkanal Autonomous College\",\"response_1_1_2\":\"Sample employability and curriculum revision note.\"}', '2026-04-13 04:49:40', '2026-04-13 04:49:40'),
(7, 9, 'Salipur Autonomous College', 'system-seeder', '{\"curriculum_description\":\"Sample Criterion 1 response for Salipur Autonomous College\",\"response_1_1_2\":\"Sample employability and curriculum revision note.\"}', '2026-04-13 04:49:40', '2026-04-13 04:49:40');

-- --------------------------------------------------------

--
-- Table structure for table `criterion5`
--

CREATE TABLE `criterion5` (
  `id` int NOT NULL,
  `response_5_1_1` varchar(400) NOT NULL,
  `5_1_1_1_student_years` varchar(400) NOT NULL,
  `5_1_1_1_student_numbers` varchar(400) NOT NULL,
  `5_1_1_1_file_descriptions` varchar(1000) NOT NULL,
  `5_1_1_1_upload_documents` varchar(1000) NOT NULL,
  `response_5_1_2` text NOT NULL,
  `document_5_1_2` varchar(500) NOT NULL,
  `response_5_1_3` varchar(500) NOT NULL,
  `5_1_3_file_descriptions` varchar(1000) NOT NULL,
  `5_1_3_upload_documents` varchar(1000) NOT NULL,
  `response_5_1_4` varchar(500) NOT NULL,
  `5_1_4_file_descriptions` varchar(1000) NOT NULL,
  `5_1_4_upload_documents` varchar(1000) NOT NULL,
  `response_5_2_1` varchar(500) NOT NULL,
  `5_2_1_1_scholarship_years` varchar(1000) NOT NULL,
  `5_2_1_1_student_numbers` varchar(1000) NOT NULL,
  `5_2_1_1_file_descriptions` varchar(1000) NOT NULL,
  `5_2_1_1_upload_documents` varchar(1000) NOT NULL,
  `response_5_2_2` varchar(500) NOT NULL,
  `5_2_2_1_scholarship_years` varchar(1000) NOT NULL,
  `5_2_2_1_student_numbers` varchar(1000) NOT NULL,
  `5_2_2_1_file_descriptions` varchar(1000) NOT NULL,
  `5_2_2_1_upload_documents` varchar(1000) NOT NULL,
  `response_5_3_1` varchar(500) NOT NULL,
  `5_3_1_scholarship_years` varchar(1000) NOT NULL,
  `5_3_1_student_numbers` varchar(1000) NOT NULL,
  `5_3_1_file_descriptions` varchar(1000) NOT NULL,
  `5_3_1_upload_documents` varchar(1000) NOT NULL,
  `response_5_3_2` text NOT NULL,
  `5_3_2_file_descriptions` varchar(1000) NOT NULL,
  `5_3_2_upload_documents` varchar(1000) NOT NULL,
  `response_5_3_3` varchar(500) NOT NULL,
  `document_5_3_3` varchar(500) NOT NULL,
  `response_5_4_1` varchar(500) NOT NULL,
  `5_4_1_1_scholarship_years` varchar(1000) NOT NULL,
  `5_4_1_1_student_numbers` varchar(1000) NOT NULL,
  `5_4_1_1_file_descriptions` varchar(1000) NOT NULL,
  `5_4_1_1_upload_documents` varchar(1000) NOT NULL,
  `response_5_4_2` text NOT NULL,
  `5_4_2_file_descriptions` varchar(1000) NOT NULL,
  `5_4_2_upload_documents` varchar(1000) NOT NULL
) ENGINE=InnoDB DEFAULT CHARSET=latin1;

-- --------------------------------------------------------

--
-- Table structure for table `departments`
--

CREATE TABLE `departments` (
  `id` int UNSIGNED NOT NULL,
  `title` varchar(191) CHARACTER SET utf8mb4 COLLATE utf8mb4_unicode_ci NOT NULL,
  `slug` varchar(191) CHARACTER SET utf8mb4 COLLATE utf8mb4_unicode_ci NOT NULL,
  `description` text CHARACTER SET utf8mb4 COLLATE utf8mb4_unicode_ci,
  `status` tinyint(1) NOT NULL DEFAULT '1',
  `created_at` timestamp NULL DEFAULT NULL,
  `updated_at` timestamp NULL DEFAULT NULL
) ENGINE=InnoDB DEFAULT CHARSET=utf8mb4 COLLATE=utf8mb4_unicode_ci;

--
-- Dumping data for table `departments`
--

INSERT INTO `departments` (`id`, `title`, `slug`, `description`, `status`, `created_at`, `updated_at`) VALUES
(1, 'Admission', 'admission', NULL, 1, '2022-09-30 14:02:55', '2022-09-30 14:02:55'),
(2, 'Finance', 'finance', NULL, 1, '2022-09-30 14:03:04', '2022-10-01 04:16:23'),
(3, 'Library', 'library', NULL, 1, '2022-09-30 14:03:14', '2022-09-30 14:03:14'),
(4, 'IT Support', 'it-support', NULL, 1, '2022-09-30 14:03:33', '2022-09-30 14:03:33'),
(5, 'Faculty', 'faculty', NULL, 1, '2022-09-30 14:03:44', '2022-09-30 14:03:44'),
(6, 'Sports', 'sports', NULL, 1, '2022-10-01 04:16:51', '2022-10-01 04:16:51');

-- --------------------------------------------------------

--
-- Table structure for table `designations`
--

CREATE TABLE `designations` (
  `id` int UNSIGNED NOT NULL,
  `title` varchar(191) CHARACTER SET utf8mb4 COLLATE utf8mb4_unicode_ci NOT NULL,
  `slug` varchar(191) CHARACTER SET utf8mb4 COLLATE utf8mb4_unicode_ci NOT NULL,
  `description` text CHARACTER SET utf8mb4 COLLATE utf8mb4_unicode_ci,
  `status` tinyint(1) NOT NULL DEFAULT '1',
  `created_at` timestamp NULL DEFAULT NULL,
  `updated_at` timestamp NULL DEFAULT NULL
) ENGINE=InnoDB DEFAULT CHARSET=utf8mb4 COLLATE=utf8mb4_unicode_ci;

--
-- Dumping data for table `designations`
--

INSERT INTO `designations` (`id`, `title`, `slug`, `description`, `status`, `created_at`, `updated_at`) VALUES
(1, 'Instructor', 'instructor', NULL, 1, '2022-09-30 14:04:24', '2022-09-30 14:04:24'),
(2, 'Admin', 'admin', NULL, 1, '2022-09-30 14:04:34', '2022-10-01 04:17:39'),
(3, 'Professor', 'professor', NULL, 1, '2022-09-30 14:04:45', '2022-09-30 14:04:45'),
(4, 'Accountant', 'accountant', NULL, 1, '2022-09-30 14:05:06', '2022-09-30 14:05:06'),
(5, 'Librarian', 'librarian', NULL, 1, '2022-09-30 14:05:17', '2022-09-30 14:05:17'),
(6, 'Receptionist', 'receptionist', NULL, 1, '2022-09-30 14:06:12', '2022-09-30 14:06:12'),
(7, 'Director', 'director', NULL, 1, '2022-10-01 04:17:59', '2022-10-01 04:17:59'),
(8, 'Chancellor', 'chancellor', NULL, 1, '2022-10-01 04:18:48', '2022-10-01 04:18:48'),
(9, 'Exam Controller', 'exam-controller', NULL, 1, '2022-10-01 04:19:03', '2022-10-01 04:19:03');

-- --------------------------------------------------------

--
-- Table structure for table `districts`
--

CREATE TABLE `districts` (
  `id` int UNSIGNED NOT NULL,
  `province_id` int UNSIGNED NOT NULL,
  `title` varchar(191) CHARACTER SET utf8mb4 COLLATE utf8mb4_unicode_ci NOT NULL,
  `description` text CHARACTER SET utf8mb4 COLLATE utf8mb4_unicode_ci,
  `status` tinyint(1) NOT NULL DEFAULT '1',
  `created_at` timestamp NULL DEFAULT NULL,
  `updated_at` timestamp NULL DEFAULT NULL
) ENGINE=InnoDB DEFAULT CHARSET=utf8mb4 COLLATE=utf8mb4_unicode_ci;

--
-- Dumping data for table `districts`
--

INSERT INTO `districts` (`id`, `province_id`, `title`, `description`, `status`, `created_at`, `updated_at`) VALUES
(1, 1, 'Anantapur', NULL, 1, '2025-04-24 17:06:56', '2025-04-24 17:06:56'),
(2, 1, 'Chittoor', NULL, 1, '2025-04-24 17:06:56', '2025-04-24 17:06:56'),
(3, 1, 'East Godavari', NULL, 1, '2025-04-24 17:06:56', '2025-04-24 17:06:56'),
(4, 1, 'Guntur', NULL, 1, '2025-04-24 17:06:56', '2025-04-24 17:06:56'),
(5, 1, 'Krishna', NULL, 1, '2025-04-24 17:06:56', '2025-04-24 17:06:56'),
(6, 2, 'Tawang', NULL, 1, '2025-04-24 17:06:56', '2025-04-24 17:06:56'),
(7, 2, 'West Kameng', NULL, 1, '2025-04-24 17:06:56', '2025-04-24 17:06:56'),
(8, 2, 'East Kameng', NULL, 1, '2025-04-24 17:06:56', '2025-04-24 17:06:56'),
(9, 2, 'Papum Pare', NULL, 1, '2025-04-24 17:06:56', '2025-04-24 17:06:56'),
(10, 2, 'Lower Subansiri', NULL, 1, '2025-04-24 17:06:56', '2025-04-24 17:06:56'),
(11, 3, 'Baksa', NULL, 1, '2025-04-24 17:06:56', '2025-04-24 17:06:56'),
(12, 3, 'Barpeta', NULL, 1, '2025-04-24 17:06:56', '2025-04-24 17:06:56'),
(13, 3, 'Biswanath', NULL, 1, '2025-04-24 17:06:56', '2025-04-24 17:06:56'),
(14, 3, 'Bongaigaon', NULL, 1, '2025-04-24 17:06:56', '2025-04-24 17:06:56'),
(15, 3, 'Cachar', NULL, 1, '2025-04-24 17:06:56', '2025-04-24 17:06:56'),
(16, 4, 'Araria', NULL, 1, '2025-04-24 17:06:56', '2025-04-24 17:06:56'),
(17, 4, 'Arwal', NULL, 1, '2025-04-24 17:06:56', '2025-04-24 17:06:56'),
(18, 4, 'Aurangabad', NULL, 1, '2025-04-24 17:06:56', '2025-04-24 17:06:56'),
(19, 4, 'Banka', NULL, 1, '2025-04-24 17:06:56', '2025-04-24 17:06:56'),
(20, 4, 'Begusarai', NULL, 1, '2025-04-24 17:06:56', '2025-04-24 17:06:56'),
(21, 5, 'Balod', NULL, 1, '2025-04-24 17:06:56', '2025-04-24 17:06:56'),
(22, 5, 'Baloda Bazar', NULL, 1, '2025-04-24 17:06:56', '2025-04-24 17:06:56'),
(23, 5, 'Balrampur', NULL, 1, '2025-04-24 17:06:56', '2025-04-24 17:06:56'),
(24, 5, 'Bastar', NULL, 1, '2025-04-24 17:06:56', '2025-04-24 17:06:56'),
(25, 5, 'Bemetara', NULL, 1, '2025-04-24 17:06:56', '2025-04-24 17:06:56'),
(26, 6, 'North Goa', NULL, 1, '2025-04-24 17:06:56', '2025-04-24 17:06:56'),
(27, 6, 'South Goa', NULL, 1, '2025-04-24 17:06:56', '2025-04-24 17:06:56'),
(28, 7, 'Ahmedabad', NULL, 1, '2025-04-24 17:06:56', '2025-04-24 17:06:56'),
(29, 7, 'Amreli', NULL, 1, '2025-04-24 17:06:56', '2025-04-24 17:06:56'),
(30, 7, 'Anand', NULL, 1, '2025-04-24 17:06:56', '2025-04-24 17:06:56'),
(31, 7, 'Aravalli', NULL, 1, '2025-04-24 17:06:56', '2025-04-24 17:06:56'),
(32, 7, 'Banaskantha', NULL, 1, '2025-04-24 17:06:56', '2025-04-24 17:06:56'),
(33, 8, 'Ambala', NULL, 1, '2025-04-24 17:06:56', '2025-04-24 17:06:56'),
(34, 8, 'Bhiwani', NULL, 1, '2025-04-24 17:06:56', '2025-04-24 17:06:56'),
(35, 8, 'Charkhi Dadri', NULL, 1, '2025-04-24 17:06:56', '2025-04-24 17:06:56'),
(36, 8, 'Faridabad', NULL, 1, '2025-04-24 17:06:56', '2025-04-24 17:06:56'),
(37, 8, 'Fatehabad', NULL, 1, '2025-04-24 17:06:56', '2025-04-24 17:06:56'),
(38, 9, 'Bilaspur', NULL, 1, '2025-04-24 17:06:56', '2025-04-24 17:06:56'),
(39, 9, 'Chamba', NULL, 1, '2025-04-24 17:06:56', '2025-04-24 17:06:56'),
(40, 9, 'Hamirpur', NULL, 1, '2025-04-24 17:06:56', '2025-04-24 17:06:56'),
(41, 9, 'Kangra', NULL, 1, '2025-04-24 17:06:56', '2025-04-24 17:06:56'),
(42, 9, 'Kinnaur', NULL, 1, '2025-04-24 17:06:56', '2025-04-24 17:06:56'),
(43, 10, 'Bokaro', NULL, 1, '2025-04-24 17:06:56', '2025-04-24 17:06:56'),
(44, 10, 'Chatra', NULL, 1, '2025-04-24 17:06:56', '2025-04-24 17:06:56'),
(45, 10, 'Deoghar', NULL, 1, '2025-04-24 17:06:56', '2025-04-24 17:06:56'),
(46, 10, 'Dhanbad', NULL, 1, '2025-04-24 17:06:56', '2025-04-24 17:06:56'),
(47, 10, 'Dumka', NULL, 1, '2025-04-24 17:06:56', '2025-04-24 17:06:56'),
(48, 19, 'Angul', NULL, 1, '2025-04-24 10:22:47', '2025-04-24 10:22:47'),
(49, 19, 'Balangir', NULL, 1, '2025-04-24 10:22:47', '2025-04-24 10:22:47'),
(50, 19, 'Balasore', NULL, 1, '2025-04-24 10:22:47', '2025-04-24 10:22:47'),
(51, 19, 'Bargarh', NULL, 1, '2025-04-24 10:22:47', '2025-04-24 10:22:47'),
(52, 19, 'Bhadrak', NULL, 1, '2025-04-24 10:22:47', '2025-04-24 10:22:47'),
(53, 19, 'Boudh', NULL, 1, '2025-04-24 10:22:47', '2025-04-24 10:22:47'),
(54, 19, 'Cuttack', NULL, 1, '2025-04-24 10:22:47', '2025-04-24 10:22:47'),
(55, 19, 'Deogarh', NULL, 1, '2025-04-24 10:22:47', '2025-04-24 10:22:47'),
(56, 19, 'Dhenkanal', NULL, 1, '2025-04-24 10:22:47', '2025-04-24 10:22:47'),
(57, 19, 'Gajapati', NULL, 1, '2025-04-24 10:22:47', '2025-04-24 10:22:47'),
(58, 19, 'Ganjam', NULL, 1, '2025-04-24 10:22:47', '2025-04-24 10:22:47'),
(59, 19, 'Jagatsinghpur', NULL, 1, '2025-04-24 10:22:47', '2025-04-24 10:22:47'),
(60, 19, 'Jajpur', NULL, 1, '2025-04-24 10:22:47', '2025-04-24 10:22:47'),
(61, 19, 'Jharsuguda', NULL, 1, '2025-04-24 10:22:47', '2025-04-24 10:22:47'),
(62, 19, 'Kalahandi', NULL, 1, '2025-04-24 10:22:47', '2025-04-24 10:22:47'),
(63, 19, 'Kandhamal', NULL, 1, '2025-04-24 10:22:47', '2025-04-24 10:22:47'),
(64, 19, 'Kendrapara', NULL, 1, '2025-04-24 10:22:47', '2025-04-24 10:22:47'),
(65, 19, 'Kendujhar (Keonjhar)', NULL, 1, '2025-04-24 10:22:47', '2025-04-24 10:22:47'),
(66, 19, 'Khordha', NULL, 1, '2025-04-24 10:22:47', '2025-04-24 10:22:47'),
(67, 19, 'Koraput', NULL, 1, '2025-04-24 10:22:47', '2025-04-24 10:22:47'),
(68, 19, 'Malkangiri', NULL, 1, '2025-04-24 10:22:47', '2025-04-24 10:22:47'),
(69, 19, 'Mayurbhanj', NULL, 1, '2025-04-24 10:22:47', '2025-04-24 10:22:47'),
(70, 19, 'Nabarangpur', NULL, 1, '2025-04-24 10:22:47', '2025-04-24 10:22:47'),
(71, 19, 'Nayagarh', NULL, 1, '2025-04-24 10:22:47', '2025-04-24 10:22:47'),
(72, 19, 'Nuapada', NULL, 1, '2025-04-24 10:22:47', '2025-04-24 10:22:47'),
(73, 19, 'Puri', NULL, 1, '2025-04-24 10:22:47', '2025-04-24 10:22:47'),
(74, 19, 'Rayagada', NULL, 1, '2025-04-24 10:22:47', '2025-04-24 10:22:47'),
(75, 19, 'Sambalpur', NULL, 1, '2025-04-24 10:22:47', '2025-04-24 10:22:47'),
(76, 19, 'Subarnapur (Sonepur)', NULL, 1, '2025-04-24 10:22:47', '2025-04-24 10:22:47'),
(77, 19, 'Sundargarh', NULL, 1, '2025-04-24 10:22:47', '2025-04-24 10:22:47'),
(78, 31, 'Central Delhi', NULL, 1, '2025-04-24 10:27:13', '2025-04-24 10:27:13'),
(79, 31, 'East Delhi', NULL, 1, '2025-04-24 10:27:13', '2025-04-24 10:27:13'),
(80, 31, 'New Delhi', NULL, 1, '2025-04-24 10:27:13', '2025-04-24 10:27:13'),
(81, 31, 'North Delhi', NULL, 1, '2025-04-24 10:27:13', '2025-04-24 10:27:13'),
(82, 31, 'North East Delhi', NULL, 1, '2025-04-24 10:27:13', '2025-04-24 10:27:13'),
(83, 31, 'North West Delhi', NULL, 1, '2025-04-24 10:27:13', '2025-04-24 10:27:13'),
(84, 31, 'Shahdara', NULL, 1, '2025-04-24 10:27:13', '2025-04-24 10:27:13'),
(85, 31, 'South Delhi', NULL, 1, '2025-04-24 10:27:13', '2025-04-24 10:27:13'),
(86, 31, 'South East Delhi', NULL, 1, '2025-04-24 10:27:13', '2025-04-24 10:27:13'),
(87, 31, 'South West Delhi', NULL, 1, '2025-04-24 10:27:13', '2025-04-24 10:27:13'),
(88, 31, 'West Delhi', NULL, 1, '2025-04-24 10:27:13', '2025-04-24 10:27:13');

-- --------------------------------------------------------

--
-- Table structure for table `docables`
--

CREATE TABLE `docables` (
  `document_id` bigint UNSIGNED NOT NULL,
  `docable_type` varchar(191) CHARACTER SET utf8mb4 COLLATE utf8mb4_unicode_ci NOT NULL,
  `docable_id` bigint UNSIGNED NOT NULL
) ENGINE=InnoDB DEFAULT CHARSET=utf8mb4 COLLATE=utf8mb4_unicode_ci;

--
-- Dumping data for table `docables`
--

INSERT INTO `docables` (`document_id`, `docable_type`, `docable_id`) VALUES
(4, 'App\\Models\\Student', 2),
(5, 'App\\Models\\Student', 4),
(6, 'App\\Models\\Student', 8),
(7, 'App\\Models\\Student', 9),
(8, 'App\\Models\\Student', 13),
(9, 'App\\Models\\Student', 14),
(10, 'App\\Models\\Student', 62),
(1, 'App\\User', 4),
(2, 'App\\User', 7),
(3, 'App\\User', 9);

-- --------------------------------------------------------

--
-- Table structure for table `documents`
--

CREATE TABLE `documents` (
  `id` bigint UNSIGNED NOT NULL,
  `title` varchar(191) CHARACTER SET utf8mb4 COLLATE utf8mb4_unicode_ci DEFAULT NULL,
  `attach` text CHARACTER SET utf8mb4 COLLATE utf8mb4_unicode_ci,
  `status` tinyint(1) NOT NULL DEFAULT '1',
  `created_at` timestamp NULL DEFAULT NULL,
  `updated_at` timestamp NULL DEFAULT NULL
) ENGINE=InnoDB DEFAULT CHARSET=utf8mb4 COLLATE=utf8mb4_unicode_ci;

--
-- Dumping data for table `documents`
--

INSERT INTO `documents` (`id`, `title`, `attach`, `status`, `created_at`, `updated_at`) VALUES
(1, 'NID Copy', 'book-cover2.jpg_1664711842.jpg', 1, '2022-10-02 05:57:22', '2022-10-02 05:57:22'),
(2, 'Passport Copy', 'book-covers.jpg_1664732229.jpg', 1, '2022-10-02 11:37:09', '2022-10-02 11:37:09'),
(3, 'Experiance Cer', 'book-covers.jpg_1664732856.jpg', 1, '2022-10-02 11:47:36', '2022-10-02 11:47:36'),
(4, 'Marksheet', 'book-covers.jpg_1664734667.jpg', 1, '2022-10-02 12:17:47', '2022-10-02 12:17:47'),
(5, 'Marksheet', 'book-cover2.jpg_1664734905.jpg', 1, '2022-10-02 12:21:45', '2022-10-02 12:21:45'),
(6, 'Marksheet', 'book-covers.jpg_1664735357.jpg', 1, '2022-10-02 12:29:17', '2022-10-02 12:29:17'),
(7, 'Transfer Doc', 'background-border.png_1664835743.png', 1, '2022-10-03 16:22:23', '2022-10-03 16:22:23'),
(8, 'Marksheet', 'book-cover2.jpg_1664884572.jpg', 1, '2022-10-04 05:56:12', '2022-10-04 05:56:12'),
(9, 'Marksheet', 'book-covers.jpg_1664884807.jpg', 1, '2022-10-04 06:00:07', '2022-10-04 06:00:07'),
(10, 'resume', 'Resume_Rajashree_(1).pdf_1749626443.pdf', 1, '2025-06-11 14:20:43', '2025-06-11 14:20:43');

-- --------------------------------------------------------

--
-- Table structure for table `dvv`
--

CREATE TABLE `dvv` (
  `id` bigint UNSIGNED NOT NULL,
  `title` varchar(191) CHARACTER SET utf8mb4 COLLATE utf8mb4_unicode_ci NOT NULL,
  `pdf` varchar(191) CHARACTER SET utf8mb4 COLLATE utf8mb4_unicode_ci DEFAULT NULL,
  `created_at` timestamp NULL DEFAULT NULL,
  `updated_at` timestamp NULL DEFAULT NULL
) ENGINE=InnoDB DEFAULT CHARSET=utf8mb4 COLLATE=utf8mb4_unicode_ci;

--
-- Dumping data for table `dvv`
--

INSERT INTO `dvv` (`id`, `title`, `pdf`, `created_at`, `updated_at`) VALUES
(1, 'm', 'naac/1750481801_demo.pdf', '2025-06-20 23:26:41', '2025-06-20 23:26:41');

-- --------------------------------------------------------

--
-- Table structure for table `email_notifies`
--

CREATE TABLE `email_notifies` (
  `id` bigint UNSIGNED NOT NULL,
  `faculty_id` int UNSIGNED DEFAULT NULL,
  `program_id` int UNSIGNED DEFAULT NULL,
  `session_id` int UNSIGNED DEFAULT NULL,
  `semester_id` int UNSIGNED DEFAULT NULL,
  `section_id` int UNSIGNED DEFAULT NULL,
  `subject` text CHARACTER SET utf8mb4 COLLATE utf8mb4_unicode_ci NOT NULL,
  `message` text CHARACTER SET utf8mb4 COLLATE utf8mb4_unicode_ci NOT NULL,
  `receive_count` int DEFAULT NULL,
  `status` tinyint(1) NOT NULL DEFAULT '1',
  `created_by` bigint UNSIGNED DEFAULT NULL,
  `updated_by` bigint UNSIGNED DEFAULT NULL,
  `created_at` timestamp NULL DEFAULT NULL,
  `updated_at` timestamp NULL DEFAULT NULL
) ENGINE=InnoDB DEFAULT CHARSET=utf8mb4 COLLATE=utf8mb4_unicode_ci;

--
-- Dumping data for table `email_notifies`
--

INSERT INTO `email_notifies` (`id`, `faculty_id`, `program_id`, `session_id`, `semester_id`, `section_id`, `subject`, `message`, `receive_count`, `status`, `created_by`, `updated_by`, `created_at`, `updated_at`) VALUES
(1, 2, 2, 4, 0, 0, 'Your Fees Due Date Is Very Close', 'This depends on when you enrol. Your fees are due 30 days from your starting date. For more information, please see Fees due dates.', 2, 1, 1, NULL, '2022-10-03 11:54:16', '2022-10-03 11:54:16'),
(2, 2, 3, 3, 1, 1, 'Ready for attend our special class on sunday!', 'Note: If any of these dates fall on a holiday or weekend, the due date for fee payment will be the first working day following the holiday/weekend.', 4, 1, 1, NULL, '2022-10-03 12:06:14', '2022-10-03 12:06:14');

-- --------------------------------------------------------

--
-- Table structure for table `enquiries`
--

CREATE TABLE `enquiries` (
  `id` bigint UNSIGNED NOT NULL,
  `reference_id` int UNSIGNED DEFAULT NULL,
  `source_id` int UNSIGNED DEFAULT NULL,
  `program_id` int UNSIGNED DEFAULT NULL,
  `name` varchar(191) CHARACTER SET utf8mb4 COLLATE utf8mb4_unicode_ci NOT NULL,
  `father_name` varchar(191) CHARACTER SET utf8mb4 COLLATE utf8mb4_unicode_ci DEFAULT NULL,
  `phone` varchar(191) CHARACTER SET utf8mb4 COLLATE utf8mb4_unicode_ci DEFAULT NULL,
  `email` varchar(191) CHARACTER SET utf8mb4 COLLATE utf8mb4_unicode_ci DEFAULT NULL,
  `address` text CHARACTER SET utf8mb4 COLLATE utf8mb4_unicode_ci,
  `purpose` text CHARACTER SET utf8mb4 COLLATE utf8mb4_unicode_ci,
  `note` text CHARACTER SET utf8mb4 COLLATE utf8mb4_unicode_ci,
  `date` date NOT NULL,
  `follow_up_date` date DEFAULT NULL,
  `assigned` varchar(191) CHARACTER SET utf8mb4 COLLATE utf8mb4_unicode_ci DEFAULT NULL,
  `number_of_students` int NOT NULL DEFAULT '1',
  `status` tinyint(1) NOT NULL DEFAULT '1',
  `created_by` bigint UNSIGNED DEFAULT NULL,
  `updated_by` bigint UNSIGNED DEFAULT NULL,
  `created_at` timestamp NULL DEFAULT NULL,
  `updated_at` timestamp NULL DEFAULT NULL
) ENGINE=InnoDB DEFAULT CHARSET=utf8mb4 COLLATE=utf8mb4_unicode_ci;

--
-- Dumping data for table `enquiries`
--

INSERT INTO `enquiries` (`id`, `reference_id`, `source_id`, `program_id`, `name`, `father_name`, `phone`, `email`, `address`, `purpose`, `note`, `date`, `follow_up_date`, `assigned`, `number_of_students`, `status`, `created_by`, `updated_by`, `created_at`, `updated_at`) VALUES
(1, 3, 3, 3, 'Kim Sandoval', NULL, '+1 (939) 845-9236', 'voxagikib@mailinator.com', 'Aspernatur doloremqu', 'Odit et in qui et nu', 'Harum et deleniti ac', '2022-10-01', '2022-12-07', '3', 1, 3, 1, 1, '2022-10-01 12:24:34', '2023-08-25 07:28:58'),
(2, 3, 1, 1, 'Jesse Sandoval', NULL, '+1 (752) 181-9433', 'morexy@mailinator.com', 'Eum velit ratione qu', 'Pariatur Facilis in', 'Enim esse quidem min', '2019-04-02', NULL, 'Architecto', 1, 0, 1, 1, '2022-10-01 12:25:14', '2022-10-01 12:27:18'),
(3, 5, 1, 1, 'Malachi Buckner', NULL, '+1 (774) 745-9417', 'wicodikico@mailinator.com', 'Laboriosam laudanti', 'Adipisicing aspernat', 'Sint vel animi tem', '2021-09-25', '2022-12-29', 'Arman', 1, 1, 1, 1, '2022-10-01 12:25:59', '2022-10-01 12:26:58'),
(4, 2, 4, 1, 'Ann Castro', NULL, '+1 (225) 849-6955', 'lela@mailinator.com', 'Molestias elit aut', 'Qui laborum Dicta n', 'Eum soluta quia est', '2020-12-13', NULL, 'Aperiam', 1, 1, 1, NULL, '2022-10-01 12:26:30', '2022-10-01 12:26:30'),
(5, 1, NULL, 4, 'Georgia Shepard', NULL, '+1 (907) 196-5628', 'gapi@mailinator.com', 'Fugiat sequi aut qu', 'Aut anim ipsa eaque', 'Et ex doloremque min', '2021-04-05', '2022-10-13', 'Saif', 1, 1, 1, 1, '2022-10-01 12:27:53', '2022-10-01 12:28:07'),
(6, 1, 1, 5, 'Coby Kline', NULL, '+1 (582) 879-4372', 'hoge@mailinator.com', 'Consequat Consequat', 'Asperiores quod null', 'Quod quas amet quid', '2023-02-13', '2023-04-10', '4', 1, 2, 1, 1, '2023-02-13 12:25:51', '2023-08-25 07:28:53'),
(7, 3, 1, 1, 'Maggie Curry', NULL, '+1 (953) 288-2346', 'xaxe@mailinator.com', 'Est suscipit vel ul', 'Nam sit ut voluptate', 'Cum est est et aut', '2023-08-21', '2024-03-12', '5', 1, 1, 1, NULL, '2023-08-25 07:28:46', '2023-08-25 07:28:46');

-- --------------------------------------------------------

--
-- Table structure for table `enquiry_references`
--

CREATE TABLE `enquiry_references` (
  `id` int UNSIGNED NOT NULL,
  `title` varchar(191) CHARACTER SET utf8mb4 COLLATE utf8mb4_unicode_ci NOT NULL,
  `slug` varchar(191) CHARACTER SET utf8mb4 COLLATE utf8mb4_unicode_ci NOT NULL,
  `description` text CHARACTER SET utf8mb4 COLLATE utf8mb4_unicode_ci,
  `status` tinyint(1) NOT NULL DEFAULT '1',
  `created_at` timestamp NULL DEFAULT NULL,
  `updated_at` timestamp NULL DEFAULT NULL
) ENGINE=InnoDB DEFAULT CHARSET=utf8mb4 COLLATE=utf8mb4_unicode_ci;

--
-- Dumping data for table `enquiry_references`
--

INSERT INTO `enquiry_references` (`id`, `title`, `slug`, `description`, `status`, `created_at`, `updated_at`) VALUES
(1, 'Staff', 'staff', NULL, 1, '2022-10-01 03:50:35', '2022-10-01 03:50:35'),
(2, 'Parent', 'parent', NULL, 1, '2022-10-01 03:50:46', '2022-10-01 03:50:46'),
(3, 'Student', 'student', NULL, 1, '2022-10-01 03:50:53', '2022-10-01 03:50:53'),
(4, 'Self', 'self', NULL, 1, '2022-10-01 03:51:01', '2022-10-01 03:51:01'),
(5, 'Promotional Partner', 'promotional-partner', NULL, 1, '2022-10-01 03:52:48', '2022-10-01 03:52:48');

-- --------------------------------------------------------

--
-- Table structure for table `enquiry_sources`
--

CREATE TABLE `enquiry_sources` (
  `id` int UNSIGNED NOT NULL,
  `title` varchar(191) CHARACTER SET utf8mb4 COLLATE utf8mb4_unicode_ci NOT NULL,
  `slug` varchar(191) CHARACTER SET utf8mb4 COLLATE utf8mb4_unicode_ci NOT NULL,
  `description` text CHARACTER SET utf8mb4 COLLATE utf8mb4_unicode_ci,
  `status` tinyint(1) NOT NULL DEFAULT '1',
  `created_at` timestamp NULL DEFAULT NULL,
  `updated_at` timestamp NULL DEFAULT NULL
) ENGINE=InnoDB DEFAULT CHARSET=utf8mb4 COLLATE=utf8mb4_unicode_ci;

--
-- Dumping data for table `enquiry_sources`
--

INSERT INTO `enquiry_sources` (`id`, `title`, `slug`, `description`, `status`, `created_at`, `updated_at`) VALUES
(1, 'Front Office', 'front-office', NULL, 1, '2022-10-01 03:48:47', '2022-10-01 03:48:47'),
(2, 'Advertisement', 'advertisement', NULL, 1, '2022-10-01 03:48:55', '2022-10-01 03:48:55'),
(3, 'University Website', 'university-website', NULL, 1, '2022-10-01 03:49:10', '2022-10-01 03:50:15'),
(4, 'Google Ads', 'google-ads', NULL, 1, '2022-10-01 03:49:20', '2022-10-01 03:49:20'),
(5, 'Admission Campaign', 'admission-campaign', NULL, 1, '2022-10-01 03:49:28', '2022-10-01 03:49:28'),
(6, 'Social Media', 'social-media', NULL, 1, '2022-10-01 03:49:42', '2022-10-01 03:49:42');

-- --------------------------------------------------------

--
-- Table structure for table `enroll_subjects`
--

CREATE TABLE `enroll_subjects` (
  `id` bigint UNSIGNED NOT NULL,
  `program_id` int UNSIGNED NOT NULL,
  `semester_id` int UNSIGNED NOT NULL,
  `section_id` int UNSIGNED NOT NULL,
  `status` tinyint(1) NOT NULL DEFAULT '1',
  `created_at` timestamp NULL DEFAULT NULL,
  `updated_at` timestamp NULL DEFAULT NULL
) ENGINE=InnoDB DEFAULT CHARSET=utf8mb4 COLLATE=utf8mb4_unicode_ci;

--
-- Dumping data for table `enroll_subjects`
--

INSERT INTO `enroll_subjects` (`id`, `program_id`, `semester_id`, `section_id`, `status`, `created_at`, `updated_at`) VALUES
(63, 23, 1, 7, 1, '2026-03-28 19:24:44', '2026-03-28 19:24:44');

-- --------------------------------------------------------

--
-- Table structure for table `enroll_subject_subject`
--

CREATE TABLE `enroll_subject_subject` (
  `enroll_subject_id` bigint UNSIGNED NOT NULL,
  `subject_id` bigint UNSIGNED NOT NULL
) ENGINE=InnoDB DEFAULT CHARSET=utf8mb4 COLLATE=utf8mb4_unicode_ci;

--
-- Dumping data for table `enroll_subject_subject`
--

INSERT INTO `enroll_subject_subject` (`enroll_subject_id`, `subject_id`) VALUES
(63, 8),
(63, 17);

-- --------------------------------------------------------

--
-- Table structure for table `events`
--

CREATE TABLE `events` (
  `id` bigint UNSIGNED NOT NULL,
  `title` varchar(191) CHARACTER SET utf8mb4 COLLATE utf8mb4_unicode_ci NOT NULL,
  `start_date` date NOT NULL,
  `end_date` date NOT NULL,
  `color` varchar(191) CHARACTER SET utf8mb4 COLLATE utf8mb4_unicode_ci DEFAULT NULL,
  `status` tinyint(1) NOT NULL DEFAULT '1',
  `created_at` timestamp NULL DEFAULT NULL,
  `updated_at` timestamp NULL DEFAULT NULL
) ENGINE=InnoDB DEFAULT CHARSET=utf8mb4 COLLATE=utf8mb4_unicode_ci;

--
-- Dumping data for table `events`
--

INSERT INTO `events` (`id`, `title`, `start_date`, `end_date`, `color`, `status`, `created_at`, `updated_at`) VALUES
(1, 'Eid Holiday', '2023-10-03', '2023-10-17', '#70c24a', 1, '2022-10-03 11:38:23', '2023-08-25 06:38:31'),
(2, 'Marry Crismach', '2023-11-03', '2023-11-10', '#4a5cc2', 1, '2022-10-03 11:39:06', '2023-08-25 06:38:21'),
(3, 'Durga Puja', '2023-10-27', '2023-11-01', '#c24a4e', 1, '2022-10-03 11:39:24', '2023-08-25 06:38:11'),
(4, 'Final Exam', '2023-11-23', '2023-12-03', '#c2b44a', 1, '2022-10-03 11:39:54', '2023-08-25 06:38:02'),
(5, 'Summer Vacation', '2023-11-22', '2023-12-06', '#4aaec2', 1, '2022-10-03 11:41:19', '2023-08-25 06:37:52'),
(6, 'New Year Vacation', '2023-12-24', '2024-01-08', '#c24ac2', 1, '2022-10-03 11:41:57', '2023-08-25 06:37:42');

-- --------------------------------------------------------

--
-- Table structure for table `exams`
--

CREATE TABLE `exams` (
  `id` bigint UNSIGNED NOT NULL,
  `student_enroll_id` bigint UNSIGNED NOT NULL,
  `subject_id` bigint UNSIGNED NOT NULL,
  `exam_type_id` int UNSIGNED DEFAULT NULL,
  `attendance` int NOT NULL DEFAULT '2' COMMENT '1-Present, 2-Absent',
  `marks` decimal(5,2) DEFAULT NULL,
  `achieve_marks` decimal(5,2) DEFAULT NULL,
  `contribution` decimal(5,2) NOT NULL DEFAULT '0.00',
  `note` text CHARACTER SET utf8mb4 COLLATE utf8mb4_unicode_ci,
  `status` tinyint(1) NOT NULL DEFAULT '1',
  `created_by` bigint UNSIGNED DEFAULT NULL,
  `updated_by` bigint UNSIGNED DEFAULT NULL,
  `created_at` timestamp NULL DEFAULT NULL,
  `updated_at` timestamp NULL DEFAULT NULL,
  `date` date DEFAULT NULL,
  `time` time DEFAULT NULL
) ENGINE=InnoDB DEFAULT CHARSET=utf8mb4 COLLATE=utf8mb4_unicode_ci;

-- --------------------------------------------------------

--
-- Table structure for table `exam_routines`
--

CREATE TABLE `exam_routines` (
  `id` bigint UNSIGNED NOT NULL,
  `exam_type_id` int UNSIGNED NOT NULL,
  `session_id` int UNSIGNED NOT NULL,
  `program_id` int UNSIGNED NOT NULL,
  `semester_id` int UNSIGNED NOT NULL,
  `section_id` int UNSIGNED NOT NULL,
  `subject_id` bigint UNSIGNED NOT NULL,
  `date` date NOT NULL,
  `start_time` time NOT NULL,
  `end_time` time NOT NULL,
  `status` tinyint(1) NOT NULL DEFAULT '1',
  `created_at` timestamp NULL DEFAULT NULL,
  `updated_at` timestamp NULL DEFAULT NULL
) ENGINE=InnoDB DEFAULT CHARSET=utf8mb4 COLLATE=utf8mb4_unicode_ci;

--
-- Dumping data for table `exam_routines`
--

INSERT INTO `exam_routines` (`id`, `exam_type_id`, `session_id`, `program_id`, `semester_id`, `section_id`, `subject_id`, `date`, `start_time`, `end_time`, `status`, `created_at`, `updated_at`) VALUES
(32, 1, 5, 23, 1, 7, 8, '2026-03-28', '21:00:00', '12:00:00', 1, '2026-03-28 19:30:38', '2026-03-28 19:30:38'),
(33, 1, 5, 23, 1, 7, 17, '2026-03-29', '21:00:00', '12:00:00', 1, '2026-03-28 19:30:58', '2026-03-28 19:30:58');

-- --------------------------------------------------------

--
-- Table structure for table `exam_routine_room`
--

CREATE TABLE `exam_routine_room` (
  `exam_routine_id` bigint UNSIGNED NOT NULL,
  `room_id` int UNSIGNED NOT NULL
) ENGINE=InnoDB DEFAULT CHARSET=utf8mb4 COLLATE=utf8mb4_unicode_ci;

--
-- Dumping data for table `exam_routine_room`
--

INSERT INTO `exam_routine_room` (`exam_routine_id`, `room_id`) VALUES
(32, 1),
(33, 2);

-- --------------------------------------------------------

--
-- Table structure for table `exam_routine_user`
--

CREATE TABLE `exam_routine_user` (
  `exam_routine_id` bigint UNSIGNED NOT NULL,
  `user_id` bigint UNSIGNED NOT NULL
) ENGINE=InnoDB DEFAULT CHARSET=utf8mb4 COLLATE=utf8mb4_unicode_ci;

--
-- Dumping data for table `exam_routine_user`
--

INSERT INTO `exam_routine_user` (`exam_routine_id`, `user_id`) VALUES
(32, 2),
(33, 2);

-- --------------------------------------------------------

--
-- Table structure for table `exam_types`
--

CREATE TABLE `exam_types` (
  `id` int UNSIGNED NOT NULL,
  `title` varchar(191) CHARACTER SET utf8mb4 COLLATE utf8mb4_unicode_ci NOT NULL,
  `marks` decimal(5,2) NOT NULL,
  `contribution` decimal(5,2) NOT NULL DEFAULT '0.00',
  `description` text CHARACTER SET utf8mb4 COLLATE utf8mb4_unicode_ci,
  `status` tinyint(1) NOT NULL DEFAULT '1',
  `created_at` timestamp NULL DEFAULT NULL,
  `updated_at` timestamp NULL DEFAULT NULL
) ENGINE=InnoDB DEFAULT CHARSET=utf8mb4 COLLATE=utf8mb4_unicode_ci;

--
-- Dumping data for table `exam_types`
--

INSERT INTO `exam_types` (`id`, `title`, `marks`, `contribution`, `description`, `status`, `created_at`, `updated_at`) VALUES
(1, 'Final Exam', 100.00, 50.00, NULL, 1, NULL, '2024-09-30 12:37:21'),
(2, 'Midterm Exam', 50.00, 20.00, NULL, 1, NULL, '2024-09-30 12:37:42'),
(3, 'internal', 20.00, 0.00, NULL, 1, NULL, '2025-05-09 13:18:14');

-- --------------------------------------------------------

--
-- Table structure for table `expenses`
--

CREATE TABLE `expenses` (
  `id` bigint UNSIGNED NOT NULL,
  `category_id` int UNSIGNED NOT NULL,
  `title` varchar(191) CHARACTER SET utf8mb4 COLLATE utf8mb4_unicode_ci NOT NULL,
  `invoice_id` varchar(191) CHARACTER SET utf8mb4 COLLATE utf8mb4_unicode_ci DEFAULT NULL,
  `amount` decimal(10,2) NOT NULL,
  `date` date NOT NULL,
  `payment_method` int DEFAULT NULL,
  `note` text CHARACTER SET utf8mb4 COLLATE utf8mb4_unicode_ci,
  `attach` text CHARACTER SET utf8mb4 COLLATE utf8mb4_unicode_ci,
  `status` tinyint(1) NOT NULL DEFAULT '1',
  `created_by` bigint UNSIGNED DEFAULT NULL,
  `updated_by` bigint UNSIGNED DEFAULT NULL,
  `created_at` timestamp NULL DEFAULT NULL,
  `updated_at` timestamp NULL DEFAULT NULL,
  `reference` varchar(191) CHARACTER SET utf8mb4 COLLATE utf8mb4_unicode_ci DEFAULT NULL
) ENGINE=InnoDB DEFAULT CHARSET=utf8mb4 COLLATE=utf8mb4_unicode_ci;

--
-- Dumping data for table `expenses`
--

INSERT INTO `expenses` (`id`, `category_id`, `title`, `invoice_id`, `amount`, `date`, `payment_method`, `note`, `attach`, `status`, `created_by`, `updated_by`, `created_at`, `updated_at`, `reference`) VALUES
(1, 1, 'Beatae corporis sit', '874596', 954.00, '2020-07-07', NULL, 'Voluptas incidunt a', NULL, 1, 1, 1, '2022-10-01 13:22:35', '2022-10-01 13:24:33', NULL),
(2, 4, 'Neque architecto aut', '89654', 841.00, '2020-08-09', NULL, 'Officiis dolor fugia', NULL, 1, 1, 1, '2022-10-01 13:22:50', '2022-10-01 13:24:17', NULL),
(3, 3, 'Pizza for all Staffs', '987456', 544.00, '2021-05-08', NULL, 'Sint non ullamco eum', 'background-border_1664652223.png', 1, 1, 1, '2022-10-01 13:23:43', '2022-10-01 13:24:02', NULL),
(4, 5, 'Voluptate qui ex cup', '98654', 740.00, '2022-01-22', NULL, 'Qui cumque in aut ma', NULL, 1, 1, NULL, '2022-10-01 13:25:03', '2022-10-01 13:25:03', NULL),
(5, 1, 'Ut laboriosam eum e', '87459', 740.00, '2022-04-28', 4, 'Sequi perspiciatis', NULL, 1, 1, 1, '2022-10-01 13:25:25', '2023-02-13 12:06:11', NULL),
(6, 2, 'Quia inventore ex co', '89456', 214.00, '2019-12-19', NULL, 'Sint dolorem sit si', 'background-border_1664652398.png', 1, 1, NULL, '2022-10-01 13:26:38', '2022-10-01 13:26:38', NULL),
(7, 2, 'Tempor voluptates no', '57854', 961.00, '2023-02-10', 5, 'Et voluptas earum ad', NULL, 1, 1, 1, '2023-02-13 12:07:13', '2023-02-13 12:07:29', NULL),
(8, 4, 'Tempor qui id ea non', '4454', 844.00, '2023-08-12', 5, 'Occaecat ut enim con', NULL, 1, 1, NULL, '2023-08-25 06:34:50', '2023-08-25 06:34:50', 'Facere exercitation'),
(9, 1, 'Voluptatibus sint so', '46546', 920.00, '2023-05-09', 3, 'Exercitationem volup', NULL, 1, 1, 1, '2023-08-25 06:43:48', '2023-08-25 06:43:59', 'Omnis velit dolores');

-- --------------------------------------------------------

--
-- Table structure for table `expense_categories`
--

CREATE TABLE `expense_categories` (
  `id` int UNSIGNED NOT NULL,
  `title` varchar(191) CHARACTER SET utf8mb4 COLLATE utf8mb4_unicode_ci NOT NULL,
  `slug` varchar(191) CHARACTER SET utf8mb4 COLLATE utf8mb4_unicode_ci NOT NULL,
  `description` text CHARACTER SET utf8mb4 COLLATE utf8mb4_unicode_ci,
  `status` tinyint(1) NOT NULL DEFAULT '1',
  `created_at` timestamp NULL DEFAULT NULL,
  `updated_at` timestamp NULL DEFAULT NULL
) ENGINE=InnoDB DEFAULT CHARSET=utf8mb4 COLLATE=utf8mb4_unicode_ci;

--
-- Dumping data for table `expense_categories`
--

INSERT INTO `expense_categories` (`id`, `title`, `slug`, `description`, `status`, `created_at`, `updated_at`) VALUES
(1, 'Electricity BIll', 'electricity-bill', NULL, 1, '2022-09-30 14:09:42', '2022-09-30 14:09:42'),
(2, 'Internet Bill', 'internet-bill', NULL, 1, '2022-09-30 14:10:08', '2022-09-30 14:10:08'),
(3, 'Snacks', 'snacks', NULL, 1, '2022-09-30 14:10:40', '2022-09-30 14:10:40'),
(4, 'Stationery Purchase', 'stationery-purchase', NULL, 1, '2022-10-01 04:11:52', '2022-10-01 04:11:52'),
(5, 'Flower', 'flower', NULL, 1, '2022-10-01 04:12:06', '2022-10-01 04:12:06');

-- --------------------------------------------------------

--
-- Table structure for table `extended_profiles`
--

CREATE TABLE `extended_profiles` (
  `id` bigint UNSIGNED NOT NULL,
  `university_id` bigint UNSIGNED DEFAULT NULL,
  `student_data` json DEFAULT NULL,
  `student_files` json DEFAULT NULL,
  `outgoing_students` json DEFAULT NULL,
  `outgoing_files` json DEFAULT NULL,
  `teacher_data` json DEFAULT NULL,
  `teacher_files` json DEFAULT NULL,
  `total_teachers` json DEFAULT NULL,
  `institution_expenditures` json DEFAULT NULL,
  `institution_files` json DEFAULT NULL,
  `created_at` timestamp NULL DEFAULT NULL,
  `updated_at` timestamp NULL DEFAULT NULL
) ENGINE=InnoDB DEFAULT CHARSET=utf8mb4 COLLATE=utf8mb4_unicode_ci;

--
-- Dumping data for table `extended_profiles`
--

INSERT INTO `extended_profiles` (`id`, `university_id`, `student_data`, `student_files`, `outgoing_students`, `outgoing_files`, `teacher_data`, `teacher_files`, `total_teachers`, `institution_expenditures`, `institution_files`, `created_at`, `updated_at`) VALUES
(5, NULL, '[{\"year\": \"2022\", \"count\": \"7\"}, {\"year\": \"2024\", \"count\": \"9\"}]', '[{\"file\": \"https://www.youtube.com/\", \"title\": \"j\"}, {\"file\": \"https://www.youtube.com/\", \"title\": \"k\"}]', '[{\"year\": \"2024\", \"count\": \"7\"}, {\"year\": \"2023\", \"count\": \"3\"}]', '[{\"file\": \"https://www.youtube.com/\", \"title\": \"mj\"}, {\"file\": \"https://www.youtube.com/\", \"title\": \"j\"}]', '[{\"year\": \"2020-21\", \"count\": \"7\"}, {\"year\": \"2018-19\", \"count\": \"8\"}]', '[{\"file\": \"https://www.youtube.com/\", \"title\": \"n\"}, {\"file\": \"https://www.youtube.com/\", \"title\": \"h\"}]', '[{\"doc\": \"https://www.youtube.com/\", \"unique\": \"5\"}, {\"doc\": \"https://www.youtube.com/\", \"unique\": \"8\"}]', '[{\"year\": \"2020-21\", \"expenditure\": \"0987654\"}, {\"year\": \"2021-22\", \"expenditure\": \"098765\"}, {\"year\": \"2018-19\", \"expenditure\": \"09876543\"}]', '[{\"file\": \"https://www.youtube.com/\", \"title\": \"jh\"}, {\"file\": \"https://www.youtube.com/\", \"title\": \"h\"}]', '2025-07-01 03:42:50', '2025-07-01 03:52:32');

-- --------------------------------------------------------

--
-- Table structure for table `faculties`
--

CREATE TABLE `faculties` (
  `id` int UNSIGNED NOT NULL,
  `title` varchar(191) CHARACTER SET utf8mb4 COLLATE utf8mb4_unicode_ci NOT NULL,
  `slug` varchar(191) CHARACTER SET utf8mb4 COLLATE utf8mb4_unicode_ci NOT NULL,
  `shortcode` varchar(191) CHARACTER SET utf8mb4 COLLATE utf8mb4_unicode_ci DEFAULT NULL,
  `status` tinyint(1) NOT NULL DEFAULT '1',
  `created_at` timestamp NULL DEFAULT NULL,
  `updated_at` timestamp NULL DEFAULT NULL
) ENGINE=InnoDB DEFAULT CHARSET=utf8mb4 COLLATE=utf8mb4_unicode_ci;

--
-- Dumping data for table `faculties`
--

INSERT INTO `faculties` (`id`, `title`, `slug`, `shortcode`, `status`, `created_at`, `updated_at`) VALUES
(5, 'UNDERGRADUATE', 'undergraduate', 'UG', 1, '2025-04-24 16:18:19', '2025-04-24 17:49:10'),
(6, 'POST GRADUATE', 'post-graduate', 'PG', 1, '2025-04-24 16:18:42', '2025-06-17 23:48:48'),
(7, 'Higher Secondary', 'higher-secondary', 'HSC', 1, '2026-02-12 12:18:38', '2026-02-12 12:18:57');

-- --------------------------------------------------------

--
-- Table structure for table `failed_jobs`
--

CREATE TABLE `failed_jobs` (
  `id` bigint UNSIGNED NOT NULL,
  `uuid` varchar(191) CHARACTER SET utf8mb4 COLLATE utf8mb4_unicode_ci NOT NULL,
  `connection` text CHARACTER SET utf8mb4 COLLATE utf8mb4_unicode_ci NOT NULL,
  `queue` text CHARACTER SET utf8mb4 COLLATE utf8mb4_unicode_ci NOT NULL,
  `payload` longtext CHARACTER SET utf8mb4 COLLATE utf8mb4_unicode_ci NOT NULL,
  `exception` longtext CHARACTER SET utf8mb4 COLLATE utf8mb4_unicode_ci NOT NULL,
  `failed_at` timestamp NOT NULL DEFAULT CURRENT_TIMESTAMP
) ENGINE=InnoDB DEFAULT CHARSET=utf8mb4 COLLATE=utf8mb4_unicode_ci;

-- --------------------------------------------------------

--
-- Table structure for table `faqs`
--

CREATE TABLE `faqs` (
  `id` int UNSIGNED NOT NULL,
  `language_id` int UNSIGNED NOT NULL,
  `title` varchar(191) CHARACTER SET utf8mb4 COLLATE utf8mb4_unicode_ci NOT NULL,
  `description` longtext CHARACTER SET utf8mb4 COLLATE utf8mb4_unicode_ci NOT NULL,
  `icon` varchar(191) CHARACTER SET utf8mb4 COLLATE utf8mb4_unicode_ci DEFAULT NULL,
  `status` tinyint(1) NOT NULL DEFAULT '1',
  `created_at` timestamp NULL DEFAULT NULL,
  `updated_at` timestamp NULL DEFAULT NULL
) ENGINE=InnoDB DEFAULT CHARSET=utf8mb4 COLLATE=utf8mb4_unicode_ci;

--
-- Dumping data for table `faqs`
--

INSERT INTO `faqs` (`id`, `language_id`, `title`, `description`, `icon`, `status`, `created_at`, `updated_at`) VALUES
(1, 1, 'What is the minimum qualification for admission?', 'Our community is being called to reimagine the future. As the only university where a renowned design school comes together with premier colleges, we are making learning more relevant and transformational. We are enriched by the wide range.', NULL, 1, '2023-08-24 15:56:49', '2023-08-24 15:56:49'),
(2, 1, 'What the required document for admission?', 'Our community is being called to reimagine the future. As the only university where a renowned design school comes together with premier colleges, we are making learning more relevant and transformational. We are enriched by the wide range.', NULL, 1, '2023-08-24 15:57:23', '2023-08-24 15:57:23'),
(3, 1, 'What is the admission process?', 'Our community is being called to reimagine the future. As the only university where a renowned design school comes together with premier colleges, we are making learning more relevant and transformational. We are enriched by the wide range.', NULL, 1, '2023-08-24 15:57:54', '2023-08-24 15:57:54'),
(4, 1, 'How to apply for under graduation?', 'Our community is being called to reimagine the future. As the only university where a renowned design school comes together with premier colleges, we are making learning more relevant and transformational. We are enriched by the wide range.', NULL, 1, '2023-08-24 15:58:32', '2023-08-24 15:58:32'),
(5, 1, 'How much is admission fees?', 'Our community is being called to reimagine the future. As the only university where a renowned design school comes together with premier colleges, we are making learning more relevant and transformational. We are enriched by the wide range.', NULL, 1, '2023-08-24 15:59:16', '2023-08-24 15:59:16');

-- --------------------------------------------------------

--
-- Table structure for table `features`
--

CREATE TABLE `features` (
  `id` int UNSIGNED NOT NULL,
  `language_id` int UNSIGNED NOT NULL,
  `title` varchar(191) CHARACTER SET utf8mb4 COLLATE utf8mb4_unicode_ci NOT NULL,
  `description` longtext CHARACTER SET utf8mb4 COLLATE utf8mb4_unicode_ci NOT NULL,
  `icon` varchar(191) CHARACTER SET utf8mb4 COLLATE utf8mb4_unicode_ci DEFAULT NULL,
  `attach` text CHARACTER SET utf8mb4 COLLATE utf8mb4_unicode_ci,
  `status` tinyint(1) NOT NULL DEFAULT '1',
  `created_at` timestamp NULL DEFAULT NULL,
  `updated_at` timestamp NULL DEFAULT NULL
) ENGINE=InnoDB DEFAULT CHARSET=utf8mb4 COLLATE=utf8mb4_unicode_ci;

--
-- Dumping data for table `features`
--

INSERT INTO `features` (`id`, `language_id`, `title`, `description`, `icon`, `attach`, `status`, `created_at`, `updated_at`) VALUES
(1, 1, 'Education Services', 'Seamlessly visualize quality ellectual capital without superior collaboration and idea sharing listically', NULL, NULL, 1, '2023-08-24 15:54:29', '2023-08-24 15:54:29'),
(2, 1, 'International Hubs', 'Seamlessly visualize quality ellectual capital without superior collaboration and idea sharing listically', NULL, NULL, 1, '2023-08-24 15:54:48', '2023-08-24 15:54:48'),
(3, 1, 'Bachelor’s and Master’s', 'Seamlessly visualize quality ellectual capital without superior collaboration and idea sharing listically', NULL, NULL, 1, '2023-08-24 15:55:08', '2023-08-24 15:55:08');

-- --------------------------------------------------------

--
-- Table structure for table `fees`
--

CREATE TABLE `fees` (
  `id` bigint UNSIGNED NOT NULL,
  `student_enroll_id` bigint UNSIGNED NOT NULL,
  `category_id` int UNSIGNED NOT NULL,
  `fee_amount` double(10,2) NOT NULL,
  `fine_amount` double(10,2) NOT NULL DEFAULT '0.00',
  `discount_amount` double(10,2) NOT NULL DEFAULT '0.00',
  `paid_amount` double(10,2) NOT NULL,
  `assign_date` date NOT NULL,
  `due_date` date NOT NULL,
  `pay_date` date DEFAULT NULL,
  `payment_method` int DEFAULT NULL,
  `note` text CHARACTER SET utf8mb4 COLLATE utf8mb4_unicode_ci,
  `status` int NOT NULL DEFAULT '0' COMMENT '0 Unpaid, 1 Paid',
  `created_by` bigint UNSIGNED DEFAULT NULL,
  `updated_by` bigint UNSIGNED DEFAULT NULL,
  `created_at` timestamp NULL DEFAULT NULL,
  `updated_at` timestamp NULL DEFAULT NULL
) ENGINE=InnoDB DEFAULT CHARSET=utf8mb4 COLLATE=utf8mb4_unicode_ci;

--
-- Dumping data for table `fees`
--

INSERT INTO `fees` (`id`, `student_enroll_id`, `category_id`, `fee_amount`, `fine_amount`, `discount_amount`, `paid_amount`, `assign_date`, `due_date`, `pay_date`, `payment_method`, `note`, `status`, `created_by`, `updated_by`, `created_at`, `updated_at`) VALUES
(1, 1, 1, 3500.00, 0.00, 300.00, 3200.00, '2022-10-03', '2022-10-13', '2022-10-04', 3, NULL, 1, 1, 1, '2022-10-03 12:31:20', '2022-10-04 09:22:54'),
(2, 2, 1, 3500.00, 0.00, 350.00, 3150.00, '2022-10-03', '2022-10-13', NULL, NULL, NULL, 0, 1, 1, '2022-10-03 12:31:20', '2022-10-04 09:22:16'),
(3, 3, 1, 3500.00, 0.00, 0.00, 0.00, '2022-10-03', '2022-10-13', NULL, NULL, NULL, 2, 1, 1, '2022-10-03 12:31:20', '2022-10-03 14:24:47'),
(4, 4, 1, 3500.00, 0.00, 300.00, 3200.00, '2022-10-03', '2022-10-13', '2022-10-04', 5, 'Online', 1, 1, 1, '2022-10-03 12:31:20', '2022-10-04 09:23:56'),
(5, 7, 1, 4500.00, 0.00, 450.00, 4050.00, '2022-10-03', '2022-10-03', '2022-10-03', 2, NULL, 1, NULL, 1, '2022-10-03 13:38:36', '2022-10-03 13:39:15'),
(6, 5, 2, 2000.00, 0.00, 0.00, 0.00, '2022-10-04', '2022-10-20', NULL, NULL, NULL, 0, 1, NULL, '2022-10-04 07:26:59', '2022-10-04 07:26:59'),
(7, 6, 2, 2000.00, 0.00, 0.00, 0.00, '2022-10-04', '2022-10-20', NULL, NULL, NULL, 0, 1, NULL, '2022-10-04 07:26:59', '2022-10-04 07:26:59'),
(8, 7, 2, 2000.00, 0.00, 0.00, 0.00, '2022-10-04', '2022-10-20', NULL, NULL, NULL, 0, 1, NULL, '2022-10-04 07:26:59', '2022-10-04 07:26:59'),
(9, 8, 2, 2000.00, 0.00, 0.00, 0.00, '2022-10-04', '2022-10-20', NULL, NULL, NULL, 0, 1, NULL, '2022-10-04 07:26:59', '2022-10-04 07:26:59'),
(10, 9, 2, 2000.00, 0.00, 200.00, 1800.00, '2022-10-04', '2022-10-20', '2023-08-25', 2, NULL, 1, 1, 1, '2022-10-04 07:26:59', '2023-08-25 06:29:56'),
(11, 10, 2, 2000.00, 0.00, 0.00, 0.00, '2022-10-04', '2022-10-20', NULL, NULL, NULL, 0, 1, NULL, '2022-10-04 07:26:59', '2022-10-04 07:26:59'),
(12, 11, 2, 2000.00, 0.00, 0.00, 0.00, '2022-10-04', '2022-10-20', NULL, NULL, NULL, 0, 1, NULL, '2022-10-04 07:26:59', '2022-10-04 07:26:59'),
(13, 12, 2, 2000.00, 0.00, 200.00, 1800.00, '2022-10-04', '2022-10-20', '2022-10-04', 4, NULL, 1, 1, 1, '2022-10-04 07:26:59', '2022-10-04 10:23:58'),
(14, 13, 2, 2000.00, 0.00, 200.00, 1800.00, '2022-10-04', '2022-10-20', '2023-08-25', 3, NULL, 1, 1, 1, '2022-10-04 07:26:59', '2023-08-25 06:29:24'),
(15, 14, 2, 2000.00, 0.00, 200.00, 1800.00, '2022-10-04', '2022-10-20', '2022-10-04', 1, NULL, 1, 1, 1, '2022-10-04 07:26:59', '2022-10-04 10:11:26'),
(16, 15, 2, 2000.00, 0.00, 0.00, 0.00, '2022-10-04', '2022-10-20', NULL, NULL, NULL, 0, 1, NULL, '2022-10-04 07:26:59', '2022-10-04 07:26:59'),
(17, 16, 2, 2000.00, 0.00, 200.00, 1800.00, '2022-10-04', '2022-10-20', '2022-10-04', 3, NULL, 1, 1, 1, '2022-10-04 07:26:59', '2022-10-04 10:11:18'),
(18, 17, 2, 2000.00, 0.00, 0.00, 0.00, '2022-10-04', '2022-10-20', NULL, NULL, NULL, 0, 1, NULL, '2022-10-04 07:26:59', '2022-10-04 07:26:59'),
(19, 18, 2, 2000.00, 0.00, 200.00, 1800.00, '2022-10-04', '2022-10-20', '2022-10-04', 2, 'Testing', 1, 1, 1, '2022-10-04 07:26:59', '2022-10-04 09:21:36'),
(20, 5, 3, 2000.00, 0.00, 200.00, 1800.00, '2023-02-13', '2023-02-28', '2023-02-13', 1, 'Paid', 1, 1, 1, '2023-02-13 11:53:18', '2023-02-13 11:55:00'),
(21, 6, 3, 2000.00, 0.00, 0.00, 0.00, '2023-02-13', '2023-02-28', NULL, NULL, NULL, 0, 1, NULL, '2023-02-13 11:53:18', '2023-02-13 11:53:18'),
(22, 7, 3, 2000.00, 0.00, 0.00, 0.00, '2023-02-13', '2023-02-28', NULL, NULL, NULL, 0, 1, NULL, '2023-02-13 11:53:18', '2023-02-13 11:53:18'),
(23, 8, 3, 2000.00, 0.00, 200.00, 1800.00, '2023-02-13', '2023-02-28', '2023-02-13', 2, NULL, 1, 1, 1, '2023-02-13 11:53:18', '2023-02-13 11:54:05'),
(24, 17, 3, 2000.00, 0.00, 0.00, 0.00, '2023-02-13', '2023-02-28', NULL, NULL, NULL, 0, 1, NULL, '2023-02-13 11:53:18', '2023-02-13 11:53:18'),
(25, 18, 3, 350.00, 0.00, 0.00, 0.00, '2024-09-30', '2024-09-30', NULL, NULL, NULL, 0, 1, NULL, '2024-09-30 12:49:30', '2024-09-30 12:49:30'),
(26, 25, 1, 2000.00, 0.00, 0.00, 0.00, '2025-04-26', '2025-04-26', NULL, NULL, NULL, 2, 1, 1, '2025-04-26 14:37:04', '2025-05-26 13:48:52'),
(27, 25, 1, 1.00, 0.00, 0.00, 0.00, '2025-04-26', '2025-04-26', NULL, NULL, NULL, 2, 1, 1, '2025-04-26 14:40:16', '2025-04-26 14:41:03'),
(28, 38, 1, 100000.00, 0.00, 0.00, 0.00, '2025-04-30', '2025-04-30', NULL, NULL, NULL, 2, 1, 1, '2025-04-30 12:09:44', '2025-05-26 13:48:48'),
(29, 38, 1, 100000.00, 0.00, 0.00, 100000.00, '2025-04-30', '2025-04-30', '2025-04-30', 2, 'done', 1, NULL, 1, '2025-04-30 12:10:56', '2025-04-30 12:10:56'),
(30, 65, 1, 20000.00, 0.00, 0.00, 0.00, '2025-05-26', '2025-05-26', NULL, NULL, NULL, 2, 1, 1, '2025-05-26 13:44:26', '2025-05-26 13:48:43'),
(31, 65, 1, 20000.00, 0.00, 0.00, 0.00, '2025-05-26', '2025-05-26', NULL, NULL, NULL, 2, 1, 1, '2025-05-26 13:44:30', '2025-05-26 13:48:34'),
(32, 65, 1, 20000.00, 0.00, 0.00, 0.00, '2025-05-26', '2025-05-26', NULL, NULL, NULL, 2, 1, 1, '2025-05-26 13:46:19', '2025-05-26 13:48:29'),
(33, 65, 1, 3000.00, 0.00, 0.00, 0.00, '2025-05-26', '2025-05-26', NULL, NULL, NULL, 2, 1, 1, '2025-05-26 13:47:58', '2025-05-26 13:48:24'),
(34, 65, 1, 5000.00, 0.00, 0.00, 5000.00, '2025-05-26', '2025-05-26', '2025-05-26', 2, NULL, 1, 1, 1, '2025-05-26 13:58:19', '2025-05-26 13:58:41'),
(35, 65, 1, 5000.00, 0.00, 0.00, 5000.00, '2025-05-26', '2025-05-26', '2025-05-26', 1, 'test', 1, 1, 1, '2025-05-26 14:01:37', '2025-05-26 14:02:24'),
(36, 25, 1, 1000.00, 0.00, 0.00, 0.00, '2025-06-16', '2025-06-16', NULL, NULL, NULL, 0, 1, NULL, '2025-06-16 18:00:11', '2025-06-16 18:00:11'),
(37, 71, 1, 50.00, 0.00, 0.00, 50.00, '2026-02-12', '2026-02-12', '2026-02-12', 2, 'done', 1, 1, 1, '2026-02-12 18:05:29', '2026-02-12 18:06:36'),
(38, 71, 1, 0.00, 0.00, 0.00, 0.00, '2026-02-12', '2026-02-12', '2026-02-12', 2, NULL, 1, NULL, 1, '2026-02-12 18:07:12', '2026-02-12 18:07:12'),
(39, 71, 1, 0.00, 0.00, 0.00, 0.00, '2026-02-12', '2026-02-12', '2026-02-12', 2, NULL, 1, NULL, 1, '2026-02-12 18:07:13', '2026-02-12 18:07:13');

-- --------------------------------------------------------

--
-- Table structure for table `fees_categories`
--

CREATE TABLE `fees_categories` (
  `id` int UNSIGNED NOT NULL,
  `title` varchar(191) CHARACTER SET utf8mb4 COLLATE utf8mb4_unicode_ci NOT NULL,
  `slug` varchar(191) CHARACTER SET utf8mb4 COLLATE utf8mb4_unicode_ci NOT NULL,
  `description` text CHARACTER SET utf8mb4 COLLATE utf8mb4_unicode_ci,
  `status` tinyint(1) NOT NULL DEFAULT '1',
  `created_at` timestamp NULL DEFAULT NULL,
  `updated_at` timestamp NULL DEFAULT NULL
) ENGINE=InnoDB DEFAULT CHARSET=utf8mb4 COLLATE=utf8mb4_unicode_ci;

--
-- Dumping data for table `fees_categories`
--

INSERT INTO `fees_categories` (`id`, `title`, `slug`, `description`, `status`, `created_at`, `updated_at`) VALUES
(1, 'Admission Fees', 'admission-fees', NULL, 1, NULL, '2022-10-01 04:21:10'),
(2, 'Semester Fees', 'semester-fees', NULL, 1, NULL, '2022-10-01 04:21:21'),
(3, 'Exam Fees', 'exam-fees', NULL, 1, NULL, '2022-10-01 04:21:16');

-- --------------------------------------------------------

--
-- Table structure for table `fees_category_fees_discount`
--

CREATE TABLE `fees_category_fees_discount` (
  `fees_category_id` int UNSIGNED NOT NULL,
  `fees_discount_id` int UNSIGNED NOT NULL
) ENGINE=InnoDB DEFAULT CHARSET=utf8mb4 COLLATE=utf8mb4_unicode_ci;

--
-- Dumping data for table `fees_category_fees_discount`
--

INSERT INTO `fees_category_fees_discount` (`fees_category_id`, `fees_discount_id`) VALUES
(3, 3),
(2, 3),
(1, 2);

-- --------------------------------------------------------

--
-- Table structure for table `fees_category_fees_fine`
--

CREATE TABLE `fees_category_fees_fine` (
  `fees_category_id` int UNSIGNED NOT NULL,
  `fees_fine_id` int UNSIGNED NOT NULL
) ENGINE=InnoDB DEFAULT CHARSET=utf8mb4 COLLATE=utf8mb4_unicode_ci;

--
-- Dumping data for table `fees_category_fees_fine`
--

INSERT INTO `fees_category_fees_fine` (`fees_category_id`, `fees_fine_id`) VALUES
(1, 1),
(3, 1),
(2, 1),
(1, 2),
(3, 2),
(2, 2);

-- --------------------------------------------------------

--
-- Table structure for table `fees_discounts`
--

CREATE TABLE `fees_discounts` (
  `id` int UNSIGNED NOT NULL,
  `title` varchar(191) CHARACTER SET utf8mb4 COLLATE utf8mb4_unicode_ci NOT NULL,
  `start_date` date NOT NULL,
  `end_date` date NOT NULL,
  `amount` decimal(10,2) NOT NULL,
  `type` int NOT NULL DEFAULT '1' COMMENT '1 Fixed & 2 Percentange',
  `status` tinyint(1) NOT NULL DEFAULT '1',
  `created_at` timestamp NULL DEFAULT NULL,
  `updated_at` timestamp NULL DEFAULT NULL
) ENGINE=InnoDB DEFAULT CHARSET=utf8mb4 COLLATE=utf8mb4_unicode_ci;

--
-- Dumping data for table `fees_discounts`
--

INSERT INTO `fees_discounts` (`id`, `title`, `start_date`, `end_date`, `amount`, `type`, `status`, `created_at`, `updated_at`) VALUES
(2, 'Winter Discount', '2022-10-03', '2022-10-31', 300.00, 1, 1, '2022-10-03 13:14:13', '2022-10-04 08:50:10'),
(3, 'Covid-19 Discount', '2022-10-04', '2023-10-04', 10.00, 2, 1, '2022-10-04 08:48:04', '2022-10-04 08:50:20');

-- --------------------------------------------------------

--
-- Table structure for table `fees_discount_status_type`
--

CREATE TABLE `fees_discount_status_type` (
  `fees_discount_id` int UNSIGNED NOT NULL,
  `status_type_id` int UNSIGNED NOT NULL
) ENGINE=InnoDB DEFAULT CHARSET=utf8mb4 COLLATE=utf8mb4_unicode_ci;

--
-- Dumping data for table `fees_discount_status_type`
--

INSERT INTO `fees_discount_status_type` (`fees_discount_id`, `status_type_id`) VALUES
(2, 2),
(2, 7),
(2, 4),
(2, 1),
(2, 3),
(2, 5),
(2, 6),
(3, 2),
(3, 7),
(3, 4),
(3, 1),
(3, 3),
(3, 5);

-- --------------------------------------------------------

--
-- Table structure for table `fees_fines`
--

CREATE TABLE `fees_fines` (
  `id` int UNSIGNED NOT NULL,
  `start_day` int NOT NULL,
  `end_day` int NOT NULL,
  `amount` decimal(10,2) NOT NULL,
  `type` int NOT NULL DEFAULT '1' COMMENT '1 Fixed, 2 Percentage',
  `status` tinyint(1) NOT NULL DEFAULT '1',
  `created_at` timestamp NULL DEFAULT NULL,
  `updated_at` timestamp NULL DEFAULT NULL
) ENGINE=InnoDB DEFAULT CHARSET=utf8mb4 COLLATE=utf8mb4_unicode_ci;

--
-- Dumping data for table `fees_fines`
--

INSERT INTO `fees_fines` (`id`, `start_day`, `end_day`, `amount`, `type`, `status`, `created_at`, `updated_at`) VALUES
(1, 1, 5, 15.00, 2, 1, '2022-09-30 13:58:24', '2022-09-30 13:58:24'),
(2, 6, 30, 500.00, 1, 1, '2022-09-30 13:58:59', '2022-09-30 13:58:59');

-- --------------------------------------------------------

--
-- Table structure for table `fees_masters`
--

CREATE TABLE `fees_masters` (
  `id` bigint UNSIGNED NOT NULL,
  `category_id` int UNSIGNED NOT NULL,
  `faculty_id` int UNSIGNED DEFAULT NULL,
  `program_id` int UNSIGNED DEFAULT NULL,
  `session_id` int UNSIGNED DEFAULT NULL,
  `semester_id` int UNSIGNED DEFAULT NULL,
  `section_id` int UNSIGNED DEFAULT NULL,
  `amount` decimal(10,2) NOT NULL,
  `assign_date` date NOT NULL,
  `due_date` date NOT NULL,
  `status` tinyint(1) NOT NULL DEFAULT '1',
  `created_by` bigint UNSIGNED DEFAULT NULL,
  `updated_by` bigint UNSIGNED DEFAULT NULL,
  `created_at` timestamp NULL DEFAULT NULL,
  `updated_at` timestamp NULL DEFAULT NULL,
  `type` int NOT NULL DEFAULT '1' COMMENT '1 Fixed, 2 Per Credit'
) ENGINE=InnoDB DEFAULT CHARSET=utf8mb4 COLLATE=utf8mb4_unicode_ci;

--
-- Dumping data for table `fees_masters`
--

INSERT INTO `fees_masters` (`id`, `category_id`, `faculty_id`, `program_id`, `session_id`, `semester_id`, `section_id`, `amount`, `assign_date`, `due_date`, `status`, `created_by`, `updated_by`, `created_at`, `updated_at`, `type`) VALUES
(1, 1, 2, 3, 3, 0, 0, 3500.00, '2022-10-03', '2022-10-13', 1, 1, NULL, '2022-10-03 12:31:20', '2022-10-03 12:31:20', 1),
(2, 2, 0, 0, 0, 0, 0, 2000.00, '2022-10-04', '2022-10-20', 1, 1, NULL, '2022-10-04 07:26:59', '2022-10-04 07:26:59', 1),
(3, 3, 2, 2, 0, 0, 0, 200.00, '2023-02-13', '2023-02-28', 1, 1, NULL, '2023-02-13 11:53:18', '2023-02-13 11:53:18', 2);

-- --------------------------------------------------------

--
-- Table structure for table `fees_master_student_enroll`
--

CREATE TABLE `fees_master_student_enroll` (
  `fees_master_id` bigint UNSIGNED NOT NULL,
  `student_enroll_id` bigint UNSIGNED NOT NULL
) ENGINE=InnoDB DEFAULT CHARSET=utf8mb4 COLLATE=utf8mb4_unicode_ci;

-- --------------------------------------------------------

--
-- Table structure for table `fields`
--

CREATE TABLE `fields` (
  `id` int UNSIGNED NOT NULL,
  `slug` varchar(191) CHARACTER SET utf8mb4 COLLATE utf8mb4_unicode_ci NOT NULL,
  `status` tinyint(1) NOT NULL DEFAULT '1',
  `created_at` timestamp NULL DEFAULT NULL,
  `updated_at` timestamp NULL DEFAULT NULL
) ENGINE=InnoDB DEFAULT CHARSET=utf8mb4 COLLATE=utf8mb4_unicode_ci;

--
-- Dumping data for table `fields`
--

INSERT INTO `fields` (`id`, `slug`, `status`, `created_at`, `updated_at`) VALUES
(71, 'user_father_name', 1, NULL, NULL),
(72, 'user_mother_name', 1, NULL, NULL),
(73, 'user_joining_date', 1, NULL, NULL),
(74, 'user_ending_date', 1, NULL, NULL),
(75, 'user_emergency_phone', 1, NULL, NULL),
(76, 'user_religion', 0, NULL, NULL),
(77, 'user_caste', 0, NULL, NULL),
(78, 'user_mother_tongue', 0, NULL, NULL),
(79, 'user_nationality', 0, NULL, NULL),
(80, 'user_marital_status', 1, NULL, NULL),
(81, 'user_blood_group', 1, NULL, NULL),
(82, 'user_national_id', 1, NULL, NULL),
(83, 'user_passport_no', 1, NULL, NULL),
(84, 'user_address', 1, NULL, NULL),
(85, 'user_education', 1, NULL, NULL),
(86, 'user_epf_no', 1, NULL, NULL),
(87, 'user_bank_account', 1, NULL, NULL),
(88, 'user_signature', 1, NULL, NULL),
(89, 'user_resume', 1, NULL, NULL),
(90, 'user_joining_letter', 1, NULL, NULL),
(91, 'user_documents', 1, NULL, NULL),
(92, 'student_father_name', 1, NULL, NULL),
(93, 'student_mother_name', 1, NULL, NULL),
(94, 'student_father_occupation', 1, NULL, NULL),
(95, 'student_mother_occupation', 1, NULL, NULL),
(96, 'student_emergency_phone', 1, NULL, NULL),
(97, 'student_religion', 1, NULL, NULL),
(98, 'student_caste', 0, NULL, NULL),
(99, 'student_mother_tongue', 0, NULL, NULL),
(100, 'student_nationality', 0, NULL, NULL),
(101, 'student_marital_status', 1, NULL, NULL),
(102, 'student_blood_group', 1, NULL, NULL),
(103, 'student_national_id', 1, NULL, NULL),
(104, 'student_passport_no', 1, NULL, NULL),
(105, 'student_address', 1, NULL, NULL),
(106, 'student_school_info', 1, NULL, NULL),
(107, 'student_collage_info', 1, NULL, NULL),
(108, 'student_relatives', 1, NULL, NULL),
(109, 'student_school_transcript', 1, NULL, NULL),
(110, 'student_school_certificate', 1, NULL, NULL),
(111, 'student_collage_transcript', 1, NULL, NULL),
(112, 'student_collage_certificate', 1, NULL, NULL),
(113, 'student_photo', 1, NULL, NULL),
(114, 'student_signature', 1, NULL, NULL),
(115, 'student_documents', 1, NULL, NULL),
(116, 'application_father_name', 1, NULL, NULL),
(117, 'application_mother_name', 1, NULL, NULL),
(118, 'application_father_occupation', 1, NULL, NULL),
(119, 'application_mother_occupation', 1, NULL, NULL),
(120, 'application_emergency_phone', 0, NULL, NULL),
(121, 'application_religion', 0, NULL, NULL),
(122, 'application_caste', 0, NULL, NULL),
(123, 'application_mother_tongue', 0, NULL, NULL),
(124, 'application_nationality', 0, NULL, NULL),
(125, 'application_marital_status', 1, NULL, NULL),
(126, 'application_blood_group', 1, NULL, NULL),
(127, 'application_national_id', 1, NULL, NULL),
(128, 'application_passport_no', 1, NULL, NULL),
(129, 'application_address', 1, NULL, NULL),
(130, 'application_school_info', 1, NULL, NULL),
(131, 'application_collage_info', 1, NULL, NULL),
(132, 'application_school_transcript', 1, NULL, NULL),
(133, 'application_school_certificate', 1, NULL, NULL),
(134, 'application_collage_transcript', 1, NULL, NULL),
(135, 'application_collage_certificate', 1, NULL, NULL),
(136, 'application_photo', 1, NULL, NULL),
(137, 'application_signature', 1, NULL, NULL),
(138, 'panel_class_routine', 1, NULL, NULL),
(139, 'panel_exam_routine', 1, NULL, NULL),
(140, 'panel_attendance', 1, NULL, NULL),
(141, 'panel_leave', 1, NULL, NULL),
(142, 'panel_fees_report', 1, NULL, NULL),
(143, 'panel_online_exam', 1, NULL, NULL),
(144, 'panel_library', 1, NULL, NULL),
(145, 'panel_notice', 1, NULL, NULL),
(146, 'panel_assignment', 1, NULL, NULL),
(147, 'panel_syllabus', 1, NULL, NULL),
(148, 'panel_download', 1, NULL, NULL),
(149, 'panel_tutorial', 1, NULL, NULL),
(150, 'panel_transcript', 1, NULL, NULL),
(151, 'panel_profile', 1, NULL, NULL);

-- --------------------------------------------------------

--
-- Table structure for table `galleries`
--

CREATE TABLE `galleries` (
  `id` int UNSIGNED NOT NULL,
  `language_id` int UNSIGNED NOT NULL,
  `title` varchar(191) CHARACTER SET utf8mb4 COLLATE utf8mb4_unicode_ci DEFAULT NULL,
  `description` longtext CHARACTER SET utf8mb4 COLLATE utf8mb4_unicode_ci,
  `attach` text CHARACTER SET utf8mb4 COLLATE utf8mb4_unicode_ci,
  `status` tinyint(1) NOT NULL DEFAULT '1',
  `created_at` timestamp NULL DEFAULT NULL,
  `updated_at` timestamp NULL DEFAULT NULL
) ENGINE=InnoDB DEFAULT CHARSET=utf8mb4 COLLATE=utf8mb4_unicode_ci;

--
-- Dumping data for table `galleries`
--

INSERT INTO `galleries` (`id`, `language_id`, `title`, `description`, `attach`, `status`, `created_at`, `updated_at`) VALUES
(1, 1, '01', NULL, 'protfolio_img01_1692915624.jpg', 1, '2023-08-24 16:20:24', '2023-08-24 16:20:24'),
(2, 1, '02', NULL, 'protfolio_img02_1692915631.jpg', 1, '2023-08-24 16:20:31', '2023-08-24 16:20:31'),
(3, 1, '03', NULL, 'protfolio_img03_1692915639.jpg', 1, '2023-08-24 16:20:39', '2023-08-24 16:20:39'),
(4, 1, '04', NULL, 'protfolio_img04_1692915646.jpg', 1, '2023-08-24 16:20:47', '2023-08-24 16:20:47'),
(5, 1, '05', NULL, 'protfolio_img05_1692915654.jpg', 1, '2023-08-24 16:20:55', '2023-08-24 16:20:55'),
(6, 1, '06', NULL, 'protfolio_img06_1692915663.jpg', 1, '2023-08-24 16:21:03', '2023-08-24 16:21:03');

-- --------------------------------------------------------

--
-- Table structure for table `grades`
--

CREATE TABLE `grades` (
  `id` int UNSIGNED NOT NULL,
  `title` varchar(191) CHARACTER SET utf8mb4 COLLATE utf8mb4_unicode_ci NOT NULL,
  `point` decimal(5,2) NOT NULL,
  `min_mark` decimal(5,2) NOT NULL,
  `max_mark` decimal(5,2) NOT NULL,
  `status` tinyint(1) NOT NULL DEFAULT '1',
  `created_at` timestamp NULL DEFAULT NULL,
  `updated_at` timestamp NULL DEFAULT NULL,
  `remark` text CHARACTER SET utf8mb4 COLLATE utf8mb4_unicode_ci
) ENGINE=InnoDB DEFAULT CHARSET=utf8mb4 COLLATE=utf8mb4_unicode_ci;

--
-- Dumping data for table `grades`
--

INSERT INTO `grades` (`id`, `title`, `point`, `min_mark`, `max_mark`, `status`, `created_at`, `updated_at`, `remark`) VALUES
(1, 'A', 5.00, 80.00, 100.00, 1, NULL, NULL, NULL),
(2, 'B', 4.00, 70.00, 79.99, 1, NULL, NULL, NULL),
(3, 'C', 3.00, 60.00, 69.99, 1, NULL, NULL, NULL),
(4, 'D', 2.00, 50.00, 59.99, 1, NULL, '2022-10-02 15:21:33', NULL),
(5, 'E', 1.00, 40.00, 49.99, 1, NULL, NULL, NULL),
(6, 'F', 0.00, 0.00, 39.99, 1, NULL, '2022-10-02 15:21:41', NULL);

-- --------------------------------------------------------

--
-- Table structure for table `hostels`
--

CREATE TABLE `hostels` (
  `id` int UNSIGNED NOT NULL,
  `name` varchar(191) CHARACTER SET utf8mb4 COLLATE utf8mb4_unicode_ci NOT NULL,
  `type` int NOT NULL DEFAULT '0' COMMENT '1 Boys, 2 Girls, 3 Staff, 4 Combain',
  `capacity` varchar(191) CHARACTER SET utf8mb4 COLLATE utf8mb4_unicode_ci DEFAULT NULL,
  `warden_name` varchar(191) CHARACTER SET utf8mb4 COLLATE utf8mb4_unicode_ci DEFAULT NULL,
  `warden_contact` text CHARACTER SET utf8mb4 COLLATE utf8mb4_unicode_ci,
  `address` text CHARACTER SET utf8mb4 COLLATE utf8mb4_unicode_ci,
  `note` text CHARACTER SET utf8mb4 COLLATE utf8mb4_unicode_ci,
  `status` tinyint(1) NOT NULL DEFAULT '1',
  `created_at` timestamp NULL DEFAULT NULL,
  `updated_at` timestamp NULL DEFAULT NULL
) ENGINE=InnoDB DEFAULT CHARSET=utf8mb4 COLLATE=utf8mb4_unicode_ci;

--
-- Dumping data for table `hostels`
--

INSERT INTO `hostels` (`id`, `name`, `type`, `capacity`, `warden_name`, `warden_contact`, `address`, `note`, `status`, `created_at`, `updated_at`) VALUES
(1, 'City Garden', 3, '50', NULL, NULL, 'Ut non proident pra', NULL, 1, '2023-02-13 13:04:25', '2023-02-13 13:10:40'),
(2, 'House of Mystery', 1, '150', NULL, NULL, 'Excepteur dicta magn', NULL, 1, '2023-02-13 13:04:43', '2023-02-13 13:10:47'),
(3, 'Rose and Rings', 2, '120', NULL, NULL, 'Commodo fugit quia', NULL, 1, '2023-02-13 13:05:00', '2023-02-13 13:09:47');

-- --------------------------------------------------------

--
-- Table structure for table `hostel_members`
--

CREATE TABLE `hostel_members` (
  `id` bigint UNSIGNED NOT NULL,
  `hostelable_type` varchar(191) CHARACTER SET utf8mb4 COLLATE utf8mb4_unicode_ci NOT NULL,
  `hostelable_id` bigint UNSIGNED NOT NULL,
  `hostel_room_id` int UNSIGNED NOT NULL,
  `start_date` date DEFAULT NULL,
  `end_date` date DEFAULT NULL,
  `note` text CHARACTER SET utf8mb4 COLLATE utf8mb4_unicode_ci,
  `status` int NOT NULL DEFAULT '1' COMMENT '0 Inactive, 1 Active',
  `created_by` bigint UNSIGNED DEFAULT NULL,
  `updated_by` bigint UNSIGNED DEFAULT NULL,
  `created_at` timestamp NULL DEFAULT NULL,
  `updated_at` timestamp NULL DEFAULT NULL
) ENGINE=InnoDB DEFAULT CHARSET=utf8mb4 COLLATE=utf8mb4_unicode_ci;

--
-- Dumping data for table `hostel_members`
--

INSERT INTO `hostel_members` (`id`, `hostelable_type`, `hostelable_id`, `hostel_room_id`, `start_date`, `end_date`, `note`, `status`, `created_by`, `updated_by`, `created_at`, `updated_at`) VALUES
(1, 'App\\Models\\Student', 14, 2, '2023-02-13', NULL, NULL, 1, 1, NULL, '2023-02-13 13:12:29', '2023-02-13 13:12:29'),
(2, 'App\\Models\\Student', 12, 3, '2023-02-13', NULL, NULL, 1, 1, NULL, '2023-02-13 13:12:39', '2023-02-13 13:12:39'),
(3, 'App\\Models\\Student', 10, 2, '2023-02-13', NULL, NULL, 1, 1, NULL, '2023-02-13 13:12:45', '2023-02-13 13:12:45'),
(4, 'App\\Models\\Student', 9, 1, '2023-02-13', NULL, NULL, 1, 1, NULL, '2023-02-13 13:13:00', '2023-02-13 13:13:00'),
(5, 'App\\User', 8, 5, '2023-02-13', NULL, NULL, 1, 1, NULL, '2023-02-13 13:13:32', '2023-02-13 13:13:32'),
(6, 'App\\User', 3, 6, '2023-02-13', NULL, NULL, 1, 1, NULL, '2023-02-13 13:13:37', '2023-02-13 13:13:37'),
(7, 'App\\User', 2, 6, '2023-02-13', NULL, NULL, 1, 1, NULL, '2023-02-13 13:13:42', '2023-02-13 13:13:42');

-- --------------------------------------------------------

--
-- Table structure for table `hostel_rooms`
--

CREATE TABLE `hostel_rooms` (
  `id` int UNSIGNED NOT NULL,
  `name` varchar(191) CHARACTER SET utf8mb4 COLLATE utf8mb4_unicode_ci NOT NULL,
  `hostel_id` int UNSIGNED NOT NULL,
  `room_type_id` int UNSIGNED NOT NULL,
  `bed` int NOT NULL DEFAULT '1',
  `fee` double(10,2) DEFAULT NULL,
  `description` text CHARACTER SET utf8mb4 COLLATE utf8mb4_unicode_ci,
  `status` tinyint(1) NOT NULL DEFAULT '1',
  `created_at` timestamp NULL DEFAULT NULL,
  `updated_at` timestamp NULL DEFAULT NULL
) ENGINE=InnoDB DEFAULT CHARSET=utf8mb4 COLLATE=utf8mb4_unicode_ci;

--
-- Dumping data for table `hostel_rooms`
--

INSERT INTO `hostel_rooms` (`id`, `name`, `hostel_id`, `room_type_id`, `bed`, `fee`, `description`, `status`, `created_at`, `updated_at`) VALUES
(1, 'A1', 3, 1, 2, NULL, 'Ex atque consequatur', 1, '2023-02-13 13:06:01', '2023-02-13 13:06:01'),
(2, 'A2', 2, 4, 3, NULL, 'Et ut ut sint ex rat', 1, '2023-02-13 13:06:13', '2023-02-13 13:07:29'),
(3, 'A3', 3, 4, 3, NULL, 'Fugiat aut sit nost', 1, '2023-02-13 13:06:25', '2023-02-13 13:06:25'),
(4, 'A4', 2, 2, 3, NULL, 'Sit voluptate fugia', 1, '2023-02-13 13:06:40', '2023-02-13 13:06:56'),
(5, 'A5', 1, 4, 3, NULL, 'Eveniet eu consecte', 1, '2023-02-13 13:07:16', '2023-02-13 13:07:16'),
(6, 'A6', 1, 1, 2, NULL, 'Enim quis molestias', 1, '2023-02-13 13:07:50', '2023-02-13 13:07:50');

-- --------------------------------------------------------

--
-- Table structure for table `hostel_room_types`
--

CREATE TABLE `hostel_room_types` (
  `id` int UNSIGNED NOT NULL,
  `title` varchar(191) CHARACTER SET utf8mb4 COLLATE utf8mb4_unicode_ci NOT NULL,
  `fee` double(10,2) DEFAULT NULL,
  `description` text CHARACTER SET utf8mb4 COLLATE utf8mb4_unicode_ci,
  `status` tinyint(1) NOT NULL DEFAULT '1',
  `created_at` timestamp NULL DEFAULT NULL,
  `updated_at` timestamp NULL DEFAULT NULL
) ENGINE=InnoDB DEFAULT CHARSET=utf8mb4 COLLATE=utf8mb4_unicode_ci;

--
-- Dumping data for table `hostel_room_types`
--

INSERT INTO `hostel_room_types` (`id`, `title`, `fee`, `description`, `status`, `created_at`, `updated_at`) VALUES
(1, 'AC 2 Bed', 2500.00, NULL, 1, '2023-02-13 13:03:07', '2023-02-13 13:03:07'),
(2, 'AC 3 Bed', 2000.00, NULL, 1, '2023-02-13 13:03:17', '2023-02-13 13:03:17'),
(3, 'Non-AC 2 Bed', 1700.00, NULL, 1, '2023-02-13 13:03:41', '2023-02-13 13:03:41'),
(4, 'Non-AC 3 Bed', 1200.00, NULL, 1, '2023-02-13 13:03:54', '2023-02-13 13:03:54');

-- --------------------------------------------------------

--
-- Table structure for table `id_card_settings`
--

CREATE TABLE `id_card_settings` (
  `id` int UNSIGNED NOT NULL,
  `slug` varchar(191) CHARACTER SET utf8mb4 COLLATE utf8mb4_unicode_ci NOT NULL,
  `title` varchar(191) CHARACTER SET utf8mb4 COLLATE utf8mb4_unicode_ci DEFAULT NULL,
  `subtitle` varchar(191) CHARACTER SET utf8mb4 COLLATE utf8mb4_unicode_ci DEFAULT NULL,
  `logo` text CHARACTER SET utf8mb4 COLLATE utf8mb4_unicode_ci,
  `background` text CHARACTER SET utf8mb4 COLLATE utf8mb4_unicode_ci,
  `website_url` varchar(191) CHARACTER SET utf8mb4 COLLATE utf8mb4_unicode_ci DEFAULT NULL,
  `validity` varchar(191) CHARACTER SET utf8mb4 COLLATE utf8mb4_unicode_ci DEFAULT NULL,
  `address` text CHARACTER SET utf8mb4 COLLATE utf8mb4_unicode_ci,
  `student_photo` tinyint(1) NOT NULL DEFAULT '0',
  `signature` tinyint(1) NOT NULL DEFAULT '0',
  `barcode` tinyint(1) NOT NULL DEFAULT '0',
  `status` tinyint(1) NOT NULL DEFAULT '1',
  `created_at` timestamp NULL DEFAULT NULL,
  `updated_at` timestamp NULL DEFAULT NULL,
  `prefix` varchar(191) CHARACTER SET utf8mb4 COLLATE utf8mb4_unicode_ci DEFAULT NULL
) ENGINE=InnoDB DEFAULT CHARSET=utf8mb4 COLLATE=utf8mb4_unicode_ci;

--
-- Dumping data for table `id_card_settings`
--

INSERT INTO `id_card_settings` (`id`, `slug`, `title`, `subtitle`, `logo`, `background`, `website_url`, `validity`, `address`, `student_photo`, `signature`, `barcode`, `status`, `created_at`, `updated_at`, `prefix`) VALUES
(1, 'student-card', 'Your University Name', 'University Slogan', NULL, NULL, NULL, '5', 'Mirpur, Dhaka 1208', 0, 0, 0, 1, '2022-09-30 12:16:48', '2026-02-12 14:20:06', 'CAM229'),
(2, 'library-card', 'Our University Library Card', 'Our University Slogan', NULL, NULL, NULL, '5', 'Mirpur, Dhaka 1208', 0, 0, 0, 1, '2022-09-30 14:14:49', '2024-09-30 11:57:38', 'LIB-');

-- --------------------------------------------------------

--
-- Table structure for table `iiqa`
--

CREATE TABLE `iiqa` (
  `id` bigint UNSIGNED NOT NULL,
  `university_id` bigint UNSIGNED DEFAULT NULL,
  `date_of_submission` date DEFAULT NULL,
  `aishe_id` varchar(191) CHARACTER SET utf8mb4 COLLATE utf8mb4_unicode_ci DEFAULT NULL,
  `track_id` varchar(191) CHARACTER SET utf8mb4 COLLATE utf8mb4_unicode_ci DEFAULT NULL,
  `application_for` varchar(191) CHARACTER SET utf8mb4 COLLATE utf8mb4_unicode_ci DEFAULT NULL,
  `cycle_of_accreditation` varchar(191) CHARACTER SET utf8mb4 COLLATE utf8mb4_unicode_ci DEFAULT NULL,
  `college_name` varchar(191) CHARACTER SET utf8mb4 COLLATE utf8mb4_unicode_ci DEFAULT NULL,
  `establishment_date` date DEFAULT NULL,
  `head_name` varchar(191) CHARACTER SET utf8mb4 COLLATE utf8mb4_unicode_ci DEFAULT NULL,
  `designation` varchar(191) CHARACTER SET utf8mb4 COLLATE utf8mb4_unicode_ci DEFAULT NULL,
  `own_campus` varchar(191) CHARACTER SET utf8mb4 COLLATE utf8mb4_unicode_ci DEFAULT NULL,
  `college_address` varchar(191) CHARACTER SET utf8mb4 COLLATE utf8mb4_unicode_ci DEFAULT NULL,
  `state_ut` varchar(191) CHARACTER SET utf8mb4 COLLATE utf8mb4_unicode_ci DEFAULT NULL,
  `district` varchar(191) CHARACTER SET utf8mb4 COLLATE utf8mb4_unicode_ci DEFAULT NULL,
  `city` varchar(191) CHARACTER SET utf8mb4 COLLATE utf8mb4_unicode_ci DEFAULT NULL,
  `pin` varchar(191) CHARACTER SET utf8mb4 COLLATE utf8mb4_unicode_ci DEFAULT NULL,
  `phone_no` varchar(191) CHARACTER SET utf8mb4 COLLATE utf8mb4_unicode_ci DEFAULT NULL,
  `fax_no` varchar(191) CHARACTER SET utf8mb4 COLLATE utf8mb4_unicode_ci DEFAULT NULL,
  `mobile_no` varchar(191) CHARACTER SET utf8mb4 COLLATE utf8mb4_unicode_ci DEFAULT NULL,
  `registered_email` varchar(191) CHARACTER SET utf8mb4 COLLATE utf8mb4_unicode_ci DEFAULT NULL,
  `alternate_email` varchar(191) CHARACTER SET utf8mb4 COLLATE utf8mb4_unicode_ci DEFAULT NULL,
  `alt_faculty_contact_name` varchar(191) CHARACTER SET utf8mb4 COLLATE utf8mb4_unicode_ci DEFAULT NULL,
  `alt_faculty_address` varchar(191) CHARACTER SET utf8mb4 COLLATE utf8mb4_unicode_ci DEFAULT NULL,
  `alt_faculty_state` varchar(191) CHARACTER SET utf8mb4 COLLATE utf8mb4_unicode_ci DEFAULT NULL,
  `alt_faculty_city` varchar(191) CHARACTER SET utf8mb4 COLLATE utf8mb4_unicode_ci DEFAULT NULL,
  `alt_faculty_pin` varchar(191) CHARACTER SET utf8mb4 COLLATE utf8mb4_unicode_ci DEFAULT NULL,
  `alt_faculty_phone` varchar(191) CHARACTER SET utf8mb4 COLLATE utf8mb4_unicode_ci DEFAULT NULL,
  `alt_faculty_fax` varchar(191) CHARACTER SET utf8mb4 COLLATE utf8mb4_unicode_ci DEFAULT NULL,
  `alt_faculty_mobile` varchar(191) CHARACTER SET utf8mb4 COLLATE utf8mb4_unicode_ci DEFAULT NULL,
  `alt_faculty_email` varchar(191) CHARACTER SET utf8mb4 COLLATE utf8mb4_unicode_ci DEFAULT NULL,
  `alt_faculty_alt_email` varchar(191) CHARACTER SET utf8mb4 COLLATE utf8mb4_unicode_ci DEFAULT NULL,
  `website` varchar(191) CHARACTER SET utf8mb4 COLLATE utf8mb4_unicode_ci DEFAULT NULL,
  `existence_years` varchar(191) CHARACTER SET utf8mb4 COLLATE utf8mb4_unicode_ci DEFAULT NULL,
  `nature_of_college` varchar(191) CHARACTER SET utf8mb4 COLLATE utf8mb4_unicode_ci DEFAULT NULL,
  `college_affiliation` varchar(191) CHARACTER SET utf8mb4 COLLATE utf8mb4_unicode_ci DEFAULT NULL,
  `university_state` varchar(191) CHARACTER SET utf8mb4 COLLATE utf8mb4_unicode_ci DEFAULT NULL,
  `university_name` varchar(191) CHARACTER SET utf8mb4 COLLATE utf8mb4_unicode_ci DEFAULT NULL,
  `university_document` varchar(191) CHARACTER SET utf8mb4 COLLATE utf8mb4_unicode_ci DEFAULT NULL,
  `ugc_recognition_text` varchar(191) CHARACTER SET utf8mb4 COLLATE utf8mb4_unicode_ci DEFAULT NULL,
  `ugc_recognition_date` date DEFAULT NULL,
  `ugc_recognition_file` varchar(191) CHARACTER SET utf8mb4 COLLATE utf8mb4_unicode_ci DEFAULT NULL,
  `ugc_12b_status` varchar(191) CHARACTER SET utf8mb4 COLLATE utf8mb4_unicode_ci DEFAULT NULL,
  `ugc_12b_date` date DEFAULT NULL,
  `ugc_12b_file` varchar(191) CHARACTER SET utf8mb4 COLLATE utf8mb4_unicode_ci DEFAULT NULL,
  `ugc_autonomous` varchar(191) CHARACTER SET utf8mb4 COLLATE utf8mb4_unicode_ci DEFAULT NULL,
  `ugc_cpe` varchar(191) CHARACTER SET utf8mb4 COLLATE utf8mb4_unicode_ci DEFAULT NULL,
  `ugc_excellence` varchar(191) CHARACTER SET utf8mb4 COLLATE utf8mb4_unicode_ci DEFAULT NULL,
  `sra_recognition_text` varchar(191) CHARACTER SET utf8mb4 COLLATE utf8mb4_unicode_ci DEFAULT NULL,
  `sra_program` varchar(191) CHARACTER SET utf8mb4 COLLATE utf8mb4_unicode_ci DEFAULT NULL,
  `sra_document` varchar(191) CHARACTER SET utf8mb4 COLLATE utf8mb4_unicode_ci DEFAULT NULL,
  `aiu_equivalent` varchar(191) CHARACTER SET utf8mb4 COLLATE utf8mb4_unicode_ci DEFAULT NULL,
  `nad_registered` varchar(191) CHARACTER SET utf8mb4 COLLATE utf8mb4_unicode_ci DEFAULT NULL,
  `accreditation_data` json DEFAULT NULL,
  `programme_data` json DEFAULT NULL,
  `programme_details` json DEFAULT NULL,
  `teaching_staff` json DEFAULT NULL,
  `non_teaching_staff` json DEFAULT NULL,
  `student_roll` json DEFAULT NULL,
  `aqar_data` json DEFAULT NULL,
  `statutory_cells` text CHARACTER SET utf8mb4 COLLATE utf8mb4_unicode_ci,
  `iqac_establishment_date` date DEFAULT NULL,
  `iqac_minutes_date` date DEFAULT NULL,
  `iqac_minutes_document` varchar(191) CHARACTER SET utf8mb4 COLLATE utf8mb4_unicode_ci DEFAULT NULL,
  `rti_status` varchar(191) CHARACTER SET utf8mb4 COLLATE utf8mb4_unicode_ci DEFAULT NULL,
  `rti_link` varchar(191) CHARACTER SET utf8mb4 COLLATE utf8mb4_unicode_ci DEFAULT NULL,
  `mou_foreign` varchar(191) CHARACTER SET utf8mb4 COLLATE utf8mb4_unicode_ci DEFAULT NULL,
  `aishe_upload_date` date DEFAULT NULL,
  `aishe_document` varchar(191) CHARACTER SET utf8mb4 COLLATE utf8mb4_unicode_ci DEFAULT NULL,
  `compliance_cert_date` date DEFAULT NULL,
  `compliance_cert_file` varchar(191) CHARACTER SET utf8mb4 COLLATE utf8mb4_unicode_ci DEFAULT NULL,
  `registration_fee_details` text CHARACTER SET utf8mb4 COLLATE utf8mb4_unicode_ci,
  `created_at` timestamp NULL DEFAULT NULL,
  `updated_at` timestamp NULL DEFAULT NULL
) ENGINE=InnoDB DEFAULT CHARSET=utf8mb4 COLLATE=utf8mb4_unicode_ci;

--
-- Dumping data for table `iiqa`
--

INSERT INTO `iiqa` (`id`, `university_id`, `date_of_submission`, `aishe_id`, `track_id`, `application_for`, `cycle_of_accreditation`, `college_name`, `establishment_date`, `head_name`, `designation`, `own_campus`, `college_address`, `state_ut`, `district`, `city`, `pin`, `phone_no`, `fax_no`, `mobile_no`, `registered_email`, `alternate_email`, `alt_faculty_contact_name`, `alt_faculty_address`, `alt_faculty_state`, `alt_faculty_city`, `alt_faculty_pin`, `alt_faculty_phone`, `alt_faculty_fax`, `alt_faculty_mobile`, `alt_faculty_email`, `alt_faculty_alt_email`, `website`, `existence_years`, `nature_of_college`, `college_affiliation`, `university_state`, `university_name`, `university_document`, `ugc_recognition_text`, `ugc_recognition_date`, `ugc_recognition_file`, `ugc_12b_status`, `ugc_12b_date`, `ugc_12b_file`, `ugc_autonomous`, `ugc_cpe`, `ugc_excellence`, `sra_recognition_text`, `sra_program`, `sra_document`, `aiu_equivalent`, `nad_registered`, `accreditation_data`, `programme_data`, `programme_details`, `teaching_staff`, `non_teaching_staff`, `student_roll`, `aqar_data`, `statutory_cells`, `iqac_establishment_date`, `iqac_minutes_date`, `iqac_minutes_document`, `rti_status`, `rti_link`, `mou_foreign`, `aishe_upload_date`, `aishe_document`, `compliance_cert_date`, `compliance_cert_file`, `registration_fee_details`, `created_at`, `updated_at`) VALUES
(2, NULL, '2025-06-27', '6', '8', 'iu', 'j', 'n', '2025-06-21', 'hgf', 'n', 'Yes', 'n', 'jhg', 'jhg', 'jh', 'jhgf', '98765432134', '87854', '0987654321234', 'k@gmail.com', 'k@gmail.com', 'uy', 'uyt', 'oiu', 'jh', '87', '0987654321', '098765', '987654324567', 'k@gmail.com', 'k@gmail.com', 'https://www.youtube.com/', 'jh', 'njhg', 'jnhg', 'nbv', 'mnb', 'uploads/iiqa/pSM42V1EPRRI1Gvau5kaHCIVhrbAoxRVkRTFd3c0.png', 'jhg', '2025-06-28', 'uploads/iiqa/ZZ3ln5X9SpyujduZlpMy3iO3FxMwXtxZrdsphIV9.png', 'jhg', '2025-06-19', 'uploads/iiqa/ruwOB6sRzXuAsJN5xZ0TQlsegfUGzc71E846345A.png', 'kiuy', 'jhg', 'jh', 'mnb', 'hg', 'uploads/iiqa/d5ueXxocKrfe4E4IvQsy3HXe6unKa4ZJsGHz0KKs.png', 'jhg', 'njhg', '\"[{\\\"cycle\\\":\\\"1\\\",\\\"accreditation_date\\\":\\\"2025-06-19\\\",\\\"grade\\\":\\\"i\\\",\\\"score\\\":\\\"98\\\"},{\\\"cycle\\\":\\\"87\\\",\\\"accreditation_date\\\":\\\"2025-06-11\\\",\\\"grade\\\":\\\"b\\\",\\\"score\\\":\\\"78\\\"}]\"', '\"[{\\\"programme_type\\\":\\\"PG Diploma\\\",\\\"programme_number\\\":\\\"1\\\"},{\\\"programme_type\\\":\\\"UG\\\",\\\"programme_number\\\":\\\"8\\\"}]\"', NULL, NULL, NULL, NULL, '\"[{\\\"date\\\":\\\"2025-05-31\\\",\\\"file\\\":\\\"uploads\\\\/iiqa\\\\/aqar\\\\/nrIwSomMjXj8UC9KNFEweqmRM0bYpsEBT2auB6rA.png\\\"},{\\\"date\\\":\\\"2025-06-21\\\",\\\"file\\\":\\\"uploads\\\\/iiqa\\\\/aqar\\\\/02uRSlgIdYA321fFBSKHdK2QkHBXYoXhod2NhrCE.png\\\"}]\"', 'lkjhgf', '2025-06-13', '2025-06-14', 'uploads/iiqa/EEqFBsUB0mTLlg4ZJboHK8yvludEO2PU1McBtXZ5.png', 'kjhg', 'https://govtcollegesundargarh.ac.in/', 'oiu', '2025-06-20', 'uploads/iiqa/pgjVoZotz9DSXfuL29mSD34C0LNubnRMVLMGzuDE.png', '2025-06-06', 'uploads/iiqa/ZkLVy3eGvkj5Q4c506zVXIKIv1Iz2hMWjXVvQCl7.png', 'kjh', '2025-06-24 04:33:21', '2025-06-24 04:33:21'),
(3, NULL, '2025-06-06', 'a', 'as', 'we', 'qw', 'nbvc', '2025-06-14', 'lkjh', ',kjh', 'No', 'h', 'oi', 'poi', 'kjhg', '9876', '098765432134', 'nb', '7873304319', 'k@gmail.com', 'k@gmail.com', 'h', 'g', 'oiu', 'kgfvb', '98765', '098765432134', '098765', '0987654321', 'k@gmail.com', 'k@gmail.com', 'https://www.youtube.com/', 'oiuyg', 'mnjh', 'kjh', 'jh', 'hgf', 'uploads/iiqa/dqWxOLmmHBcTPEkDn8FGWtmYS9YjXaU16f5uMgI3.png', 'nbv', '2025-06-13', 'uploads/iiqa/Sp2tmnB3SU7IbChhbvB8TjDWgpV18JvaSzyycKjJ.png', 'yes', '2025-06-12', 'uploads/iiqa/m5x1egonTJKdXxYHndAlgK2nD8Kxsd5LlYfIWDXY.png', 'yes', 'yes', 'yes', 'yes', 'j', 'uploads/iiqa/qbq8qn6mLemjKkswJwlA201ZUiSvInYzsUwBuSjk.png', 'yes', 'yes', '\"[{\\\"cycle\\\":\\\"34\\\",\\\"accreditation_date\\\":\\\"2025-06-12\\\",\\\"grade\\\":\\\"23\\\",\\\"score\\\":\\\"3\\\"},{\\\"cycle\\\":\\\"-1\\\",\\\"accreditation_date\\\":\\\"2025-06-19\\\",\\\"grade\\\":\\\"rt\\\",\\\"score\\\":\\\"34\\\"}]\"', '\"[{\\\"programme_type\\\":\\\"Pre Doctoral (M.Phil)\\\",\\\"programme_number\\\":\\\"3\\\"},{\\\"programme_type\\\":\\\"Certificate \\\\/ Awareness\\\",\\\"programme_number\\\":\\\"4\\\"},{\\\"programme_type\\\":\\\"Post Doctoral (D.Sc, D.Litt, LLD)\\\",\\\"programme_number\\\":\\\"3\\\"}]\"', '\"[{\\\"programme\\\":\\\"nbhgv\\\",\\\"department\\\":\\\"mjhg\\\",\\\"university\\\":\\\"mnb\\\",\\\"sra\\\":\\\"jhgf\\\",\\\"status\\\":\\\"jhgf\\\",\\\"file\\\":\\\"uploads\\\\/iiqa\\\\/programme\\\\/JuySzntc1cwm80Fam9jZp3EeXDUk8IApTV0yeYuC.png\\\"},{\\\"programme\\\":\\\"jhgf\\\",\\\"department\\\":\\\"jhgf\\\",\\\"university\\\":\\\"yt\\\",\\\"sra\\\":\\\"ngf\\\",\\\"status\\\":\\\"nbv\\\",\\\"file\\\":\\\"uploads\\\\/iiqa\\\\/programme\\\\/mcu3p96hkMa0W8Q8YmHfwVzA1EvRcmere5IZEe9u.png\\\"}]\"', '\"[{\\\"employment_type\\\":\\\"kj\\\",\\\"male\\\":\\\"6\\\",\\\"female\\\":\\\"7\\\",\\\"transgender\\\":\\\"8\\\",\\\"total\\\":\\\"9\\\"},{\\\"employment_type\\\":\\\"kjuhy\\\",\\\"male\\\":\\\"4\\\",\\\"female\\\":\\\"6\\\",\\\"transgender\\\":\\\"8\\\",\\\"total\\\":\\\"9\\\"}]\"', '\"[{\\\"employment_type\\\":\\\"jhg\\\",\\\"male\\\":\\\"2\\\",\\\"female\\\":\\\"3\\\",\\\"transgender\\\":\\\"17\\\",\\\"total\\\":\\\"17\\\"},{\\\"employment_type\\\":\\\"kjhg\\\",\\\"male\\\":\\\"87\\\",\\\"female\\\":\\\"765\\\",\\\"transgender\\\":\\\"765\\\",\\\"total\\\":\\\"09876\\\"}]\"', '\"[{\\\"male\\\":\\\"2\\\",\\\"female\\\":\\\"0\\\",\\\"transgender\\\":\\\"2\\\",\\\"total\\\":\\\"2\\\"},{\\\"male\\\":\\\"7\\\",\\\"female\\\":\\\"5\\\",\\\"transgender\\\":\\\"4\\\",\\\"total\\\":\\\"6\\\"}]\"', '\"[{\\\"date\\\":\\\"2025-06-27\\\",\\\"file\\\":\\\"uploads\\\\/iiqa\\\\/aqar\\\\/SluYBtdETjZKZCJc3kJHa3H1FGCFRe8omX6k94Au.png\\\"}]\"', 'kjh', '2025-06-28', '2025-06-21', 'uploads/iiqa/pwJVILgSaorrho12f2votEA4pAJmdlOiaKKi8LcG.png', 'yes', 'https://govtcollegesundargarh.ac.in/', 'yes', '2025-07-04', 'uploads/iiqa/R5PTuGybUotoFbq4xWlrpYq0NxAU1jspdPkekS12.png', '2025-06-19', 'uploads/iiqa/vjBZWRTbIgVUr0dOZVqnGoGlxfq0Yf1UEX1yjkum.png', 'jhgf', '2025-06-24 04:50:12', '2025-06-24 04:50:12');

-- --------------------------------------------------------

--
-- Table structure for table `incomes`
--

CREATE TABLE `incomes` (
  `id` bigint UNSIGNED NOT NULL,
  `category_id` int UNSIGNED NOT NULL,
  `title` varchar(191) CHARACTER SET utf8mb4 COLLATE utf8mb4_unicode_ci NOT NULL,
  `invoice_id` varchar(191) CHARACTER SET utf8mb4 COLLATE utf8mb4_unicode_ci DEFAULT NULL,
  `amount` decimal(10,2) NOT NULL,
  `date` date NOT NULL,
  `payment_method` int DEFAULT NULL,
  `note` text CHARACTER SET utf8mb4 COLLATE utf8mb4_unicode_ci,
  `attach` text CHARACTER SET utf8mb4 COLLATE utf8mb4_unicode_ci,
  `status` tinyint(1) NOT NULL DEFAULT '1',
  `created_by` bigint UNSIGNED DEFAULT NULL,
  `updated_by` bigint UNSIGNED DEFAULT NULL,
  `created_at` timestamp NULL DEFAULT NULL,
  `updated_at` timestamp NULL DEFAULT NULL,
  `reference` varchar(191) CHARACTER SET utf8mb4 COLLATE utf8mb4_unicode_ci DEFAULT NULL
) ENGINE=InnoDB DEFAULT CHARSET=utf8mb4 COLLATE=utf8mb4_unicode_ci;

--
-- Dumping data for table `incomes`
--

INSERT INTO `incomes` (`id`, `category_id`, `title`, `invoice_id`, `amount`, `date`, `payment_method`, `note`, `attach`, `status`, `created_by`, `updated_by`, `created_at`, `updated_at`, `reference`) VALUES
(1, 1, 'Sint reprehenderit', '789452', 758.00, '2021-02-25', NULL, 'Praesentium et nostr', 'background-border_1664651865.png', 1, 1, NULL, '2022-10-01 13:17:45', '2022-10-01 13:17:45', NULL),
(2, 4, 'Rerum in ducimus es', '78147', 365.00, '2022-03-01', 1, 'Commodo enim maxime', NULL, 1, 1, 1, '2022-10-01 13:18:15', '2023-02-13 12:05:42', NULL),
(3, 3, 'Velit iure velit qui', '78458', 254.00, '2020-07-19', NULL, 'Aliquid at sit inci', NULL, 1, 1, 1, '2022-10-01 13:18:33', '2022-10-01 13:18:49', NULL),
(4, 5, 'Expedita voluptas pr', '758426', 905.00, '2022-05-19', 2, 'Esse laboris quis re', NULL, 1, 1, 1, '2022-10-01 13:19:17', '2023-02-13 12:05:34', NULL),
(5, 6, 'Fugiat ad non digni', '458752', 548.00, '2022-05-30', 3, 'Quidem temporibus qu', 'background-border_1664651984.png', 1, 1, 1, '2022-10-01 13:19:44', '2023-02-13 12:05:26', NULL),
(6, 3, 'Non in voluptatem A', '87458', 654.00, '2021-11-22', NULL, 'Ut deleniti voluptas', NULL, 1, 1, 1, '2022-10-01 13:20:24', '2022-10-01 13:20:36', NULL),
(7, 4, 'Illum est cumque ma', '5454', 530.00, '2023-06-17', 2, 'Dignissimos aut esse', NULL, 1, 1, NULL, '2023-08-25 06:35:17', '2023-08-25 06:35:17', 'Mollitia dolor esse'),
(8, 5, 'Ipsum dignissimos v', '4545', 690.00, '2023-05-27', 4, 'Enim omnis nesciunt', NULL, 1, 1, NULL, '2023-08-25 06:35:55', '2023-08-25 06:35:55', 'Suscipit mollit aut'),
(9, 1, 'Eum magnam non venia', '454', 670.00, '2023-07-02', 5, 'Esse molestiae est', NULL, 1, 1, NULL, '2023-08-25 06:42:55', '2023-08-25 06:42:55', 'Voluptas voluptates'),
(10, 1, '5 ROOM RENT BILL', '234565432', 50000.00, '2025-04-26', 2, 'QWERTYUIO', 'VT_LOGO_FUL_1745653119.png', 1, 1, NULL, '2025-04-26 14:38:39', '2025-04-26 14:38:39', '2345');

-- --------------------------------------------------------

--
-- Table structure for table `income_categories`
--

CREATE TABLE `income_categories` (
  `id` int UNSIGNED NOT NULL,
  `title` varchar(191) CHARACTER SET utf8mb4 COLLATE utf8mb4_unicode_ci NOT NULL,
  `slug` varchar(191) CHARACTER SET utf8mb4 COLLATE utf8mb4_unicode_ci NOT NULL,
  `description` text CHARACTER SET utf8mb4 COLLATE utf8mb4_unicode_ci,
  `status` tinyint(1) NOT NULL DEFAULT '1',
  `created_at` timestamp NULL DEFAULT NULL,
  `updated_at` timestamp NULL DEFAULT NULL
) ENGINE=InnoDB DEFAULT CHARSET=utf8mb4 COLLATE=utf8mb4_unicode_ci;

--
-- Dumping data for table `income_categories`
--

INSERT INTO `income_categories` (`id`, `title`, `slug`, `description`, `status`, `created_at`, `updated_at`) VALUES
(1, 'Shop Rent', 'shop-rent', NULL, 1, '2022-09-30 14:07:22', '2022-09-30 14:07:22'),
(2, 'Hostel Fees', 'hostel-fees', NULL, 1, '2022-09-30 14:07:58', '2022-09-30 14:07:58'),
(3, 'Waste Sell', 'waste-sell', NULL, 1, '2022-09-30 14:09:14', '2022-09-30 14:09:14'),
(4, 'Donation', 'donation', NULL, 1, '2022-10-01 04:09:18', '2022-10-01 04:09:18'),
(5, 'Book Sell', 'book-sell', NULL, 1, '2022-10-01 04:10:13', '2022-10-01 04:10:13'),
(6, 'Uniform Sell', 'uniform-sell', NULL, 1, '2022-10-01 04:10:55', '2022-10-01 04:10:55'),
(7, 'student fees', 'student-fees', NULL, 1, '2025-04-29 13:38:39', '2025-04-29 13:38:39');

-- --------------------------------------------------------

--
-- Table structure for table `iqac_action_taken_reports`
--

CREATE TABLE `iqac_action_taken_reports` (
  `id` bigint UNSIGNED NOT NULL,
  `title` varchar(191) CHARACTER SET utf8mb4 COLLATE utf8mb4_unicode_ci NOT NULL,
  `pdf` varchar(191) CHARACTER SET utf8mb4 COLLATE utf8mb4_unicode_ci DEFAULT NULL,
  `created_at` timestamp NULL DEFAULT NULL,
  `updated_at` timestamp NULL DEFAULT NULL
) ENGINE=InnoDB DEFAULT CHARSET=utf8mb4 COLLATE=utf8mb4_unicode_ci;

--
-- Dumping data for table `iqac_action_taken_reports`
--

INSERT INTO `iqac_action_taken_reports` (`id`, `title`, `pdf`, `created_at`, `updated_at`) VALUES
(1, 'fff', 'naac/1770877581_Sk Enterprises.pdf', '2026-02-12 13:26:21', '2026-02-12 13:26:21');

-- --------------------------------------------------------

--
-- Table structure for table `iqac_members`
--

CREATE TABLE `iqac_members` (
  `id` bigint UNSIGNED NOT NULL,
  `title` varchar(191) CHARACTER SET utf8mb4 COLLATE utf8mb4_unicode_ci NOT NULL,
  `pdf` varchar(191) CHARACTER SET utf8mb4 COLLATE utf8mb4_unicode_ci DEFAULT NULL,
  `created_at` timestamp NULL DEFAULT NULL,
  `updated_at` timestamp NULL DEFAULT NULL
) ENGINE=InnoDB DEFAULT CHARSET=utf8mb4 COLLATE=utf8mb4_unicode_ci;

--
-- Dumping data for table `iqac_members`
--

INSERT INTO `iqac_members` (`id`, `title`, `pdf`, `created_at`, `updated_at`) VALUES
(7, 'h', 'naac/1750399047_NAAC_CYCLE_1.pdf', '2025-06-20 00:27:27', '2025-06-20 00:27:27'),
(8, 'dd', 'naac/1770877521_Sk Enterprises.pdf', '2026-02-12 13:25:21', '2026-02-12 13:25:21');

-- --------------------------------------------------------

--
-- Table structure for table `iqac_minutes`
--

CREATE TABLE `iqac_minutes` (
  `id` bigint UNSIGNED NOT NULL,
  `title` varchar(191) CHARACTER SET utf8mb4 COLLATE utf8mb4_unicode_ci NOT NULL,
  `pdf` varchar(191) CHARACTER SET utf8mb4 COLLATE utf8mb4_unicode_ci DEFAULT NULL,
  `created_at` timestamp NULL DEFAULT NULL,
  `updated_at` timestamp NULL DEFAULT NULL
) ENGINE=InnoDB DEFAULT CHARSET=utf8mb4 COLLATE=utf8mb4_unicode_ci;

--
-- Dumping data for table `iqac_minutes`
--

INSERT INTO `iqac_minutes` (`id`, `title`, `pdf`, `created_at`, `updated_at`) VALUES
(1, 'jj', 'naac/1770877555_Sk Enterprises.pdf', '2026-02-12 13:25:55', '2026-02-12 13:25:55');

-- --------------------------------------------------------

--
-- Table structure for table `issue_returns`
--

CREATE TABLE `issue_returns` (
  `id` bigint UNSIGNED NOT NULL,
  `member_id` bigint UNSIGNED NOT NULL,
  `book_id` bigint UNSIGNED NOT NULL,
  `issue_date` date DEFAULT NULL,
  `due_date` date DEFAULT NULL,
  `return_date` date DEFAULT NULL,
  `penalty` decimal(10,2) DEFAULT NULL,
  `status` int NOT NULL DEFAULT '1' COMMENT '0 Lost, 1 Issued, 2 Returned',
  `issued_by` bigint UNSIGNED DEFAULT NULL,
  `received_by` bigint UNSIGNED DEFAULT NULL,
  `created_at` timestamp NULL DEFAULT NULL,
  `updated_at` timestamp NULL DEFAULT NULL
) ENGINE=InnoDB DEFAULT CHARSET=utf8mb4 COLLATE=utf8mb4_unicode_ci;

--
-- Dumping data for table `issue_returns`
--

INSERT INTO `issue_returns` (`id`, `member_id`, `book_id`, `issue_date`, `due_date`, `return_date`, `penalty`, `status`, `issued_by`, `received_by`, `created_at`, `updated_at`) VALUES
(1, 3, 5, '2022-10-03', '2022-10-13', '2022-10-03', NULL, 2, 1, 1, '2022-10-03 15:05:37', '2022-10-03 15:07:20'),
(2, 5, 3, '2022-10-03', '2023-01-12', NULL, NULL, 1, 1, NULL, '2022-10-03 15:06:13', '2022-10-03 15:06:13'),
(3, 14, 4, '2022-10-03', '2022-12-21', NULL, NULL, 1, 1, NULL, '2022-10-03 15:06:34', '2022-10-03 15:06:34'),
(4, 9, 1, '2022-10-03', '2022-12-13', NULL, NULL, 1, 1, NULL, '2022-10-03 15:06:58', '2022-10-03 15:06:58'),
(5, 21, 2, '2022-10-04', '2022-11-14', NULL, NULL, 1, 1, NULL, '2022-10-04 07:41:08', '2022-10-04 07:41:08'),
(6, 21, 5, '2022-10-04', '2022-10-14', '2022-10-04', NULL, 2, 1, 1, '2022-10-04 07:42:03', '2022-10-04 07:42:24'),
(7, 6, 1, '2024-09-30', '2024-10-30', NULL, NULL, 1, 9, NULL, '2024-09-30 12:39:01', '2024-09-30 12:39:01'),
(8, 22, 6, '2025-04-25', '2025-04-25', NULL, NULL, 1, 2, NULL, '2025-04-25 17:28:18', '2025-04-25 17:28:18'),
(9, 22, 6, '2025-05-01', '2025-05-01', NULL, NULL, 1, 1, NULL, '2025-05-01 12:45:22', '2025-05-01 12:45:22'),
(10, 22, 6, '2025-05-05', '2025-05-05', NULL, NULL, 1, 1, NULL, '2025-05-05 17:23:11', '2025-05-05 17:23:11'),
(11, 22, 6, '2025-11-28', '2025-11-28', NULL, NULL, 1, 1, NULL, '2025-11-28 20:00:50', '2025-11-28 20:00:50');

-- --------------------------------------------------------

--
-- Table structure for table `items`
--

CREATE TABLE `items` (
  `id` int UNSIGNED NOT NULL,
  `name` varchar(191) CHARACTER SET utf8mb4 COLLATE utf8mb4_unicode_ci NOT NULL,
  `category_id` int UNSIGNED NOT NULL,
  `unit` varchar(191) CHARACTER SET utf8mb4 COLLATE utf8mb4_unicode_ci DEFAULT NULL,
  `serial_number` varchar(191) CHARACTER SET utf8mb4 COLLATE utf8mb4_unicode_ci DEFAULT NULL,
  `quantity` int NOT NULL DEFAULT '0',
  `description` text CHARACTER SET utf8mb4 COLLATE utf8mb4_unicode_ci,
  `attach` text CHARACTER SET utf8mb4 COLLATE utf8mb4_unicode_ci,
  `status` tinyint(1) NOT NULL DEFAULT '1',
  `created_at` timestamp NULL DEFAULT NULL,
  `updated_at` timestamp NULL DEFAULT NULL
) ENGINE=InnoDB DEFAULT CHARSET=utf8mb4 COLLATE=utf8mb4_unicode_ci;

--
-- Dumping data for table `items`
--

INSERT INTO `items` (`id`, `name`, `category_id`, `unit`, `serial_number`, `quantity`, `description`, `attach`, `status`, `created_at`, `updated_at`) VALUES
(1, 'Acid', 1, 'Pound', NULL, 0, NULL, NULL, 1, '2023-02-13 13:26:53', '2023-02-13 13:29:35'),
(2, 'Volt Metar', 3, 'Digital', NULL, 0, NULL, NULL, 1, '2023-02-13 13:27:57', '2023-02-13 13:29:51'),
(3, 'Cricket Bat', 2, 'M Size', NULL, 0, NULL, NULL, 1, '2023-02-13 13:28:15', '2023-02-13 13:29:01'),
(4, 'Football', 2, '5 No', NULL, 0, NULL, NULL, 1, '2023-02-13 13:28:27', '2023-02-13 13:29:10');

-- --------------------------------------------------------

--
-- Table structure for table `item_categories`
--

CREATE TABLE `item_categories` (
  `id` int UNSIGNED NOT NULL,
  `title` varchar(191) CHARACTER SET utf8mb4 COLLATE utf8mb4_unicode_ci NOT NULL,
  `slug` varchar(191) CHARACTER SET utf8mb4 COLLATE utf8mb4_unicode_ci NOT NULL,
  `description` text CHARACTER SET utf8mb4 COLLATE utf8mb4_unicode_ci,
  `status` tinyint(1) NOT NULL DEFAULT '1',
  `created_at` timestamp NULL DEFAULT NULL,
  `updated_at` timestamp NULL DEFAULT NULL
) ENGINE=InnoDB DEFAULT CHARSET=utf8mb4 COLLATE=utf8mb4_unicode_ci;

--
-- Dumping data for table `item_categories`
--

INSERT INTO `item_categories` (`id`, `title`, `slug`, `description`, `status`, `created_at`, `updated_at`) VALUES
(1, 'Chemistry Lab Equipment', 'chemistry-lab-equipment', NULL, 1, '2023-02-13 13:22:02', '2023-02-13 13:22:23'),
(2, 'Sports Equipment', 'sports-equipment', NULL, 1, '2023-02-13 13:22:10', '2023-02-13 13:22:31'),
(3, 'Electrical Lab Equipment', 'electrical-lab-equipment', NULL, 1, '2023-02-13 13:23:01', '2023-02-13 13:23:01');

-- --------------------------------------------------------

--
-- Table structure for table `item_issues`
--

CREATE TABLE `item_issues` (
  `id` bigint UNSIGNED NOT NULL,
  `item_id` int UNSIGNED NOT NULL,
  `user_id` bigint UNSIGNED NOT NULL,
  `quantity` int NOT NULL DEFAULT '1',
  `issue_date` date DEFAULT NULL,
  `due_date` date DEFAULT NULL,
  `return_date` date DEFAULT NULL,
  `penalty` decimal(10,2) DEFAULT NULL,
  `note` text CHARACTER SET utf8mb4 COLLATE utf8mb4_unicode_ci,
  `attach` text CHARACTER SET utf8mb4 COLLATE utf8mb4_unicode_ci,
  `status` int NOT NULL DEFAULT '1' COMMENT '0 Lost, 1 Issued, 2 Returned',
  `issued_by` bigint UNSIGNED DEFAULT NULL,
  `received_by` bigint UNSIGNED DEFAULT NULL,
  `created_at` timestamp NULL DEFAULT NULL,
  `updated_at` timestamp NULL DEFAULT NULL
) ENGINE=InnoDB DEFAULT CHARSET=utf8mb4 COLLATE=utf8mb4_unicode_ci;

--
-- Dumping data for table `item_issues`
--

INSERT INTO `item_issues` (`id`, `item_id`, `user_id`, `quantity`, `issue_date`, `due_date`, `return_date`, `penalty`, `note`, `attach`, `status`, `issued_by`, `received_by`, `created_at`, `updated_at`) VALUES
(1, 1, 5, 2, '2023-02-06', '2023-02-08', NULL, NULL, NULL, NULL, 1, 1, NULL, '2023-02-13 13:34:54', '2023-02-13 13:34:54'),
(2, 4, 2, 1, '2023-02-13', '2023-02-13', '2023-02-13', NULL, NULL, NULL, 2, 1, 1, '2023-02-13 13:35:32', '2023-02-13 13:35:52'),
(3, 3, 5, 2, '2023-08-25', '2023-08-31', NULL, NULL, NULL, NULL, 1, 1, NULL, '2023-08-25 06:39:32', '2023-08-25 06:39:32'),
(4, 4, 9, 1, '2024-09-30', '2024-10-30', NULL, NULL, NULL, NULL, 1, 9, NULL, '2024-09-30 12:39:45', '2024-09-30 12:39:45');

-- --------------------------------------------------------

--
-- Table structure for table `item_stocks`
--

CREATE TABLE `item_stocks` (
  `id` bigint UNSIGNED NOT NULL,
  `item_id` int UNSIGNED NOT NULL,
  `supplier_id` int UNSIGNED NOT NULL,
  `store_id` int UNSIGNED NOT NULL,
  `quantity` int NOT NULL DEFAULT '1',
  `price` decimal(10,2) DEFAULT NULL,
  `date` date NOT NULL,
  `reference` varchar(191) CHARACTER SET utf8mb4 COLLATE utf8mb4_unicode_ci DEFAULT NULL,
  `payment_method` int DEFAULT NULL,
  `description` text CHARACTER SET utf8mb4 COLLATE utf8mb4_unicode_ci,
  `attach` text CHARACTER SET utf8mb4 COLLATE utf8mb4_unicode_ci,
  `status` tinyint(1) NOT NULL DEFAULT '1',
  `created_by` bigint UNSIGNED DEFAULT NULL,
  `updated_by` bigint UNSIGNED DEFAULT NULL,
  `created_at` timestamp NULL DEFAULT NULL,
  `updated_at` timestamp NULL DEFAULT NULL
) ENGINE=InnoDB DEFAULT CHARSET=utf8mb4 COLLATE=utf8mb4_unicode_ci;

--
-- Dumping data for table `item_stocks`
--

INSERT INTO `item_stocks` (`id`, `item_id`, `supplier_id`, `store_id`, `quantity`, `price`, `date`, `reference`, `payment_method`, `description`, `attach`, `status`, `created_by`, `updated_by`, `created_at`, `updated_at`) VALUES
(1, 3, 1, 1, 10, 650.00, '2022-10-10', NULL, 1, 'Quia et et aliquam q', NULL, 1, 1, NULL, '2023-02-13 13:30:33', '2023-02-13 13:30:33'),
(2, 4, 1, 1, 5, 350.00, '2023-01-19', NULL, 5, 'Laborum in tempore', NULL, 1, 1, NULL, '2023-02-13 13:31:19', '2023-02-13 13:31:19'),
(3, 1, 2, 2, 17, 230.00, '2023-01-21', NULL, 4, 'Cumque praesentium v', NULL, 1, 1, NULL, '2023-02-13 13:32:02', '2023-02-13 13:32:02');

-- --------------------------------------------------------

--
-- Table structure for table `item_stores`
--

CREATE TABLE `item_stores` (
  `id` int UNSIGNED NOT NULL,
  `title` varchar(191) CHARACTER SET utf8mb4 COLLATE utf8mb4_unicode_ci NOT NULL,
  `store_no` varchar(191) CHARACTER SET utf8mb4 COLLATE utf8mb4_unicode_ci NOT NULL,
  `in_charge` varchar(191) CHARACTER SET utf8mb4 COLLATE utf8mb4_unicode_ci DEFAULT NULL,
  `email` varchar(191) CHARACTER SET utf8mb4 COLLATE utf8mb4_unicode_ci DEFAULT NULL,
  `phone` varchar(191) CHARACTER SET utf8mb4 COLLATE utf8mb4_unicode_ci DEFAULT NULL,
  `address` text CHARACTER SET utf8mb4 COLLATE utf8mb4_unicode_ci,
  `status` tinyint(1) NOT NULL DEFAULT '1',
  `created_at` timestamp NULL DEFAULT NULL,
  `updated_at` timestamp NULL DEFAULT NULL
) ENGINE=InnoDB DEFAULT CHARSET=utf8mb4 COLLATE=utf8mb4_unicode_ci;

--
-- Dumping data for table `item_stores`
--

INSERT INTO `item_stores` (`id`, `title`, `store_no`, `in_charge`, `email`, `phone`, `address`, `status`, `created_at`, `updated_at`) VALUES
(1, 'Sports Store', '001', NULL, 'rurapovome@mailinator.com', '+1 (904) 944-3416', 'Building 1', 1, '2023-02-13 13:25:30', '2023-02-13 13:25:58'),
(2, 'Lab Store', '002', NULL, 'vofujyweh@mailinator.com', '+1 (603) 435-3949', 'Building 2', 1, '2023-02-13 13:25:51', '2023-02-13 13:25:51');

-- --------------------------------------------------------

--
-- Table structure for table `item_suppliers`
--

CREATE TABLE `item_suppliers` (
  `id` int UNSIGNED NOT NULL,
  `title` varchar(191) CHARACTER SET utf8mb4 COLLATE utf8mb4_unicode_ci NOT NULL,
  `email` varchar(191) CHARACTER SET utf8mb4 COLLATE utf8mb4_unicode_ci DEFAULT NULL,
  `phone` varchar(191) CHARACTER SET utf8mb4 COLLATE utf8mb4_unicode_ci DEFAULT NULL,
  `address` text CHARACTER SET utf8mb4 COLLATE utf8mb4_unicode_ci,
  `contact_person` varchar(191) CHARACTER SET utf8mb4 COLLATE utf8mb4_unicode_ci DEFAULT NULL,
  `designation` varchar(191) CHARACTER SET utf8mb4 COLLATE utf8mb4_unicode_ci DEFAULT NULL,
  `contact_person_email` varchar(191) CHARACTER SET utf8mb4 COLLATE utf8mb4_unicode_ci DEFAULT NULL,
  `contact_person_phone` varchar(191) CHARACTER SET utf8mb4 COLLATE utf8mb4_unicode_ci DEFAULT NULL,
  `description` text CHARACTER SET utf8mb4 COLLATE utf8mb4_unicode_ci,
  `status` tinyint(1) NOT NULL DEFAULT '1',
  `created_at` timestamp NULL DEFAULT NULL,
  `updated_at` timestamp NULL DEFAULT NULL
) ENGINE=InnoDB DEFAULT CHARSET=utf8mb4 COLLATE=utf8mb4_unicode_ci;

--
-- Dumping data for table `item_suppliers`
--

INSERT INTO `item_suppliers` (`id`, `title`, `email`, `phone`, `address`, `contact_person`, `designation`, `contact_person_email`, `contact_person_phone`, `description`, `status`, `created_at`, `updated_at`) VALUES
(1, 'DJ Sports Ltd', 'satudo@mailinator.com', '+1 (226) 353-9362', 'Enim nihil aperiam v', 'Habib', 'Manager', 'zenigigyqo@mailinator.com', '+1 (662) 469-3061', 'Molestias distinctio', 1, '2023-02-13 13:24:00', '2023-02-13 13:24:00'),
(2, 'SF Cemix', 'pezu@mailinator.com', '+1 (713) 437-2232', 'Id ex veniam in et', 'Saif', 'Executive', 'cusopiwu@mailinator.com', '+1 (819) 924-8146', 'Sed quis magnam elig', 1, '2023-02-13 13:24:49', '2023-02-13 13:24:49');

-- --------------------------------------------------------

--
-- Table structure for table `jobs`
--

CREATE TABLE `jobs` (
  `id` bigint UNSIGNED NOT NULL,
  `queue` varchar(191) CHARACTER SET utf8mb4 COLLATE utf8mb4_unicode_ci NOT NULL,
  `payload` longtext CHARACTER SET utf8mb4 COLLATE utf8mb4_unicode_ci NOT NULL,
  `attempts` tinyint UNSIGNED NOT NULL,
  `reserved_at` int UNSIGNED DEFAULT NULL,
  `available_at` int UNSIGNED NOT NULL,
  `created_at` int UNSIGNED NOT NULL
) ENGINE=InnoDB DEFAULT CHARSET=utf8mb4 COLLATE=utf8mb4_unicode_ci;

--
-- Dumping data for table `jobs`
--

INSERT INTO `jobs` (`id`, `queue`, `payload`, `attempts`, `reserved_at`, `available_at`, `created_at`) VALUES
(1, 'default', '{\"uuid\":\"afad2100-57b5-4868-bb86-974dad09ba79\",\"displayName\":\"App\\\\Notifications\\\\NoticeNotification\",\"job\":\"Illuminate\\\\Queue\\\\CallQueuedHandler@call\",\"maxTries\":null,\"maxExceptions\":null,\"failOnTimeout\":false,\"backoff\":null,\"timeout\":null,\"retryUntil\":null,\"data\":{\"commandName\":\"Illuminate\\\\Notifications\\\\SendQueuedNotifications\",\"command\":\"O:48:\\\"Illuminate\\\\Notifications\\\\SendQueuedNotifications\\\":3:{s:11:\\\"notifiables\\\";O:45:\\\"Illuminate\\\\Contracts\\\\Database\\\\ModelIdentifier\\\":5:{s:5:\\\"class\\\";s:18:\\\"App\\\\Models\\\\Student\\\";s:2:\\\"id\\\";a:1:{i:0;i:22;}s:9:\\\"relations\\\";a:1:{i:0;s:13:\\\"currentEnroll\\\";}s:10:\\\"connection\\\";s:5:\\\"mysql\\\";s:15:\\\"collectionClass\\\";N;}s:12:\\\"notification\\\";O:36:\\\"App\\\\Notifications\\\\NoticeNotification\\\":2:{s:7:\\\"\\u0000*\\u0000data\\\";a:3:{s:2:\\\"id\\\";i:4;s:5:\\\"title\\\";s:11:\\\"Annual eaxm\\\";s:4:\\\"type\\\";s:6:\\\"notice\\\";}s:2:\\\"id\\\";s:36:\\\"a16c8f1d-ddf9-4d89-a645-a98b32c2fabc\\\";}s:8:\\\"channels\\\";a:1:{i:0;s:8:\\\"database\\\";}}\"}}', 0, NULL, 1745993183, 1745993183),
(2, 'default', '{\"uuid\":\"c61fbd0c-0f41-481b-b3a8-45aad3b1cba1\",\"displayName\":\"App\\\\Notifications\\\\NoticeNotification\",\"job\":\"Illuminate\\\\Queue\\\\CallQueuedHandler@call\",\"maxTries\":null,\"maxExceptions\":null,\"failOnTimeout\":false,\"backoff\":null,\"timeout\":null,\"retryUntil\":null,\"data\":{\"commandName\":\"Illuminate\\\\Notifications\\\\SendQueuedNotifications\",\"command\":\"O:48:\\\"Illuminate\\\\Notifications\\\\SendQueuedNotifications\\\":3:{s:11:\\\"notifiables\\\";O:45:\\\"Illuminate\\\\Contracts\\\\Database\\\\ModelIdentifier\\\":5:{s:5:\\\"class\\\";s:18:\\\"App\\\\Models\\\\Student\\\";s:2:\\\"id\\\";a:1:{i:0;i:40;}s:9:\\\"relations\\\";a:1:{i:0;s:13:\\\"currentEnroll\\\";}s:10:\\\"connection\\\";s:5:\\\"mysql\\\";s:15:\\\"collectionClass\\\";N;}s:12:\\\"notification\\\";O:36:\\\"App\\\\Notifications\\\\NoticeNotification\\\":2:{s:7:\\\"\\u0000*\\u0000data\\\";a:3:{s:2:\\\"id\\\";i:4;s:5:\\\"title\\\";s:11:\\\"Annual eaxm\\\";s:4:\\\"type\\\";s:6:\\\"notice\\\";}s:2:\\\"id\\\";s:36:\\\"0df44e7e-6dab-439a-a7ab-d740ce68b84b\\\";}s:8:\\\"channels\\\";a:1:{i:0;s:8:\\\"database\\\";}}\"}}', 0, NULL, 1745993183, 1745993183),
(3, 'default', '{\"uuid\":\"fa5b036b-24f5-4c5f-a20f-4271ecde739d\",\"displayName\":\"App\\\\Notifications\\\\NoticeNotification\",\"job\":\"Illuminate\\\\Queue\\\\CallQueuedHandler@call\",\"maxTries\":null,\"maxExceptions\":null,\"failOnTimeout\":false,\"backoff\":null,\"timeout\":null,\"retryUntil\":null,\"data\":{\"commandName\":\"Illuminate\\\\Notifications\\\\SendQueuedNotifications\",\"command\":\"O:48:\\\"Illuminate\\\\Notifications\\\\SendQueuedNotifications\\\":3:{s:11:\\\"notifiables\\\";O:45:\\\"Illuminate\\\\Contracts\\\\Database\\\\ModelIdentifier\\\":5:{s:5:\\\"class\\\";s:18:\\\"App\\\\Models\\\\Student\\\";s:2:\\\"id\\\";a:1:{i:0;i:23;}s:9:\\\"relations\\\";a:1:{i:0;s:13:\\\"currentEnroll\\\";}s:10:\\\"connection\\\";s:5:\\\"mysql\\\";s:15:\\\"collectionClass\\\";N;}s:12:\\\"notification\\\";O:36:\\\"App\\\\Notifications\\\\NoticeNotification\\\":2:{s:7:\\\"\\u0000*\\u0000data\\\";a:3:{s:2:\\\"id\\\";i:4;s:5:\\\"title\\\";s:11:\\\"Annual eaxm\\\";s:4:\\\"type\\\";s:6:\\\"notice\\\";}s:2:\\\"id\\\";s:36:\\\"7e736011-0d13-41ee-b52b-83713a5ae5f9\\\";}s:8:\\\"channels\\\";a:1:{i:0;s:8:\\\"database\\\";}}\"}}', 0, NULL, 1745993183, 1745993183),
(4, 'default', '{\"uuid\":\"6f5afe5f-e1e3-4b11-941a-23f8434c5015\",\"displayName\":\"App\\\\Notifications\\\\NoticeNotification\",\"job\":\"Illuminate\\\\Queue\\\\CallQueuedHandler@call\",\"maxTries\":null,\"maxExceptions\":null,\"failOnTimeout\":false,\"backoff\":null,\"timeout\":null,\"retryUntil\":null,\"data\":{\"commandName\":\"Illuminate\\\\Notifications\\\\SendQueuedNotifications\",\"command\":\"O:48:\\\"Illuminate\\\\Notifications\\\\SendQueuedNotifications\\\":3:{s:11:\\\"notifiables\\\";O:45:\\\"Illuminate\\\\Contracts\\\\Database\\\\ModelIdentifier\\\":5:{s:5:\\\"class\\\";s:18:\\\"App\\\\Models\\\\Student\\\";s:2:\\\"id\\\";a:1:{i:0;i:38;}s:9:\\\"relations\\\";a:1:{i:0;s:13:\\\"currentEnroll\\\";}s:10:\\\"connection\\\";s:5:\\\"mysql\\\";s:15:\\\"collectionClass\\\";N;}s:12:\\\"notification\\\";O:36:\\\"App\\\\Notifications\\\\NoticeNotification\\\":2:{s:7:\\\"\\u0000*\\u0000data\\\";a:3:{s:2:\\\"id\\\";i:4;s:5:\\\"title\\\";s:11:\\\"Annual eaxm\\\";s:4:\\\"type\\\";s:6:\\\"notice\\\";}s:2:\\\"id\\\";s:36:\\\"5eaf08e9-60eb-46c1-93f2-fc99500a51e1\\\";}s:8:\\\"channels\\\";a:1:{i:0;s:8:\\\"database\\\";}}\"}}', 0, NULL, 1745993183, 1745993183),
(5, 'default', '{\"uuid\":\"e44abd18-8035-4c4a-a93d-b4453df97ce0\",\"displayName\":\"App\\\\Notifications\\\\NoticeNotification\",\"job\":\"Illuminate\\\\Queue\\\\CallQueuedHandler@call\",\"maxTries\":null,\"maxExceptions\":null,\"failOnTimeout\":false,\"backoff\":null,\"timeout\":null,\"retryUntil\":null,\"data\":{\"commandName\":\"Illuminate\\\\Notifications\\\\SendQueuedNotifications\",\"command\":\"O:48:\\\"Illuminate\\\\Notifications\\\\SendQueuedNotifications\\\":3:{s:11:\\\"notifiables\\\";O:45:\\\"Illuminate\\\\Contracts\\\\Database\\\\ModelIdentifier\\\":5:{s:5:\\\"class\\\";s:18:\\\"App\\\\Models\\\\Student\\\";s:2:\\\"id\\\";a:1:{i:0;i:25;}s:9:\\\"relations\\\";a:1:{i:0;s:13:\\\"currentEnroll\\\";}s:10:\\\"connection\\\";s:5:\\\"mysql\\\";s:15:\\\"collectionClass\\\";N;}s:12:\\\"notification\\\";O:36:\\\"App\\\\Notifications\\\\NoticeNotification\\\":2:{s:7:\\\"\\u0000*\\u0000data\\\";a:3:{s:2:\\\"id\\\";i:4;s:5:\\\"title\\\";s:11:\\\"Annual eaxm\\\";s:4:\\\"type\\\";s:6:\\\"notice\\\";}s:2:\\\"id\\\";s:36:\\\"ba987615-8168-4203-8cb7-3261a21af1d6\\\";}s:8:\\\"channels\\\";a:1:{i:0;s:8:\\\"database\\\";}}\"}}', 0, NULL, 1745993183, 1745993183),
(6, 'default', '{\"uuid\":\"c88f4bac-3b0a-43ac-972b-75a5cdacb719\",\"displayName\":\"App\\\\Notifications\\\\NoticeNotification\",\"job\":\"Illuminate\\\\Queue\\\\CallQueuedHandler@call\",\"maxTries\":null,\"maxExceptions\":null,\"failOnTimeout\":false,\"backoff\":null,\"timeout\":null,\"retryUntil\":null,\"data\":{\"commandName\":\"Illuminate\\\\Notifications\\\\SendQueuedNotifications\",\"command\":\"O:48:\\\"Illuminate\\\\Notifications\\\\SendQueuedNotifications\\\":3:{s:11:\\\"notifiables\\\";O:45:\\\"Illuminate\\\\Contracts\\\\Database\\\\ModelIdentifier\\\":5:{s:5:\\\"class\\\";s:18:\\\"App\\\\Models\\\\Student\\\";s:2:\\\"id\\\";a:1:{i:0;i:24;}s:9:\\\"relations\\\";a:1:{i:0;s:13:\\\"currentEnroll\\\";}s:10:\\\"connection\\\";s:5:\\\"mysql\\\";s:15:\\\"collectionClass\\\";N;}s:12:\\\"notification\\\";O:36:\\\"App\\\\Notifications\\\\NoticeNotification\\\":2:{s:7:\\\"\\u0000*\\u0000data\\\";a:3:{s:2:\\\"id\\\";i:4;s:5:\\\"title\\\";s:11:\\\"Annual eaxm\\\";s:4:\\\"type\\\";s:6:\\\"notice\\\";}s:2:\\\"id\\\";s:36:\\\"4e2b517a-9bb5-4f65-8c0a-dfa9180a775b\\\";}s:8:\\\"channels\\\";a:1:{i:0;s:8:\\\"database\\\";}}\"}}', 0, NULL, 1745993183, 1745993183),
(7, 'default', '{\"uuid\":\"2a56574f-4771-4b0f-8c2c-6c464c901615\",\"displayName\":\"App\\\\Notifications\\\\NoticeNotification\",\"job\":\"Illuminate\\\\Queue\\\\CallQueuedHandler@call\",\"maxTries\":null,\"maxExceptions\":null,\"failOnTimeout\":false,\"backoff\":null,\"timeout\":null,\"retryUntil\":null,\"data\":{\"commandName\":\"Illuminate\\\\Notifications\\\\SendQueuedNotifications\",\"command\":\"O:48:\\\"Illuminate\\\\Notifications\\\\SendQueuedNotifications\\\":3:{s:11:\\\"notifiables\\\";O:45:\\\"Illuminate\\\\Contracts\\\\Database\\\\ModelIdentifier\\\":5:{s:5:\\\"class\\\";s:18:\\\"App\\\\Models\\\\Student\\\";s:2:\\\"id\\\";a:1:{i:0;i:37;}s:9:\\\"relations\\\";a:1:{i:0;s:13:\\\"currentEnroll\\\";}s:10:\\\"connection\\\";s:5:\\\"mysql\\\";s:15:\\\"collectionClass\\\";N;}s:12:\\\"notification\\\";O:36:\\\"App\\\\Notifications\\\\NoticeNotification\\\":2:{s:7:\\\"\\u0000*\\u0000data\\\";a:3:{s:2:\\\"id\\\";i:4;s:5:\\\"title\\\";s:11:\\\"Annual eaxm\\\";s:4:\\\"type\\\";s:6:\\\"notice\\\";}s:2:\\\"id\\\";s:36:\\\"c5c947f8-51d8-40e3-bb10-de1296ccc1d8\\\";}s:8:\\\"channels\\\";a:1:{i:0;s:8:\\\"database\\\";}}\"}}', 0, NULL, 1745993183, 1745993183),
(8, 'default', '{\"uuid\":\"ad0a93bc-c1e7-49e0-9037-a6eb0af84845\",\"displayName\":\"App\\\\Notifications\\\\NoticeNotification\",\"job\":\"Illuminate\\\\Queue\\\\CallQueuedHandler@call\",\"maxTries\":null,\"maxExceptions\":null,\"failOnTimeout\":false,\"backoff\":null,\"timeout\":null,\"retryUntil\":null,\"data\":{\"commandName\":\"Illuminate\\\\Notifications\\\\SendQueuedNotifications\",\"command\":\"O:48:\\\"Illuminate\\\\Notifications\\\\SendQueuedNotifications\\\":3:{s:11:\\\"notifiables\\\";O:45:\\\"Illuminate\\\\Contracts\\\\Database\\\\ModelIdentifier\\\":5:{s:5:\\\"class\\\";s:18:\\\"App\\\\Models\\\\Student\\\";s:2:\\\"id\\\";a:1:{i:0;i:21;}s:9:\\\"relations\\\";a:1:{i:0;s:13:\\\"currentEnroll\\\";}s:10:\\\"connection\\\";s:5:\\\"mysql\\\";s:15:\\\"collectionClass\\\";N;}s:12:\\\"notification\\\";O:36:\\\"App\\\\Notifications\\\\NoticeNotification\\\":2:{s:7:\\\"\\u0000*\\u0000data\\\";a:3:{s:2:\\\"id\\\";i:4;s:5:\\\"title\\\";s:11:\\\"Annual eaxm\\\";s:4:\\\"type\\\";s:6:\\\"notice\\\";}s:2:\\\"id\\\";s:36:\\\"229c4c3a-c453-4e4b-89b0-58e02ef7a746\\\";}s:8:\\\"channels\\\";a:1:{i:0;s:8:\\\"database\\\";}}\"}}', 0, NULL, 1745993183, 1745993183),
(9, 'default', '{\"uuid\":\"47fb0878-6935-4cbc-bc96-cb1a9e1f78a3\",\"displayName\":\"App\\\\Notifications\\\\NoticeNotification\",\"job\":\"Illuminate\\\\Queue\\\\CallQueuedHandler@call\",\"maxTries\":null,\"maxExceptions\":null,\"failOnTimeout\":false,\"backoff\":null,\"timeout\":null,\"retryUntil\":null,\"data\":{\"commandName\":\"Illuminate\\\\Notifications\\\\SendQueuedNotifications\",\"command\":\"O:48:\\\"Illuminate\\\\Notifications\\\\SendQueuedNotifications\\\":3:{s:11:\\\"notifiables\\\";O:45:\\\"Illuminate\\\\Contracts\\\\Database\\\\ModelIdentifier\\\":5:{s:5:\\\"class\\\";s:18:\\\"App\\\\Models\\\\Student\\\";s:2:\\\"id\\\";a:1:{i:0;i:36;}s:9:\\\"relations\\\";a:1:{i:0;s:13:\\\"currentEnroll\\\";}s:10:\\\"connection\\\";s:5:\\\"mysql\\\";s:15:\\\"collectionClass\\\";N;}s:12:\\\"notification\\\";O:36:\\\"App\\\\Notifications\\\\NoticeNotification\\\":2:{s:7:\\\"\\u0000*\\u0000data\\\";a:3:{s:2:\\\"id\\\";i:4;s:5:\\\"title\\\";s:11:\\\"Annual eaxm\\\";s:4:\\\"type\\\";s:6:\\\"notice\\\";}s:2:\\\"id\\\";s:36:\\\"d5a35b99-7546-4c32-81f2-9b17293fab2a\\\";}s:8:\\\"channels\\\";a:1:{i:0;s:8:\\\"database\\\";}}\"}}', 0, NULL, 1745993183, 1745993183),
(10, 'default', '{\"uuid\":\"42afc42e-4f59-451d-a781-f14568647ed6\",\"displayName\":\"App\\\\Notifications\\\\NoticeNotification\",\"job\":\"Illuminate\\\\Queue\\\\CallQueuedHandler@call\",\"maxTries\":null,\"maxExceptions\":null,\"failOnTimeout\":false,\"backoff\":null,\"timeout\":null,\"retryUntil\":null,\"data\":{\"commandName\":\"Illuminate\\\\Notifications\\\\SendQueuedNotifications\",\"command\":\"O:48:\\\"Illuminate\\\\Notifications\\\\SendQueuedNotifications\\\":3:{s:11:\\\"notifiables\\\";O:45:\\\"Illuminate\\\\Contracts\\\\Database\\\\ModelIdentifier\\\":5:{s:5:\\\"class\\\";s:18:\\\"App\\\\Models\\\\Student\\\";s:2:\\\"id\\\";a:1:{i:0;i:35;}s:9:\\\"relations\\\";a:1:{i:0;s:13:\\\"currentEnroll\\\";}s:10:\\\"connection\\\";s:5:\\\"mysql\\\";s:15:\\\"collectionClass\\\";N;}s:12:\\\"notification\\\";O:36:\\\"App\\\\Notifications\\\\NoticeNotification\\\":2:{s:7:\\\"\\u0000*\\u0000data\\\";a:3:{s:2:\\\"id\\\";i:4;s:5:\\\"title\\\";s:11:\\\"Annual eaxm\\\";s:4:\\\"type\\\";s:6:\\\"notice\\\";}s:2:\\\"id\\\";s:36:\\\"97ed5930-9060-4ddc-9377-de929e000e02\\\";}s:8:\\\"channels\\\";a:1:{i:0;s:8:\\\"database\\\";}}\"}}', 0, NULL, 1745993183, 1745993183),
(11, 'default', '{\"uuid\":\"70af9a9e-9f43-4730-b2c7-fe69debeccf6\",\"displayName\":\"App\\\\Notifications\\\\NoticeNotification\",\"job\":\"Illuminate\\\\Queue\\\\CallQueuedHandler@call\",\"maxTries\":null,\"maxExceptions\":null,\"failOnTimeout\":false,\"backoff\":null,\"timeout\":null,\"retryUntil\":null,\"data\":{\"commandName\":\"Illuminate\\\\Notifications\\\\SendQueuedNotifications\",\"command\":\"O:48:\\\"Illuminate\\\\Notifications\\\\SendQueuedNotifications\\\":3:{s:11:\\\"notifiables\\\";O:45:\\\"Illuminate\\\\Contracts\\\\Database\\\\ModelIdentifier\\\":5:{s:5:\\\"class\\\";s:18:\\\"App\\\\Models\\\\Student\\\";s:2:\\\"id\\\";a:1:{i:0;i:34;}s:9:\\\"relations\\\";a:1:{i:0;s:13:\\\"currentEnroll\\\";}s:10:\\\"connection\\\";s:5:\\\"mysql\\\";s:15:\\\"collectionClass\\\";N;}s:12:\\\"notification\\\";O:36:\\\"App\\\\Notifications\\\\NoticeNotification\\\":2:{s:7:\\\"\\u0000*\\u0000data\\\";a:3:{s:2:\\\"id\\\";i:4;s:5:\\\"title\\\";s:11:\\\"Annual eaxm\\\";s:4:\\\"type\\\";s:6:\\\"notice\\\";}s:2:\\\"id\\\";s:36:\\\"7e41519a-6653-43ce-8826-8d3d8901d356\\\";}s:8:\\\"channels\\\";a:1:{i:0;s:8:\\\"database\\\";}}\"}}', 0, NULL, 1745993183, 1745993183),
(12, 'default', '{\"uuid\":\"f39fb090-2825-4da8-b47a-76d6f3f83ba2\",\"displayName\":\"App\\\\Notifications\\\\NoticeNotification\",\"job\":\"Illuminate\\\\Queue\\\\CallQueuedHandler@call\",\"maxTries\":null,\"maxExceptions\":null,\"failOnTimeout\":false,\"backoff\":null,\"timeout\":null,\"retryUntil\":null,\"data\":{\"commandName\":\"Illuminate\\\\Notifications\\\\SendQueuedNotifications\",\"command\":\"O:48:\\\"Illuminate\\\\Notifications\\\\SendQueuedNotifications\\\":3:{s:11:\\\"notifiables\\\";O:45:\\\"Illuminate\\\\Contracts\\\\Database\\\\ModelIdentifier\\\":5:{s:5:\\\"class\\\";s:18:\\\"App\\\\Models\\\\Student\\\";s:2:\\\"id\\\";a:1:{i:0;i:22;}s:9:\\\"relations\\\";a:2:{i:0;s:7:\\\"program\\\";i:1;s:13:\\\"currentEnroll\\\";}s:10:\\\"connection\\\";s:5:\\\"mysql\\\";s:15:\\\"collectionClass\\\";N;}s:12:\\\"notification\\\";O:36:\\\"App\\\\Notifications\\\\NoticeNotification\\\":2:{s:7:\\\"\\u0000*\\u0000data\\\";a:3:{s:2:\\\"id\\\";i:5;s:5:\\\"title\\\";s:15:\\\"summer vacation\\\";s:4:\\\"type\\\";s:6:\\\"notice\\\";}s:2:\\\"id\\\";s:36:\\\"e726150d-469b-458a-8f8b-86f25dda4554\\\";}s:8:\\\"channels\\\";a:1:{i:0;s:8:\\\"database\\\";}}\"}}', 0, NULL, 1745993241, 1745993241),
(13, 'default', '{\"uuid\":\"b19d8e72-79a2-47d1-a75e-f334b92abfb6\",\"displayName\":\"App\\\\Notifications\\\\NoticeNotification\",\"job\":\"Illuminate\\\\Queue\\\\CallQueuedHandler@call\",\"maxTries\":null,\"maxExceptions\":null,\"failOnTimeout\":false,\"backoff\":null,\"timeout\":null,\"retryUntil\":null,\"data\":{\"commandName\":\"Illuminate\\\\Notifications\\\\SendQueuedNotifications\",\"command\":\"O:48:\\\"Illuminate\\\\Notifications\\\\SendQueuedNotifications\\\":3:{s:11:\\\"notifiables\\\";O:45:\\\"Illuminate\\\\Contracts\\\\Database\\\\ModelIdentifier\\\":5:{s:5:\\\"class\\\";s:18:\\\"App\\\\Models\\\\Student\\\";s:2:\\\"id\\\";a:1:{i:0;i:23;}s:9:\\\"relations\\\";a:2:{i:0;s:7:\\\"program\\\";i:1;s:13:\\\"currentEnroll\\\";}s:10:\\\"connection\\\";s:5:\\\"mysql\\\";s:15:\\\"collectionClass\\\";N;}s:12:\\\"notification\\\";O:36:\\\"App\\\\Notifications\\\\NoticeNotification\\\":2:{s:7:\\\"\\u0000*\\u0000data\\\";a:3:{s:2:\\\"id\\\";i:5;s:5:\\\"title\\\";s:15:\\\"summer vacation\\\";s:4:\\\"type\\\";s:6:\\\"notice\\\";}s:2:\\\"id\\\";s:36:\\\"8bdd46c5-4b60-43d1-9d6e-a4ff31b37124\\\";}s:8:\\\"channels\\\";a:1:{i:0;s:8:\\\"database\\\";}}\"}}', 0, NULL, 1745993241, 1745993241),
(14, 'default', '{\"uuid\":\"1f21fddc-7a8b-45d6-90ec-4f36fec0fd87\",\"displayName\":\"App\\\\Notifications\\\\NoticeNotification\",\"job\":\"Illuminate\\\\Queue\\\\CallQueuedHandler@call\",\"maxTries\":null,\"maxExceptions\":null,\"failOnTimeout\":false,\"backoff\":null,\"timeout\":null,\"retryUntil\":null,\"data\":{\"commandName\":\"Illuminate\\\\Notifications\\\\SendQueuedNotifications\",\"command\":\"O:48:\\\"Illuminate\\\\Notifications\\\\SendQueuedNotifications\\\":3:{s:11:\\\"notifiables\\\";O:45:\\\"Illuminate\\\\Contracts\\\\Database\\\\ModelIdentifier\\\":5:{s:5:\\\"class\\\";s:18:\\\"App\\\\Models\\\\Student\\\";s:2:\\\"id\\\";a:1:{i:0;i:38;}s:9:\\\"relations\\\";a:2:{i:0;s:7:\\\"program\\\";i:1;s:13:\\\"currentEnroll\\\";}s:10:\\\"connection\\\";s:5:\\\"mysql\\\";s:15:\\\"collectionClass\\\";N;}s:12:\\\"notification\\\";O:36:\\\"App\\\\Notifications\\\\NoticeNotification\\\":2:{s:7:\\\"\\u0000*\\u0000data\\\";a:3:{s:2:\\\"id\\\";i:5;s:5:\\\"title\\\";s:15:\\\"summer vacation\\\";s:4:\\\"type\\\";s:6:\\\"notice\\\";}s:2:\\\"id\\\";s:36:\\\"0cbd9687-c365-47f2-b876-76284d016b56\\\";}s:8:\\\"channels\\\";a:1:{i:0;s:8:\\\"database\\\";}}\"}}', 0, NULL, 1745993241, 1745993241),
(15, 'default', '{\"uuid\":\"04393491-1e2b-4678-9da5-aaba4a74b135\",\"displayName\":\"App\\\\Notifications\\\\NoticeNotification\",\"job\":\"Illuminate\\\\Queue\\\\CallQueuedHandler@call\",\"maxTries\":null,\"maxExceptions\":null,\"failOnTimeout\":false,\"backoff\":null,\"timeout\":null,\"retryUntil\":null,\"data\":{\"commandName\":\"Illuminate\\\\Notifications\\\\SendQueuedNotifications\",\"command\":\"O:48:\\\"Illuminate\\\\Notifications\\\\SendQueuedNotifications\\\":3:{s:11:\\\"notifiables\\\";O:45:\\\"Illuminate\\\\Contracts\\\\Database\\\\ModelIdentifier\\\":5:{s:5:\\\"class\\\";s:18:\\\"App\\\\Models\\\\Student\\\";s:2:\\\"id\\\";a:1:{i:0;i:25;}s:9:\\\"relations\\\";a:2:{i:0;s:7:\\\"program\\\";i:1;s:13:\\\"currentEnroll\\\";}s:10:\\\"connection\\\";s:5:\\\"mysql\\\";s:15:\\\"collectionClass\\\";N;}s:12:\\\"notification\\\";O:36:\\\"App\\\\Notifications\\\\NoticeNotification\\\":2:{s:7:\\\"\\u0000*\\u0000data\\\";a:3:{s:2:\\\"id\\\";i:5;s:5:\\\"title\\\";s:15:\\\"summer vacation\\\";s:4:\\\"type\\\";s:6:\\\"notice\\\";}s:2:\\\"id\\\";s:36:\\\"80c84b78-7e0e-421d-817c-acf9df1f73c0\\\";}s:8:\\\"channels\\\";a:1:{i:0;s:8:\\\"database\\\";}}\"}}', 0, NULL, 1745993241, 1745993241),
(16, 'default', '{\"uuid\":\"e490b8fd-09c1-491a-8418-d0a2caf7c538\",\"displayName\":\"App\\\\Notifications\\\\NoticeNotification\",\"job\":\"Illuminate\\\\Queue\\\\CallQueuedHandler@call\",\"maxTries\":null,\"maxExceptions\":null,\"failOnTimeout\":false,\"backoff\":null,\"timeout\":null,\"retryUntil\":null,\"data\":{\"commandName\":\"Illuminate\\\\Notifications\\\\SendQueuedNotifications\",\"command\":\"O:48:\\\"Illuminate\\\\Notifications\\\\SendQueuedNotifications\\\":3:{s:11:\\\"notifiables\\\";O:45:\\\"Illuminate\\\\Contracts\\\\Database\\\\ModelIdentifier\\\":5:{s:5:\\\"class\\\";s:18:\\\"App\\\\Models\\\\Student\\\";s:2:\\\"id\\\";a:1:{i:0;i:24;}s:9:\\\"relations\\\";a:2:{i:0;s:7:\\\"program\\\";i:1;s:13:\\\"currentEnroll\\\";}s:10:\\\"connection\\\";s:5:\\\"mysql\\\";s:15:\\\"collectionClass\\\";N;}s:12:\\\"notification\\\";O:36:\\\"App\\\\Notifications\\\\NoticeNotification\\\":2:{s:7:\\\"\\u0000*\\u0000data\\\";a:3:{s:2:\\\"id\\\";i:5;s:5:\\\"title\\\";s:15:\\\"summer vacation\\\";s:4:\\\"type\\\";s:6:\\\"notice\\\";}s:2:\\\"id\\\";s:36:\\\"e6ddf571-97c9-4dd4-9378-a57fa3df0093\\\";}s:8:\\\"channels\\\";a:1:{i:0;s:8:\\\"database\\\";}}\"}}', 0, NULL, 1745993241, 1745993241),
(17, 'default', '{\"uuid\":\"c3520b77-6053-4dff-b54b-df3cbfeca6b8\",\"displayName\":\"App\\\\Notifications\\\\NoticeNotification\",\"job\":\"Illuminate\\\\Queue\\\\CallQueuedHandler@call\",\"maxTries\":null,\"maxExceptions\":null,\"failOnTimeout\":false,\"backoff\":null,\"timeout\":null,\"retryUntil\":null,\"data\":{\"commandName\":\"Illuminate\\\\Notifications\\\\SendQueuedNotifications\",\"command\":\"O:48:\\\"Illuminate\\\\Notifications\\\\SendQueuedNotifications\\\":3:{s:11:\\\"notifiables\\\";O:45:\\\"Illuminate\\\\Contracts\\\\Database\\\\ModelIdentifier\\\":5:{s:5:\\\"class\\\";s:18:\\\"App\\\\Models\\\\Student\\\";s:2:\\\"id\\\";a:1:{i:0;i:37;}s:9:\\\"relations\\\";a:2:{i:0;s:7:\\\"program\\\";i:1;s:13:\\\"currentEnroll\\\";}s:10:\\\"connection\\\";s:5:\\\"mysql\\\";s:15:\\\"collectionClass\\\";N;}s:12:\\\"notification\\\";O:36:\\\"App\\\\Notifications\\\\NoticeNotification\\\":2:{s:7:\\\"\\u0000*\\u0000data\\\";a:3:{s:2:\\\"id\\\";i:5;s:5:\\\"title\\\";s:15:\\\"summer vacation\\\";s:4:\\\"type\\\";s:6:\\\"notice\\\";}s:2:\\\"id\\\";s:36:\\\"17c64cd9-9fb4-4e31-b876-9e40b492b50c\\\";}s:8:\\\"channels\\\";a:1:{i:0;s:8:\\\"database\\\";}}\"}}', 0, NULL, 1745993241, 1745993241),
(18, 'default', '{\"uuid\":\"8d9a6624-50c6-41e3-bd35-6031143c4529\",\"displayName\":\"App\\\\Notifications\\\\NoticeNotification\",\"job\":\"Illuminate\\\\Queue\\\\CallQueuedHandler@call\",\"maxTries\":null,\"maxExceptions\":null,\"failOnTimeout\":false,\"backoff\":null,\"timeout\":null,\"retryUntil\":null,\"data\":{\"commandName\":\"Illuminate\\\\Notifications\\\\SendQueuedNotifications\",\"command\":\"O:48:\\\"Illuminate\\\\Notifications\\\\SendQueuedNotifications\\\":3:{s:11:\\\"notifiables\\\";O:45:\\\"Illuminate\\\\Contracts\\\\Database\\\\ModelIdentifier\\\":5:{s:5:\\\"class\\\";s:18:\\\"App\\\\Models\\\\Student\\\";s:2:\\\"id\\\";a:1:{i:0;i:21;}s:9:\\\"relations\\\";a:2:{i:0;s:7:\\\"program\\\";i:1;s:13:\\\"currentEnroll\\\";}s:10:\\\"connection\\\";s:5:\\\"mysql\\\";s:15:\\\"collectionClass\\\";N;}s:12:\\\"notification\\\";O:36:\\\"App\\\\Notifications\\\\NoticeNotification\\\":2:{s:7:\\\"\\u0000*\\u0000data\\\";a:3:{s:2:\\\"id\\\";i:5;s:5:\\\"title\\\";s:15:\\\"summer vacation\\\";s:4:\\\"type\\\";s:6:\\\"notice\\\";}s:2:\\\"id\\\";s:36:\\\"709cfc99-3901-406d-b0b6-7f7936fa02f8\\\";}s:8:\\\"channels\\\";a:1:{i:0;s:8:\\\"database\\\";}}\"}}', 0, NULL, 1745993241, 1745993241),
(19, 'default', '{\"uuid\":\"c751130c-77e7-430b-9912-cee53f1824c6\",\"displayName\":\"App\\\\Notifications\\\\NoticeNotification\",\"job\":\"Illuminate\\\\Queue\\\\CallQueuedHandler@call\",\"maxTries\":null,\"maxExceptions\":null,\"failOnTimeout\":false,\"backoff\":null,\"timeout\":null,\"retryUntil\":null,\"data\":{\"commandName\":\"Illuminate\\\\Notifications\\\\SendQueuedNotifications\",\"command\":\"O:48:\\\"Illuminate\\\\Notifications\\\\SendQueuedNotifications\\\":3:{s:11:\\\"notifiables\\\";O:45:\\\"Illuminate\\\\Contracts\\\\Database\\\\ModelIdentifier\\\":5:{s:5:\\\"class\\\";s:18:\\\"App\\\\Models\\\\Student\\\";s:2:\\\"id\\\";a:1:{i:0;i:34;}s:9:\\\"relations\\\";a:2:{i:0;s:7:\\\"program\\\";i:1;s:13:\\\"currentEnroll\\\";}s:10:\\\"connection\\\";s:5:\\\"mysql\\\";s:15:\\\"collectionClass\\\";N;}s:12:\\\"notification\\\";O:36:\\\"App\\\\Notifications\\\\NoticeNotification\\\":2:{s:7:\\\"\\u0000*\\u0000data\\\";a:3:{s:2:\\\"id\\\";i:5;s:5:\\\"title\\\";s:15:\\\"summer vacation\\\";s:4:\\\"type\\\";s:6:\\\"notice\\\";}s:2:\\\"id\\\";s:36:\\\"cd22db7b-9869-44dc-aee9-87f0ce657115\\\";}s:8:\\\"channels\\\";a:1:{i:0;s:8:\\\"database\\\";}}\"}}', 0, NULL, 1745993241, 1745993241),
(20, 'default', '{\"uuid\":\"11dbd3f2-ad7a-4890-a033-4274987dc627\",\"displayName\":\"App\\\\Notifications\\\\AssignmentNotification\",\"job\":\"Illuminate\\\\Queue\\\\CallQueuedHandler@call\",\"maxTries\":null,\"maxExceptions\":null,\"failOnTimeout\":false,\"backoff\":null,\"timeout\":null,\"retryUntil\":null,\"data\":{\"commandName\":\"Illuminate\\\\Notifications\\\\SendQueuedNotifications\",\"command\":\"O:48:\\\"Illuminate\\\\Notifications\\\\SendQueuedNotifications\\\":3:{s:11:\\\"notifiables\\\";O:45:\\\"Illuminate\\\\Contracts\\\\Database\\\\ModelIdentifier\\\":5:{s:5:\\\"class\\\";s:18:\\\"App\\\\Models\\\\Student\\\";s:2:\\\"id\\\";a:1:{i:0;i:22;}s:9:\\\"relations\\\";a:3:{i:0;s:7:\\\"program\\\";i:1;s:13:\\\"currentEnroll\\\";i:2;s:22:\\\"currentEnroll.subjects\\\";}s:10:\\\"connection\\\";s:5:\\\"mysql\\\";s:15:\\\"collectionClass\\\";N;}s:12:\\\"notification\\\";O:40:\\\"App\\\\Notifications\\\\AssignmentNotification\\\":2:{s:7:\\\"\\u0000*\\u0000data\\\";a:3:{s:2:\\\"id\\\";i:1;s:5:\\\"title\\\";s:7:\\\"history\\\";s:4:\\\"type\\\";s:10:\\\"assignment\\\";}s:2:\\\"id\\\";s:36:\\\"07200178-f5d2-4bde-b696-0dd6f3b27055\\\";}s:8:\\\"channels\\\";a:1:{i:0;s:8:\\\"database\\\";}}\"}}', 0, NULL, 1745993342, 1745993342),
(21, 'default', '{\"uuid\":\"e11a5fe9-f94e-460d-84ff-1096b811d6d8\",\"displayName\":\"App\\\\Notifications\\\\AssignmentNotification\",\"job\":\"Illuminate\\\\Queue\\\\CallQueuedHandler@call\",\"maxTries\":null,\"maxExceptions\":null,\"failOnTimeout\":false,\"backoff\":null,\"timeout\":null,\"retryUntil\":null,\"data\":{\"commandName\":\"Illuminate\\\\Notifications\\\\SendQueuedNotifications\",\"command\":\"O:48:\\\"Illuminate\\\\Notifications\\\\SendQueuedNotifications\\\":3:{s:11:\\\"notifiables\\\";O:45:\\\"Illuminate\\\\Contracts\\\\Database\\\\ModelIdentifier\\\":5:{s:5:\\\"class\\\";s:18:\\\"App\\\\Models\\\\Student\\\";s:2:\\\"id\\\";a:1:{i:0;i:23;}s:9:\\\"relations\\\";a:3:{i:0;s:7:\\\"program\\\";i:1;s:13:\\\"currentEnroll\\\";i:2;s:22:\\\"currentEnroll.subjects\\\";}s:10:\\\"connection\\\";s:5:\\\"mysql\\\";s:15:\\\"collectionClass\\\";N;}s:12:\\\"notification\\\";O:40:\\\"App\\\\Notifications\\\\AssignmentNotification\\\":2:{s:7:\\\"\\u0000*\\u0000data\\\";a:3:{s:2:\\\"id\\\";i:1;s:5:\\\"title\\\";s:7:\\\"history\\\";s:4:\\\"type\\\";s:10:\\\"assignment\\\";}s:2:\\\"id\\\";s:36:\\\"1bb3fe85-8a57-45e5-8ca8-35abd8885a41\\\";}s:8:\\\"channels\\\";a:1:{i:0;s:8:\\\"database\\\";}}\"}}', 0, NULL, 1745993342, 1745993342),
(22, 'default', '{\"uuid\":\"541ba01e-34ac-4eac-91fe-8d7961d2efd0\",\"displayName\":\"App\\\\Notifications\\\\AssignmentNotification\",\"job\":\"Illuminate\\\\Queue\\\\CallQueuedHandler@call\",\"maxTries\":null,\"maxExceptions\":null,\"failOnTimeout\":false,\"backoff\":null,\"timeout\":null,\"retryUntil\":null,\"data\":{\"commandName\":\"Illuminate\\\\Notifications\\\\SendQueuedNotifications\",\"command\":\"O:48:\\\"Illuminate\\\\Notifications\\\\SendQueuedNotifications\\\":3:{s:11:\\\"notifiables\\\";O:45:\\\"Illuminate\\\\Contracts\\\\Database\\\\ModelIdentifier\\\":5:{s:5:\\\"class\\\";s:18:\\\"App\\\\Models\\\\Student\\\";s:2:\\\"id\\\";a:1:{i:0;i:25;}s:9:\\\"relations\\\";a:3:{i:0;s:7:\\\"program\\\";i:1;s:13:\\\"currentEnroll\\\";i:2;s:22:\\\"currentEnroll.subjects\\\";}s:10:\\\"connection\\\";s:5:\\\"mysql\\\";s:15:\\\"collectionClass\\\";N;}s:12:\\\"notification\\\";O:40:\\\"App\\\\Notifications\\\\AssignmentNotification\\\":2:{s:7:\\\"\\u0000*\\u0000data\\\";a:3:{s:2:\\\"id\\\";i:1;s:5:\\\"title\\\";s:7:\\\"history\\\";s:4:\\\"type\\\";s:10:\\\"assignment\\\";}s:2:\\\"id\\\";s:36:\\\"de5cfa35-fee2-42e5-a4d1-bfdc20753d19\\\";}s:8:\\\"channels\\\";a:1:{i:0;s:8:\\\"database\\\";}}\"}}', 0, NULL, 1745993342, 1745993342),
(23, 'default', '{\"uuid\":\"0662abf9-f178-4b64-a56e-bda1a6c62db3\",\"displayName\":\"App\\\\Notifications\\\\AssignmentNotification\",\"job\":\"Illuminate\\\\Queue\\\\CallQueuedHandler@call\",\"maxTries\":null,\"maxExceptions\":null,\"failOnTimeout\":false,\"backoff\":null,\"timeout\":null,\"retryUntil\":null,\"data\":{\"commandName\":\"Illuminate\\\\Notifications\\\\SendQueuedNotifications\",\"command\":\"O:48:\\\"Illuminate\\\\Notifications\\\\SendQueuedNotifications\\\":3:{s:11:\\\"notifiables\\\";O:45:\\\"Illuminate\\\\Contracts\\\\Database\\\\ModelIdentifier\\\":5:{s:5:\\\"class\\\";s:18:\\\"App\\\\Models\\\\Student\\\";s:2:\\\"id\\\";a:1:{i:0;i:24;}s:9:\\\"relations\\\";a:3:{i:0;s:7:\\\"program\\\";i:1;s:13:\\\"currentEnroll\\\";i:2;s:22:\\\"currentEnroll.subjects\\\";}s:10:\\\"connection\\\";s:5:\\\"mysql\\\";s:15:\\\"collectionClass\\\";N;}s:12:\\\"notification\\\";O:40:\\\"App\\\\Notifications\\\\AssignmentNotification\\\":2:{s:7:\\\"\\u0000*\\u0000data\\\";a:3:{s:2:\\\"id\\\";i:1;s:5:\\\"title\\\";s:7:\\\"history\\\";s:4:\\\"type\\\";s:10:\\\"assignment\\\";}s:2:\\\"id\\\";s:36:\\\"31718b51-5d5c-4e77-9092-8a3af5b49e2b\\\";}s:8:\\\"channels\\\";a:1:{i:0;s:8:\\\"database\\\";}}\"}}', 0, NULL, 1745993342, 1745993342),
(24, 'default', '{\"uuid\":\"80e17b6d-6485-4d71-9f15-0aacfc8b6944\",\"displayName\":\"App\\\\Notifications\\\\AssignmentNotification\",\"job\":\"Illuminate\\\\Queue\\\\CallQueuedHandler@call\",\"maxTries\":null,\"maxExceptions\":null,\"failOnTimeout\":false,\"backoff\":null,\"timeout\":null,\"retryUntil\":null,\"data\":{\"commandName\":\"Illuminate\\\\Notifications\\\\SendQueuedNotifications\",\"command\":\"O:48:\\\"Illuminate\\\\Notifications\\\\SendQueuedNotifications\\\":3:{s:11:\\\"notifiables\\\";O:45:\\\"Illuminate\\\\Contracts\\\\Database\\\\ModelIdentifier\\\":5:{s:5:\\\"class\\\";s:18:\\\"App\\\\Models\\\\Student\\\";s:2:\\\"id\\\";a:1:{i:0;i:21;}s:9:\\\"relations\\\";a:3:{i:0;s:7:\\\"program\\\";i:1;s:13:\\\"currentEnroll\\\";i:2;s:22:\\\"currentEnroll.subjects\\\";}s:10:\\\"connection\\\";s:5:\\\"mysql\\\";s:15:\\\"collectionClass\\\";N;}s:12:\\\"notification\\\";O:40:\\\"App\\\\Notifications\\\\AssignmentNotification\\\":2:{s:7:\\\"\\u0000*\\u0000data\\\";a:3:{s:2:\\\"id\\\";i:1;s:5:\\\"title\\\";s:7:\\\"history\\\";s:4:\\\"type\\\";s:10:\\\"assignment\\\";}s:2:\\\"id\\\";s:36:\\\"9989aff0-29ad-4977-a542-5be0822df4e5\\\";}s:8:\\\"channels\\\";a:1:{i:0;s:8:\\\"database\\\";}}\"}}', 0, NULL, 1745993342, 1745993342),
(25, 'default', '{\"uuid\":\"eacee567-4d3a-44d3-b3a7-1d8b41082920\",\"displayName\":\"App\\\\Notifications\\\\AssignmentNotification\",\"job\":\"Illuminate\\\\Queue\\\\CallQueuedHandler@call\",\"maxTries\":null,\"maxExceptions\":null,\"failOnTimeout\":false,\"backoff\":null,\"timeout\":null,\"retryUntil\":null,\"data\":{\"commandName\":\"Illuminate\\\\Notifications\\\\SendQueuedNotifications\",\"command\":\"O:48:\\\"Illuminate\\\\Notifications\\\\SendQueuedNotifications\\\":3:{s:11:\\\"notifiables\\\";O:45:\\\"Illuminate\\\\Contracts\\\\Database\\\\ModelIdentifier\\\":5:{s:5:\\\"class\\\";s:18:\\\"App\\\\Models\\\\Student\\\";s:2:\\\"id\\\";a:1:{i:0;i:34;}s:9:\\\"relations\\\";a:3:{i:0;s:7:\\\"program\\\";i:1;s:13:\\\"currentEnroll\\\";i:2;s:22:\\\"currentEnroll.subjects\\\";}s:10:\\\"connection\\\";s:5:\\\"mysql\\\";s:15:\\\"collectionClass\\\";N;}s:12:\\\"notification\\\";O:40:\\\"App\\\\Notifications\\\\AssignmentNotification\\\":2:{s:7:\\\"\\u0000*\\u0000data\\\";a:3:{s:2:\\\"id\\\";i:1;s:5:\\\"title\\\";s:7:\\\"history\\\";s:4:\\\"type\\\";s:10:\\\"assignment\\\";}s:2:\\\"id\\\";s:36:\\\"06aadefd-d5b3-46a3-a1bd-471c7e38735e\\\";}s:8:\\\"channels\\\";a:1:{i:0;s:8:\\\"database\\\";}}\"}}', 0, NULL, 1745993342, 1745993342),
(26, 'default', '{\"uuid\":\"05031bff-9ee0-46e0-b763-4dfd1d7daf38\",\"displayName\":\"App\\\\Jobs\\\\NotifyStudentJob\",\"job\":\"Illuminate\\\\Queue\\\\CallQueuedHandler@call\",\"maxTries\":null,\"maxExceptions\":null,\"failOnTimeout\":false,\"backoff\":null,\"timeout\":null,\"retryUntil\":null,\"data\":{\"commandName\":\"App\\\\Jobs\\\\NotifyStudentJob\",\"command\":\"O:25:\\\"App\\\\Jobs\\\\NotifyStudentJob\\\":1:{s:7:\\\"\\u0000*\\u0000data\\\";a:7:{s:3:\\\"row\\\";O:24:\\\"App\\\\Models\\\\StudentEnroll\\\":30:{s:13:\\\"\\u0000*\\u0000connection\\\";s:5:\\\"mysql\\\";s:8:\\\"\\u0000*\\u0000table\\\";s:15:\\\"student_enrolls\\\";s:13:\\\"\\u0000*\\u0000primaryKey\\\";s:2:\\\"id\\\";s:10:\\\"\\u0000*\\u0000keyType\\\";s:3:\\\"int\\\";s:12:\\\"incrementing\\\";b:1;s:7:\\\"\\u0000*\\u0000with\\\";a:0:{}s:12:\\\"\\u0000*\\u0000withCount\\\";a:0:{}s:19:\\\"preventsLazyLoading\\\";b:0;s:10:\\\"\\u0000*\\u0000perPage\\\";i:15;s:6:\\\"exists\\\";b:1;s:18:\\\"wasRecentlyCreated\\\";b:0;s:28:\\\"\\u0000*\\u0000escapeWhenCastingToString\\\";b:0;s:13:\\\"\\u0000*\\u0000attributes\\\";a:11:{s:2:\\\"id\\\";i:39;s:10:\\\"student_id\\\";i:35;s:10:\\\"program_id\\\";i:17;s:10:\\\"session_id\\\";i:5;s:11:\\\"semester_id\\\";i:1;s:10:\\\"section_id\\\";i:7;s:6:\\\"status\\\";i:1;s:10:\\\"created_by\\\";i:1;s:10:\\\"updated_by\\\";N;s:10:\\\"created_at\\\";s:19:\\\"2025-04-29 09:43:34\\\";s:10:\\\"updated_at\\\";s:19:\\\"2025-04-29 09:43:34\\\";}s:11:\\\"\\u0000*\\u0000original\\\";a:11:{s:2:\\\"id\\\";i:39;s:10:\\\"student_id\\\";i:35;s:10:\\\"program_id\\\";i:17;s:10:\\\"session_id\\\";i:5;s:11:\\\"semester_id\\\";i:1;s:10:\\\"section_id\\\";i:7;s:6:\\\"status\\\";i:1;s:10:\\\"created_by\\\";i:1;s:10:\\\"updated_by\\\";N;s:10:\\\"created_at\\\";s:19:\\\"2025-04-29 09:43:34\\\";s:10:\\\"updated_at\\\";s:19:\\\"2025-04-29 09:43:34\\\";}s:10:\\\"\\u0000*\\u0000changes\\\";a:0:{}s:8:\\\"\\u0000*\\u0000casts\\\";a:0:{}s:17:\\\"\\u0000*\\u0000classCastCache\\\";a:0:{}s:21:\\\"\\u0000*\\u0000attributeCastCache\\\";a:0:{}s:8:\\\"\\u0000*\\u0000dates\\\";a:0:{}s:13:\\\"\\u0000*\\u0000dateFormat\\\";N;s:10:\\\"\\u0000*\\u0000appends\\\";a:0:{}s:19:\\\"\\u0000*\\u0000dispatchesEvents\\\";a:0:{}s:14:\\\"\\u0000*\\u0000observables\\\";a:0:{}s:12:\\\"\\u0000*\\u0000relations\\\";a:2:{s:7:\\\"program\\\";O:18:\\\"App\\\\Models\\\\Program\\\":30:{s:13:\\\"\\u0000*\\u0000connection\\\";s:5:\\\"mysql\\\";s:8:\\\"\\u0000*\\u0000table\\\";s:8:\\\"programs\\\";s:13:\\\"\\u0000*\\u0000primaryKey\\\";s:2:\\\"id\\\";s:10:\\\"\\u0000*\\u0000keyType\\\";s:3:\\\"int\\\";s:12:\\\"incrementing\\\";b:1;s:7:\\\"\\u0000*\\u0000with\\\";a:0:{}s:12:\\\"\\u0000*\\u0000withCount\\\";a:0:{}s:19:\\\"preventsLazyLoading\\\";b:0;s:10:\\\"\\u0000*\\u0000perPage\\\";i:15;s:6:\\\"exists\\\";b:1;s:18:\\\"wasRecentlyCreated\\\";b:0;s:28:\\\"\\u0000*\\u0000escapeWhenCastingToString\\\";b:0;s:13:\\\"\\u0000*\\u0000attributes\\\";a:9:{s:2:\\\"id\\\";i:17;s:10:\\\"faculty_id\\\";i:6;s:5:\\\"title\\\";s:2:\\\"MA\\\";s:4:\\\"slug\\\";s:2:\\\"ma\\\";s:9:\\\"shortcode\\\";s:3:\\\"ma1\\\";s:12:\\\"registration\\\";i:0;s:6:\\\"status\\\";i:1;s:10:\\\"created_at\\\";s:19:\\\"2025-04-29 07:07:25\\\";s:10:\\\"updated_at\\\";s:19:\\\"2025-04-29 07:07:25\\\";}s:11:\\\"\\u0000*\\u0000original\\\";a:9:{s:2:\\\"id\\\";i:17;s:10:\\\"faculty_id\\\";i:6;s:5:\\\"title\\\";s:2:\\\"MA\\\";s:4:\\\"slug\\\";s:2:\\\"ma\\\";s:9:\\\"shortcode\\\";s:3:\\\"ma1\\\";s:12:\\\"registration\\\";i:0;s:6:\\\"status\\\";i:1;s:10:\\\"created_at\\\";s:19:\\\"2025-04-29 07:07:25\\\";s:10:\\\"updated_at\\\";s:19:\\\"2025-04-29 07:07:25\\\";}s:10:\\\"\\u0000*\\u0000changes\\\";a:0:{}s:8:\\\"\\u0000*\\u0000casts\\\";a:0:{}s:17:\\\"\\u0000*\\u0000classCastCache\\\";a:0:{}s:21:\\\"\\u0000*\\u0000attributeCastCache\\\";a:0:{}s:8:\\\"\\u0000*\\u0000dates\\\";a:0:{}s:13:\\\"\\u0000*\\u0000dateFormat\\\";N;s:10:\\\"\\u0000*\\u0000appends\\\";a:0:{}s:19:\\\"\\u0000*\\u0000dispatchesEvents\\\";a:0:{}s:14:\\\"\\u0000*\\u0000observables\\\";a:0:{}s:12:\\\"\\u0000*\\u0000relations\\\";a:0:{}s:10:\\\"\\u0000*\\u0000touches\\\";a:0:{}s:10:\\\"timestamps\\\";b:1;s:9:\\\"\\u0000*\\u0000hidden\\\";a:0:{}s:10:\\\"\\u0000*\\u0000visible\\\";a:0:{}s:11:\\\"\\u0000*\\u0000fillable\\\";a:6:{i:0;s:10:\\\"faculty_id\\\";i:1;s:5:\\\"title\\\";i:2;s:4:\\\"slug\\\";i:3;s:9:\\\"shortcode\\\";i:4;s:12:\\\"registration\\\";i:5;s:6:\\\"status\\\";}s:10:\\\"\\u0000*\\u0000guarded\\\";a:1:{i:0;s:1:\\\"*\\\";}}s:7:\\\"student\\\";O:18:\\\"App\\\\Models\\\\Student\\\":31:{s:13:\\\"\\u0000*\\u0000connection\\\";s:5:\\\"mysql\\\";s:8:\\\"\\u0000*\\u0000table\\\";s:8:\\\"students\\\";s:13:\\\"\\u0000*\\u0000primaryKey\\\";s:2:\\\"id\\\";s:10:\\\"\\u0000*\\u0000keyType\\\";s:3:\\\"int\\\";s:12:\\\"incrementing\\\";b:1;s:7:\\\"\\u0000*\\u0000with\\\";a:0:{}s:12:\\\"\\u0000*\\u0000withCount\\\";a:0:{}s:19:\\\"preventsLazyLoading\\\";b:0;s:10:\\\"\\u0000*\\u0000perPage\\\";i:15;s:6:\\\"exists\\\";b:1;s:18:\\\"wasRecentlyCreated\\\";b:0;s:28:\\\"\\u0000*\\u0000escapeWhenCastingToString\\\";b:0;s:13:\\\"\\u0000*\\u0000attributes\\\";a:63:{s:2:\\\"id\\\";i:35;s:10:\\\"student_id\\\";s:1:\\\"2\\\";s:15:\\\"registration_no\\\";N;s:8:\\\"batch_id\\\";i:12;s:10:\\\"program_id\\\";i:17;s:14:\\\"admission_date\\\";s:10:\\\"2025-04-29\\\";s:10:\\\"first_name\\\";s:6:\\\"soumya\\\";s:9:\\\"last_name\\\";s:5:\\\"sahoo\\\";s:11:\\\"father_name\\\";s:14:\\\"pradip pradhan\\\";s:11:\\\"mother_name\\\";s:11:\\\"sasmita roy\\\";s:5:\\\"email\\\";s:15:\\\"sruti@gmail.com\\\";s:17:\\\"email_verified_at\\\";N;s:8:\\\"password\\\";s:60:\\\"$2y$10$pN0ESlpGPRWdFqWYJSbn5uloeZHWAbFf8CRR9.o1Upw2a3j6fDq3W\\\";s:13:\\\"password_text\\\";s:200:\\\"eyJpdiI6IjhhRHZ2cnVBa20xdmZHKzBnMDE3V1E9PSIsInZhbHVlIjoiM0U2RmZJOUJsdHo5aHhQTGFHRXRtUT09IiwibWFjIjoiZjJmMjZjZmJmNjBiZGJiZmIwZjQxMzA0ZGMwNWE1YmFiYTAxMDFmMzkwNjc4NDU1MTlhNjYxYzJjZmFlODYzNiIsInRhZyI6IiJ9\\\";s:16:\\\"present_province\\\";i:19;s:16:\\\"present_district\\\";i:73;s:15:\\\"present_village\\\";N;s:15:\\\"present_address\\\";s:8:\\\"nayagarh\\\";s:18:\\\"permanent_province\\\";i:19;s:18:\\\"permanent_district\\\";i:64;s:17:\\\"permanent_village\\\";N;s:17:\\\"permanent_address\\\";s:8:\\\"nayagarh\\\";s:6:\\\"gender\\\";i:2;s:3:\\\"dob\\\";s:10:\\\"2025-04-29\\\";s:5:\\\"phone\\\";s:10:\\\"7873304319\\\";s:15:\\\"emergency_phone\\\";N;s:13:\\\"mother_tongue\\\";N;s:14:\\\"marital_status\\\";N;s:11:\\\"blood_group\\\";N;s:11:\\\"nationality\\\";N;s:11:\\\"national_id\\\";N;s:11:\\\"passport_no\\\";N;s:11:\\\"school_name\\\";N;s:14:\\\"school_exam_id\\\";N;s:22:\\\"school_graduation_year\\\";N;s:23:\\\"school_graduation_point\\\";N;s:12:\\\"collage_name\\\";N;s:15:\\\"collage_exam_id\\\";N;s:23:\\\"collage_graduation_year\\\";N;s:24:\\\"collage_graduation_point\\\";N;s:5:\\\"photo\\\";s:21:\\\"demoo_1745919814.jpeg\\\";s:9:\\\"signature\\\";s:21:\\\"demoo_1745919814.jpeg\\\";s:5:\\\"login\\\";i:1;s:6:\\\"status\\\";i:1;s:11:\\\"is_transfer\\\";i:0;s:14:\\\"remember_token\\\";N;s:10:\\\"created_by\\\";i:1;s:10:\\\"updated_by\\\";N;s:10:\\\"created_at\\\";s:19:\\\"2025-04-29 09:43:34\\\";s:10:\\\"updated_at\\\";s:19:\\\"2025-04-29 09:43:34\\\";s:17:\\\"father_occupation\\\";s:12:\\\"business man\\\";s:17:\\\"mother_occupation\\\";s:10:\\\"house wife\\\";s:12:\\\"father_photo\\\";N;s:12:\\\"mother_photo\\\";N;s:7:\\\"country\\\";N;s:8:\\\"religion\\\";N;s:5:\\\"caste\\\";N;s:23:\\\"school_graduation_field\\\";N;s:24:\\\"collage_graduation_field\\\";N;s:17:\\\"school_transcript\\\";s:47:\\\"544c738cfd37463e6f07b4f89fd38f72_1745919814.png\\\";s:18:\\\"school_certificate\\\";s:47:\\\"544c738cfd37463e6f07b4f89fd38f72_1745919814.png\\\";s:18:\\\"collage_transcript\\\";s:47:\\\"544c738cfd37463e6f07b4f89fd38f72_1745919814.png\\\";s:19:\\\"collage_certificate\\\";s:47:\\\"544c738cfd37463e6f07b4f89fd38f72_1745919814.png\\\";}s:11:\\\"\\u0000*\\u0000original\\\";a:63:{s:2:\\\"id\\\";i:35;s:10:\\\"student_id\\\";s:1:\\\"2\\\";s:15:\\\"registration_no\\\";N;s:8:\\\"batch_id\\\";i:12;s:10:\\\"program_id\\\";i:17;s:14:\\\"admission_date\\\";s:10:\\\"2025-04-29\\\";s:10:\\\"first_name\\\";s:6:\\\"soumya\\\";s:9:\\\"last_name\\\";s:5:\\\"sahoo\\\";s:11:\\\"father_name\\\";s:14:\\\"pradip pradhan\\\";s:11:\\\"mother_name\\\";s:11:\\\"sasmita roy\\\";s:5:\\\"email\\\";s:15:\\\"sruti@gmail.com\\\";s:17:\\\"email_verified_at\\\";N;s:8:\\\"password\\\";s:60:\\\"$2y$10$pN0ESlpGPRWdFqWYJSbn5uloeZHWAbFf8CRR9.o1Upw2a3j6fDq3W\\\";s:13:\\\"password_text\\\";s:200:\\\"eyJpdiI6IjhhRHZ2cnVBa20xdmZHKzBnMDE3V1E9PSIsInZhbHVlIjoiM0U2RmZJOUJsdHo5aHhQTGFHRXRtUT09IiwibWFjIjoiZjJmMjZjZmJmNjBiZGJiZmIwZjQxMzA0ZGMwNWE1YmFiYTAxMDFmMzkwNjc4NDU1MTlhNjYxYzJjZmFlODYzNiIsInRhZyI6IiJ9\\\";s:16:\\\"present_province\\\";i:19;s:16:\\\"present_district\\\";i:73;s:15:\\\"present_village\\\";N;s:15:\\\"present_address\\\";s:8:\\\"nayagarh\\\";s:18:\\\"permanent_province\\\";i:19;s:18:\\\"permanent_district\\\";i:64;s:17:\\\"permanent_village\\\";N;s:17:\\\"permanent_address\\\";s:8:\\\"nayagarh\\\";s:6:\\\"gender\\\";i:2;s:3:\\\"dob\\\";s:10:\\\"2025-04-29\\\";s:5:\\\"phone\\\";s:10:\\\"7873304319\\\";s:15:\\\"emergency_phone\\\";N;s:13:\\\"mother_tongue\\\";N;s:14:\\\"marital_status\\\";N;s:11:\\\"blood_group\\\";N;s:11:\\\"nationality\\\";N;s:11:\\\"national_id\\\";N;s:11:\\\"passport_no\\\";N;s:11:\\\"school_name\\\";N;s:14:\\\"school_exam_id\\\";N;s:22:\\\"school_graduation_year\\\";N;s:23:\\\"school_graduation_point\\\";N;s:12:\\\"collage_name\\\";N;s:15:\\\"collage_exam_id\\\";N;s:23:\\\"collage_graduation_year\\\";N;s:24:\\\"collage_graduation_point\\\";N;s:5:\\\"photo\\\";s:21:\\\"demoo_1745919814.jpeg\\\";s:9:\\\"signature\\\";s:21:\\\"demoo_1745919814.jpeg\\\";s:5:\\\"login\\\";i:1;s:6:\\\"status\\\";i:1;s:11:\\\"is_transfer\\\";i:0;s:14:\\\"remember_token\\\";N;s:10:\\\"created_by\\\";i:1;s:10:\\\"updated_by\\\";N;s:10:\\\"created_at\\\";s:19:\\\"2025-04-29 09:43:34\\\";s:10:\\\"updated_at\\\";s:19:\\\"2025-04-29 09:43:34\\\";s:17:\\\"father_occupation\\\";s:12:\\\"business man\\\";s:17:\\\"mother_occupation\\\";s:10:\\\"house wife\\\";s:12:\\\"father_photo\\\";N;s:12:\\\"mother_photo\\\";N;s:7:\\\"country\\\";N;s:8:\\\"religion\\\";N;s:5:\\\"caste\\\";N;s:23:\\\"school_graduation_field\\\";N;s:24:\\\"collage_graduation_field\\\";N;s:17:\\\"school_transcript\\\";s:47:\\\"544c738cfd37463e6f07b4f89fd38f72_1745919814.png\\\";s:18:\\\"school_certificate\\\";s:47:\\\"544c738cfd37463e6f07b4f89fd38f72_1745919814.png\\\";s:18:\\\"collage_transcript\\\";s:47:\\\"544c738cfd37463e6f07b4f89fd38f72_1745919814.png\\\";s:19:\\\"collage_certificate\\\";s:47:\\\"544c738cfd37463e6f07b4f89fd38f72_1745919814.png\\\";}s:10:\\\"\\u0000*\\u0000changes\\\";a:0:{}s:8:\\\"\\u0000*\\u0000casts\\\";a:1:{s:17:\\\"email_verified_at\\\";s:8:\\\"datetime\\\";}s:17:\\\"\\u0000*\\u0000classCastCache\\\";a:0:{}s:21:\\\"\\u0000*\\u0000attributeCastCache\\\";a:0:{}s:8:\\\"\\u0000*\\u0000dates\\\";a:0:{}s:13:\\\"\\u0000*\\u0000dateFormat\\\";N;s:10:\\\"\\u0000*\\u0000appends\\\";a:0:{}s:19:\\\"\\u0000*\\u0000dispatchesEvents\\\";a:0:{}s:14:\\\"\\u0000*\\u0000observables\\\";a:0:{}s:12:\\\"\\u0000*\\u0000relations\\\";a:0:{}s:10:\\\"\\u0000*\\u0000touches\\\";a:0:{}s:10:\\\"timestamps\\\";b:1;s:9:\\\"\\u0000*\\u0000hidden\\\";a:2:{i:0;s:8:\\\"password\\\";i:1;s:14:\\\"remember_token\\\";}s:10:\\\"\\u0000*\\u0000visible\\\";a:0:{}s:11:\\\"\\u0000*\\u0000fillable\\\";a:58:{i:0;s:10:\\\"student_id\\\";i:1;s:15:\\\"registration_no\\\";i:2;s:8:\\\"batch_id\\\";i:3;s:10:\\\"program_id\\\";i:4;s:14:\\\"admission_date\\\";i:5;s:10:\\\"first_name\\\";i:6;s:9:\\\"last_name\\\";i:7;s:11:\\\"father_name\\\";i:8;s:11:\\\"mother_name\\\";i:9;s:17:\\\"father_occupation\\\";i:10;s:17:\\\"mother_occupation\\\";i:11;s:12:\\\"father_photo\\\";i:12;s:12:\\\"mother_photo\\\";i:13;s:5:\\\"email\\\";i:14;s:8:\\\"password\\\";i:15;s:13:\\\"password_text\\\";i:16;s:7:\\\"country\\\";i:17;s:16:\\\"present_province\\\";i:18;s:16:\\\"present_district\\\";i:19;s:15:\\\"present_village\\\";i:20;s:15:\\\"present_address\\\";i:21;s:18:\\\"permanent_province\\\";i:22;s:18:\\\"permanent_district\\\";i:23;s:17:\\\"permanent_village\\\";i:24;s:17:\\\"permanent_address\\\";i:25;s:6:\\\"gender\\\";i:26;s:3:\\\"dob\\\";i:27;s:5:\\\"phone\\\";i:28;s:15:\\\"emergency_phone\\\";i:29;s:8:\\\"religion\\\";i:30;s:5:\\\"caste\\\";i:31;s:13:\\\"mother_tongue\\\";i:32;s:14:\\\"marital_status\\\";i:33;s:11:\\\"blood_group\\\";i:34;s:11:\\\"nationality\\\";i:35;s:11:\\\"national_id\\\";i:36;s:11:\\\"passport_no\\\";i:37;s:11:\\\"school_name\\\";i:38;s:14:\\\"school_exam_id\\\";i:39;s:23:\\\"school_graduation_field\\\";i:40;s:22:\\\"school_graduation_year\\\";i:41;s:23:\\\"school_graduation_point\\\";i:42;s:17:\\\"school_transcript\\\";i:43;s:18:\\\"school_certificate\\\";i:44;s:12:\\\"collage_name\\\";i:45;s:15:\\\"collage_exam_id\\\";i:46;s:24:\\\"collage_graduation_field\\\";i:47;s:23:\\\"collage_graduation_year\\\";i:48;s:24:\\\"collage_graduation_point\\\";i:49;s:18:\\\"collage_transcript\\\";i:50;s:19:\\\"collage_certificate\\\";i:51;s:5:\\\"photo\\\";i:52;s:9:\\\"signature\\\";i:53;s:5:\\\"login\\\";i:54;s:6:\\\"status\\\";i:55;s:11:\\\"is_transfer\\\";i:56;s:10:\\\"created_by\\\";i:57;s:10:\\\"updated_by\\\";}s:10:\\\"\\u0000*\\u0000guarded\\\";a:1:{i:0;s:1:\\\"*\\\";}s:20:\\\"\\u0000*\\u0000rememberTokenName\\\";s:14:\\\"remember_token\\\";}}s:10:\\\"\\u0000*\\u0000touches\\\";a:0:{}s:10:\\\"timestamps\\\";b:1;s:9:\\\"\\u0000*\\u0000hidden\\\";a:0:{}s:10:\\\"\\u0000*\\u0000visible\\\";a:0:{}s:11:\\\"\\u0000*\\u0000fillable\\\";a:8:{i:0;s:10:\\\"student_id\\\";i:1;s:10:\\\"program_id\\\";i:2;s:10:\\\"session_id\\\";i:3;s:11:\\\"semester_id\\\";i:4;s:10:\\\"section_id\\\";i:5;s:6:\\\"status\\\";i:6;s:10:\\\"created_by\\\";i:7;s:10:\\\"updated_by\\\";}s:10:\\\"\\u0000*\\u0000guarded\\\";a:1:{i:0;s:1:\\\"*\\\";}}s:5:\\\"email\\\";s:15:\\\"sruti@gmail.com\\\";s:4:\\\"name\\\";s:12:\\\"soumya sahoo\\\";s:4:\\\"from\\\";s:17:\\\"noreply@vtdemo.in\\\";s:6:\\\"sender\\\";s:14:\\\"VT UNIVERTCITY\\\";s:7:\\\"subject\\\";s:5:\\\"tyfyt\\\";s:7:\\\"message\\\";s:6:\\\"fyrfyr\\\";}}\"}}', 0, NULL, 1764334338, 1764334338);

-- --------------------------------------------------------

--
-- Table structure for table `key_indicator_master`
--

CREATE TABLE `key_indicator_master` (
  `id` bigint UNSIGNED NOT NULL,
  `criteria_id` bigint UNSIGNED NOT NULL,
  `code` varchar(20) NOT NULL,
  `name` varchar(255) NOT NULL,
  `created_at` datetime DEFAULT NULL,
  `updated_at` datetime DEFAULT NULL
) ENGINE=InnoDB DEFAULT CHARSET=latin1;

--
-- Dumping data for table `key_indicator_master`
--

INSERT INTO `key_indicator_master` (`id`, `criteria_id`, `code`, `name`, `created_at`, `updated_at`) VALUES
(9, 1, '1.1', 'Curricular Planning and Implementation', '2025-10-01 14:42:57', '2025-10-01 14:42:57'),
(10, 1, '1.2', 'Academic Flexibility', '2025-10-01 14:43:36', '2025-10-01 14:43:36'),
(11, 1, '1.3', 'Curriculum Enrichment', '2025-10-01 14:43:58', '2025-10-01 14:43:58'),
(12, 1, '1.4', 'Feedback System', '2025-10-01 14:44:17', '2025-10-01 14:44:17'),
(13, 2, '2.1', 'Student Enrollment and Profile', '2025-10-01 14:50:23', '2025-10-01 14:50:23'),
(14, 2, '2.2', 'Student Teacher Ratio', '2025-10-01 14:50:48', '2025-10-01 14:50:48'),
(15, 2, '2.3', 'Teaching- Learning Process', '2025-10-01 14:51:00', '2025-10-01 14:51:00'),
(16, 2, '2.4', 'Teacher Profile and Quality', '2025-10-01 14:51:19', '2025-10-01 14:51:19'),
(17, 2, '2.5', 'Evaluation Process and Reforms', '2025-10-01 14:51:30', '2025-10-01 14:51:30'),
(18, 2, '2.6', 'Student Performance and Learning Outcomes', '2025-10-01 14:51:44', '2025-10-01 14:51:44'),
(19, 2, '2.7', 'Student Satisfaction Survey', '2025-10-01 14:51:59', '2025-10-01 14:51:59');

-- --------------------------------------------------------

--
-- Table structure for table `languages`
--

CREATE TABLE `languages` (
  `id` int UNSIGNED NOT NULL,
  `name` varchar(191) CHARACTER SET utf8mb4 COLLATE utf8mb4_unicode_ci NOT NULL,
  `code` varchar(191) CHARACTER SET utf8mb4 COLLATE utf8mb4_unicode_ci NOT NULL,
  `description` text CHARACTER SET utf8mb4 COLLATE utf8mb4_unicode_ci,
  `direction` tinyint(1) NOT NULL DEFAULT '0' COMMENT '0 LTR, 1 RTL',
  `default` tinyint(1) NOT NULL DEFAULT '0' COMMENT '0 Not Default, 1 Default',
  `status` tinyint(1) NOT NULL DEFAULT '1',
  `created_at` timestamp NULL DEFAULT NULL,
  `updated_at` timestamp NULL DEFAULT NULL
) ENGINE=InnoDB DEFAULT CHARSET=utf8mb4 COLLATE=utf8mb4_unicode_ci;

--
-- Dumping data for table `languages`
--

INSERT INTO `languages` (`id`, `name`, `code`, `description`, `direction`, `default`, `status`, `created_at`, `updated_at`) VALUES
(1, 'English', 'en', NULL, 0, 1, 1, '2022-09-30 12:00:47', '2022-09-30 12:00:47');

-- --------------------------------------------------------

--
-- Table structure for table `leaves`
--

CREATE TABLE `leaves` (
  `id` bigint UNSIGNED NOT NULL,
  `type_id` int UNSIGNED NOT NULL,
  `user_id` bigint UNSIGNED NOT NULL,
  `review_by` bigint UNSIGNED DEFAULT NULL,
  `apply_date` date NOT NULL,
  `from_date` date NOT NULL,
  `to_date` date NOT NULL,
  `reason` text CHARACTER SET utf8mb4 COLLATE utf8mb4_unicode_ci,
  `attach` text CHARACTER SET utf8mb4 COLLATE utf8mb4_unicode_ci,
  `note` text CHARACTER SET utf8mb4 COLLATE utf8mb4_unicode_ci,
  `pay_type` int NOT NULL DEFAULT '1' COMMENT '1 Paid & 2 Unpaid',
  `status` int NOT NULL DEFAULT '0' COMMENT '0 Pending, 1 Approved and 2 Rejected',
  `created_at` timestamp NULL DEFAULT NULL,
  `updated_at` timestamp NULL DEFAULT NULL
) ENGINE=InnoDB DEFAULT CHARSET=utf8mb4 COLLATE=utf8mb4_unicode_ci;

--
-- Dumping data for table `leaves`
--

INSERT INTO `leaves` (`id`, `type_id`, `user_id`, `review_by`, `apply_date`, `from_date`, `to_date`, `reason`, `attach`, `note`, `pay_type`, `status`, `created_at`, `updated_at`) VALUES
(1, 1, 1, 1, '2022-10-02', '2022-10-02', '2022-10-08', 'Lorem Ipsum is simply dummy text of the printing and typesetting industry. Lorem Ipsum has been the industry\'s standard dummy text ever since the 1500s, when an unknown printer took a galley of type and scrambled it to make a type specimen book. It has survived not only five centuries, but also the leap into electronic typesetting, remaining essentially unchanged. It was popularised in the 1960s with the release of Letraset sheets containing Lorem Ipsum passages, and more recently with desktop publishing software like Aldus PageMaker including versions of Lorem Ipsum.', NULL, NULL, 1, 2, '2022-10-02 12:00:39', '2022-10-02 12:02:46'),
(2, 2, 1, 1, '2022-10-02', '2022-10-20', '2022-10-24', 'It is a long established fact that a reader will be distracted by the readable content of a page when looking at its layout. The point of using Lorem Ipsum is that it has a more-or-less normal distribution of letters, as opposed to using \'Content here, content here\', making it look like readable English. Many desktop publishing packages and web page editors now use Lorem Ipsum as their default model text, and a search for \'lorem ipsum\' will uncover many web sites still in their infancy. Various versions have evolved over the years, sometimes by accident, sometimes on purpose (injected humour and the like).', 'book-covers_1664733674.jpg', NULL, 2, 1, '2022-10-02 12:01:14', '2022-10-02 12:02:50');

-- --------------------------------------------------------

--
-- Table structure for table `leave_types`
--

CREATE TABLE `leave_types` (
  `id` int UNSIGNED NOT NULL,
  `title` varchar(191) CHARACTER SET utf8mb4 COLLATE utf8mb4_unicode_ci NOT NULL,
  `slug` varchar(191) CHARACTER SET utf8mb4 COLLATE utf8mb4_unicode_ci NOT NULL,
  `limit` int DEFAULT NULL,
  `description` text CHARACTER SET utf8mb4 COLLATE utf8mb4_unicode_ci,
  `status` tinyint(1) NOT NULL DEFAULT '1',
  `created_at` timestamp NULL DEFAULT NULL,
  `updated_at` timestamp NULL DEFAULT NULL
) ENGINE=InnoDB DEFAULT CHARSET=utf8mb4 COLLATE=utf8mb4_unicode_ci;

--
-- Dumping data for table `leave_types`
--

INSERT INTO `leave_types` (`id`, `title`, `slug`, `limit`, `description`, `status`, `created_at`, `updated_at`) VALUES
(1, 'Casual Leave', 'casual-leave', NULL, NULL, 1, NULL, NULL),
(2, 'Sick Leave', 'sick-leave', NULL, NULL, 1, NULL, NULL),
(3, 'Maternity Leave', 'maternity-leave', NULL, NULL, 1, NULL, NULL),
(4, 'Marriage Leave', 'marriage-leave', NULL, NULL, 1, NULL, NULL),
(5, 'Bereavement Leave', 'bereavement-leave', NULL, NULL, 1, NULL, NULL);

-- --------------------------------------------------------

--
-- Table structure for table `library_members`
--

CREATE TABLE `library_members` (
  `id` bigint UNSIGNED NOT NULL,
  `memberable_type` varchar(191) CHARACTER SET utf8mb4 COLLATE utf8mb4_unicode_ci NOT NULL,
  `memberable_id` bigint UNSIGNED NOT NULL,
  `library_id` varchar(191) CHARACTER SET utf8mb4 COLLATE utf8mb4_unicode_ci NOT NULL,
  `date` date NOT NULL,
  `status` int NOT NULL DEFAULT '1' COMMENT '0 Inactive, 1 Active',
  `created_by` bigint UNSIGNED DEFAULT NULL,
  `updated_by` bigint UNSIGNED DEFAULT NULL,
  `created_at` timestamp NULL DEFAULT NULL,
  `updated_at` timestamp NULL DEFAULT NULL
) ENGINE=InnoDB DEFAULT CHARSET=utf8mb4 COLLATE=utf8mb4_unicode_ci;

--
-- Dumping data for table `library_members`
--

INSERT INTO `library_members` (`id`, `memberable_type`, `memberable_id`, `library_id`, `date`, `status`, `created_by`, `updated_by`, `created_at`, `updated_at`) VALUES
(1, 'App\\Models\\Student', 1, 'L1001', '2027-10-03', 1, 1, NULL, '2022-10-03 05:32:53', '2022-10-03 05:32:53'),
(2, 'App\\Models\\Student', 2, 'L1002', '2027-10-03', 0, 1, 1, '2022-10-03 05:33:11', '2022-10-03 05:42:05'),
(3, 'App\\Models\\Student', 3, 'L1003', '2027-10-03', 1, 1, NULL, '2022-10-03 05:33:18', '2022-10-03 05:33:18'),
(4, 'App\\Models\\Student', 5, 'L1004', '2027-10-03', 1, 1, NULL, '2022-10-03 05:33:48', '2022-10-03 05:33:48'),
(5, 'App\\Models\\Student', 6, 'L1005', '2027-10-03', 1, 1, NULL, '2022-10-03 05:33:57', '2022-10-03 05:33:57'),
(6, 'App\\Models\\Student', 8, 'L1006', '2027-10-03', 1, 1, NULL, '2022-10-03 05:35:11', '2022-10-03 05:35:11'),
(7, 'App\\User', 9, 'L1009', '2027-10-03', 1, 1, NULL, '2022-10-03 05:40:24', '2022-10-03 05:40:24'),
(8, 'App\\User', 8, 'L1010', '2027-10-03', 1, 1, NULL, '2022-10-03 05:40:39', '2022-10-03 05:40:39'),
(9, 'App\\User', 6, 'L1011', '2027-10-03', 1, 1, NULL, '2022-10-03 05:40:49', '2022-10-03 05:40:49'),
(10, 'App\\User', 5, 'L1012', '2027-10-03', 1, 1, NULL, '2022-10-03 05:40:59', '2022-10-03 05:40:59'),
(11, 'App\\User', 4, 'L1013', '2027-10-03', 0, 1, 1, '2022-10-03 05:41:09', '2022-10-03 05:41:49'),
(12, 'App\\User', 3, 'L1014', '2027-10-03', 1, 1, NULL, '2022-10-03 05:41:20', '2022-10-03 05:41:20'),
(13, 'App\\User', 1, 'L1015', '2027-10-03', 1, 1, NULL, '2022-10-03 05:41:29', '2022-10-03 05:41:29'),
(14, 'App\\Models\\OutsideUser', 1, 'L1016', '2027-10-03', 1, 1, NULL, '2022-10-03 05:44:53', '2022-10-03 05:44:53'),
(15, 'App\\Models\\OutsideUser', 2, 'L1017', '2027-10-03', 1, 1, NULL, '2022-10-03 05:45:41', '2022-10-03 05:45:41'),
(16, 'App\\Models\\OutsideUser', 3, 'L1018', '2027-10-03', 0, 1, 1, '2022-10-03 05:46:30', '2022-10-03 05:48:52'),
(17, 'App\\Models\\OutsideUser', 4, 'L1020', '2027-10-03', 1, 1, NULL, '2022-10-03 05:48:01', '2022-10-03 05:48:01'),
(18, 'App\\Models\\Student', 10, 'L1021', '2027-10-04', 1, 1, NULL, '2022-10-04 07:39:22', '2022-10-04 07:39:22'),
(19, 'App\\Models\\Student', 11, 'L1022', '2027-10-04', 1, 1, NULL, '2022-10-04 07:39:31', '2022-10-04 07:39:31'),
(20, 'App\\Models\\Student', 13, 'L1023', '2027-10-04', 0, 1, 1, '2022-10-04 07:39:42', '2022-10-04 07:39:45'),
(21, 'App\\Models\\Student', 14, 'L1024', '2027-10-04', 1, 1, NULL, '2022-10-04 07:39:52', '2022-10-04 07:39:52'),
(22, 'App\\Models\\Student', 22, '007', '2030-04-25', 1, 2, NULL, '2025-04-25 17:27:47', '2025-04-25 17:27:47');

-- --------------------------------------------------------

--
-- Table structure for table `mail_settings`
--

CREATE TABLE `mail_settings` (
  `id` int UNSIGNED NOT NULL,
  `driver` text CHARACTER SET utf8mb4 COLLATE utf8mb4_unicode_ci,
  `host` text CHARACTER SET utf8mb4 COLLATE utf8mb4_unicode_ci,
  `port` text CHARACTER SET utf8mb4 COLLATE utf8mb4_unicode_ci,
  `username` text CHARACTER SET utf8mb4 COLLATE utf8mb4_unicode_ci,
  `password` text CHARACTER SET utf8mb4 COLLATE utf8mb4_unicode_ci,
  `encryption` text CHARACTER SET utf8mb4 COLLATE utf8mb4_unicode_ci,
  `sender_email` text CHARACTER SET utf8mb4 COLLATE utf8mb4_unicode_ci,
  `sender_name` text CHARACTER SET utf8mb4 COLLATE utf8mb4_unicode_ci,
  `reply_email` text CHARACTER SET utf8mb4 COLLATE utf8mb4_unicode_ci,
  `status` tinyint(1) NOT NULL DEFAULT '1',
  `created_at` timestamp NULL DEFAULT NULL,
  `updated_at` timestamp NULL DEFAULT NULL
) ENGINE=InnoDB DEFAULT CHARSET=utf8mb4 COLLATE=utf8mb4_unicode_ci;

--
-- Dumping data for table `mail_settings`
--

INSERT INTO `mail_settings` (`id`, `driver`, `host`, `port`, `username`, `password`, `encryption`, `sender_email`, `sender_name`, `reply_email`, `status`, `created_at`, `updated_at`) VALUES
(1, 'smtp', 'vtdemo.in', '465', 'noreply@vtdemo.in', 'O^V0Jrdh[gnw', 'ssl', 'noreply@vtdemo.in', 'VT UNIVERTCITY', 'info@mail.com', 1, '2022-09-30 12:00:47', '2025-04-25 17:50:58');

-- --------------------------------------------------------

--
-- Table structure for table `marksheet_settings`
--

CREATE TABLE `marksheet_settings` (
  `id` int UNSIGNED NOT NULL,
  `title` varchar(191) CHARACTER SET utf8mb4 COLLATE utf8mb4_unicode_ci NOT NULL,
  `header_left` text CHARACTER SET utf8mb4 COLLATE utf8mb4_unicode_ci,
  `header_center` text CHARACTER SET utf8mb4 COLLATE utf8mb4_unicode_ci,
  `header_right` text CHARACTER SET utf8mb4 COLLATE utf8mb4_unicode_ci,
  `body` text CHARACTER SET utf8mb4 COLLATE utf8mb4_unicode_ci,
  `footer_left` text CHARACTER SET utf8mb4 COLLATE utf8mb4_unicode_ci,
  `footer_center` text CHARACTER SET utf8mb4 COLLATE utf8mb4_unicode_ci,
  `footer_right` text CHARACTER SET utf8mb4 COLLATE utf8mb4_unicode_ci,
  `logo_left` text CHARACTER SET utf8mb4 COLLATE utf8mb4_unicode_ci,
  `logo_right` text CHARACTER SET utf8mb4 COLLATE utf8mb4_unicode_ci,
  `background` text CHARACTER SET utf8mb4 COLLATE utf8mb4_unicode_ci,
  `width` varchar(191) CHARACTER SET utf8mb4 COLLATE utf8mb4_unicode_ci NOT NULL DEFAULT 'auto',
  `height` varchar(191) CHARACTER SET utf8mb4 COLLATE utf8mb4_unicode_ci NOT NULL DEFAULT 'auto',
  `student_photo` tinyint(1) NOT NULL DEFAULT '0',
  `barcode` tinyint(1) NOT NULL DEFAULT '0',
  `status` tinyint(1) NOT NULL DEFAULT '1',
  `created_at` timestamp NULL DEFAULT NULL,
  `updated_at` timestamp NULL DEFAULT NULL
) ENGINE=InnoDB DEFAULT CHARSET=utf8mb4 COLLATE=utf8mb4_unicode_ci;

--
-- Dumping data for table `marksheet_settings`
--

INSERT INTO `marksheet_settings` (`id`, `title`, `header_left`, `header_center`, `header_right`, `body`, `footer_left`, `footer_center`, `footer_right`, `logo_left`, `logo_right`, `background`, `width`, `height`, `student_photo`, `barcode`, `status`, `created_at`, `updated_at`) VALUES
(1, 'Our University Academic Transcript', NULL, NULL, NULL, NULL, 'Controller', 'Director', 'Register', 'logo_1664613886.jpg', 'logo_1664613886.jpg', NULL, '800px', 'auto', 0, 0, 1, '2022-10-01 02:44:46', '2022-10-01 03:27:49');

-- --------------------------------------------------------

--
-- Table structure for table `meeting_schedules`
--

CREATE TABLE `meeting_schedules` (
  `id` bigint UNSIGNED NOT NULL,
  `type_id` int UNSIGNED NOT NULL,
  `user_id` int UNSIGNED DEFAULT NULL,
  `name` varchar(191) CHARACTER SET utf8mb4 COLLATE utf8mb4_unicode_ci NOT NULL,
  `father_name` varchar(191) CHARACTER SET utf8mb4 COLLATE utf8mb4_unicode_ci DEFAULT NULL,
  `phone` varchar(191) CHARACTER SET utf8mb4 COLLATE utf8mb4_unicode_ci DEFAULT NULL,
  `email` varchar(191) CHARACTER SET utf8mb4 COLLATE utf8mb4_unicode_ci DEFAULT NULL,
  `address` text CHARACTER SET utf8mb4 COLLATE utf8mb4_unicode_ci,
  `purpose` text CHARACTER SET utf8mb4 COLLATE utf8mb4_unicode_ci,
  `note` text CHARACTER SET utf8mb4 COLLATE utf8mb4_unicode_ci,
  `id_no` varchar(191) CHARACTER SET utf8mb4 COLLATE utf8mb4_unicode_ci DEFAULT NULL,
  `token` varchar(191) CHARACTER SET utf8mb4 COLLATE utf8mb4_unicode_ci DEFAULT NULL,
  `date` date NOT NULL,
  `in_time` time DEFAULT NULL,
  `out_time` time DEFAULT NULL,
  `persons` varchar(191) CHARACTER SET utf8mb4 COLLATE utf8mb4_unicode_ci DEFAULT NULL,
  `attach` text CHARACTER SET utf8mb4 COLLATE utf8mb4_unicode_ci,
  `status` tinyint(1) NOT NULL DEFAULT '1',
  `created_by` bigint UNSIGNED DEFAULT NULL,
  `updated_by` bigint UNSIGNED DEFAULT NULL,
  `created_at` timestamp NULL DEFAULT NULL,
  `updated_at` timestamp NULL DEFAULT NULL
) ENGINE=InnoDB DEFAULT CHARSET=utf8mb4 COLLATE=utf8mb4_unicode_ci;

--
-- Dumping data for table `meeting_schedules`
--

INSERT INTO `meeting_schedules` (`id`, `type_id`, `user_id`, `name`, `father_name`, `phone`, `email`, `address`, `purpose`, `note`, `id_no`, `token`, `date`, `in_time`, `out_time`, `persons`, `attach`, `status`, `created_by`, `updated_by`, `created_at`, `updated_at`) VALUES
(1, 1, 4, 'Channing Hicks', 'Felix Conway', '+1 (169) 929-4323', 'webizigi@mailinator.com', 'Ut sed proident del', 'Fugit provident ip', 'Est quam amet nobi', '45', 'Pass-100001', '2023-10-09', '17:29:00', '08:22:00', '1', NULL, 0, 1, 1, '2023-02-13 12:30:58', '2023-08-25 07:41:26'),
(2, 2, 8, 'Elaine Guerra', 'Zeus Phelps', '+1 (274) 544-4761', 'zaja@mailinator.com', 'Aut neque saepe pari', 'Fuga Obcaecati haru', 'Est minim iste ea re', '54877', 'Pass-100002', '2023-02-13', '09:45:00', '02:04:00', '2', NULL, 1, 1, 1, '2023-02-13 12:31:57', '2023-02-13 12:37:11'),
(3, 2, 5, 'Kasimir Cooper', 'Yvonne Reid', '+1 (322) 377-7963', 'dinalezo@mailinator.com', 'Provident omnis opt', 'Perspiciatis non cu', 'Aut est molestiae od', '234', 'Pass-100003', '2024-01-25', '04:52:00', '14:49:00', '2', NULL, 3, 1, 1, '2023-08-25 07:39:50', '2023-08-25 07:41:35'),
(4, 1, 1, 'Rebekah Calderon', 'Kyle Armstrong', '+1 (928) 388-3493', 'qezug@mailinator.com', 'Irure ipsam distinct', 'Et non et consequatu', 'Aliqua Et eu velit', '35', 'Pass-100004', '2024-03-05', '23:35:00', '13:21:00', '1', NULL, 1, 1, NULL, '2023-08-25 07:40:20', '2023-08-25 07:40:20');

-- --------------------------------------------------------

--
-- Table structure for table `meeting_types`
--

CREATE TABLE `meeting_types` (
  `id` int UNSIGNED NOT NULL,
  `title` varchar(191) CHARACTER SET utf8mb4 COLLATE utf8mb4_unicode_ci NOT NULL,
  `slug` varchar(191) CHARACTER SET utf8mb4 COLLATE utf8mb4_unicode_ci NOT NULL,
  `description` text CHARACTER SET utf8mb4 COLLATE utf8mb4_unicode_ci,
  `status` tinyint(1) NOT NULL DEFAULT '1',
  `created_at` timestamp NULL DEFAULT NULL,
  `updated_at` timestamp NULL DEFAULT NULL
) ENGINE=InnoDB DEFAULT CHARSET=utf8mb4 COLLATE=utf8mb4_unicode_ci;

--
-- Dumping data for table `meeting_types`
--

INSERT INTO `meeting_types` (`id`, `title`, `slug`, `description`, `status`, `created_at`, `updated_at`) VALUES
(1, 'Board Meeting', 'board-meeting', NULL, 1, '2023-02-13 12:23:18', '2023-02-13 12:23:18'),
(2, 'Parent Teacher Meeting', 'parent-teacher-meeting', NULL, 1, '2023-02-13 12:23:34', '2023-02-13 12:23:34');

-- --------------------------------------------------------

--
-- Table structure for table `metric_master`
--

CREATE TABLE `metric_master` (
  `id` bigint UNSIGNED NOT NULL,
  `criteria_id` bigint UNSIGNED NOT NULL,
  `key_indicator_id` bigint UNSIGNED DEFAULT NULL,
  `university_id` bigint UNSIGNED DEFAULT NULL,
  `metric_code` varchar(20) NOT NULL,
  `metric_description` text NOT NULL
) ENGINE=InnoDB DEFAULT CHARSET=latin1;

--
-- Dumping data for table `metric_master`
--

INSERT INTO `metric_master` (`id`, `criteria_id`, `key_indicator_id`, `university_id`, `metric_code`, `metric_description`) VALUES
(1, 1, 9, NULL, '1.1.1', 'The Institution ensures effective curriculum planning and delivery through a well-planned and documented process including Academic calendar and conduct of continuous internal Assessment'),
(2, 1, 10, NULL, '1.2.1', 'Number of Certificate/Value added courses offered and online courses of MOOCs, SWAYAM, NPTEL etc. (where the students of the institution have enrolled and successfully completed during the last five years)'),
(3, 1, 11, NULL, '1.3.1', 'Institution integrates crosscutting issues relevant to Professional Ethics, Gender, Human Values, Environment and Sustainability in transacting the Curriculum'),
(4, 1, 12, NULL, '1.4.1', 'Institution obtains feedback on the academic performance and ambience of the institution from various stakeholders, such as Students, Teachers, Employers, Alumni etc. and action taken report on the feedback is made available on institutional website'),
(5, 2, 13, NULL, '2.1.1', 'Enrolment percentage'),
(10, 2, 13, NULL, '2.1.1.1', 'Number of seats filled year wise during last five years (Only first year admissions to be considered)'),
(11, 2, 13, NULL, '2.1.1.2', 'Number of sanctioned seats year wise during last five years'),
(12, 2, 13, NULL, '2.1.2', 'Percentage of seats filled against reserved categories (SC, ST, OBC etc.) as per applicable reservation policy for the first year admission during the last five years'),
(13, 2, 13, NULL, '2.1.2.2', 'Number of seats earmarked for reserved category as per GOI/ State Govt rule year wise during the last five years'),
(14, 2, 14, NULL, '2.2.1', 'Student – Full time Teacher Ratio\r\n(Data for the latest completed academic year)'),
(15, 2, 14, NULL, '2.2.1', 'Student – Full time Teacher Ratio (Data for the latest completed academic year)'),
(16, 2, 15, NULL, '2.3', 'Teaching- Learning Process'),
(17, 2, 15, NULL, '2.3.1', 'Student centric methods, such as experiential learning, participative learning and problem solving methodologies are used for enhancing learning experiences and teachers use ICT- enabled tools including online resources for effective teaching and learning process'),
(18, 2, 16, NULL, '2.4', 'Teacher Profile and Quality'),
(19, 2, 16, NULL, '2.4.1', 'Percentage of full-time teachers against sanctioned posts during the last five years'),
(20, 2, 16, NULL, '2.4.2', 'Percentage of full time teachers with NET/SET/SLET/ Ph. D./D.Sc. / D.Litt./L.L.D. during the last five years (consider only highest degree for count)'),
(21, 2, 17, NULL, '2.5', 'Evaluation Process and Reforms'),
(22, 2, 17, NULL, '2.5.1', 'Mechanism of internal/ external assessment is transparent and the grievance redressal system is time- bound and efficient'),
(23, 2, 18, NULL, '2.6', 'Student Performance and Learning Outcomes'),
(24, 2, 18, NULL, '2.6.1', 'Programme Outcomes (POs) and Course Outcomes (COs) for all Programmes offered by the institution are stated and displayed on website');

-- --------------------------------------------------------

--
-- Table structure for table `migrations`
--

CREATE TABLE `migrations` (
  `id` int UNSIGNED NOT NULL,
  `migration` varchar(191) CHARACTER SET utf8mb4 COLLATE utf8mb4_unicode_ci NOT NULL,
  `batch` int NOT NULL
) ENGINE=InnoDB DEFAULT CHARSET=utf8mb4 COLLATE=utf8mb4_unicode_ci;

--
-- Dumping data for table `migrations`
--

INSERT INTO `migrations` (`id`, `migration`, `batch`) VALUES
(1, '2014_10_12_000000_create_users_table', 1),
(2, '2014_10_12_100000_create_password_resets_table', 1),
(3, '2019_12_14_000001_create_personal_access_tokens_table', 1),
(4, '2021_06_04_092405_create_faculties_table', 1),
(5, '2021_06_04_102314_create_programs_table', 1),
(6, '2021_06_04_114619_create_batches_table', 1),
(7, '2021_06_04_120154_create_sessions_table', 1),
(8, '2021_06_04_131456_create_semesters_table', 1),
(9, '2021_06_04_132856_create_sections_table', 1),
(10, '2021_06_04_141432_create_class_rooms_table', 1),
(11, '2021_06_05_121933_create_income_categories_table', 1),
(12, '2021_06_05_125236_create_incomes_table', 1),
(13, '2021_06_05_144224_create_expense_categories_table', 1),
(14, '2021_06_05_150317_create_expenses_table', 1),
(15, '2021_06_07_152605_create_subjects_table', 1),
(16, '2021_06_07_155306_create_enroll_subjects_table', 1),
(17, '2021_06_07_160042_create_enroll_subject_subject_table', 1),
(18, '2021_06_08_102053_create_program_subject_table', 1),
(19, '2021_06_08_105550_create_batch_program_table', 1),
(20, '2021_06_08_125338_create_program_semester_table', 1),
(21, '2021_06_08_125531_create_program_class_room_table', 1),
(22, '2021_06_08_180439_create_program_session_table', 1),
(23, '2021_06_08_182844_create_program_semester_sections_table', 1),
(24, '2021_06_09_133442_create_class_routines_table', 1),
(25, '2021_06_12_153215_create_departments_table', 1),
(26, '2021_06_12_155411_create_designations_table', 1),
(27, '2021_06_13_075755_create_leave_types_table', 1),
(28, '2021_06_13_125451_create_leaves_table', 1),
(29, '2021_06_13_173512_create_work_shift_types_table', 1),
(30, '2021_06_13_175400_create_tax_settings_table', 1),
(31, '2021_06_13_193417_create_user_program_table', 1),
(32, '2021_06_15_184223_create_staff_attendances_table', 1),
(33, '2021_06_16_180912_create_staff_hourly_attendances_table', 1),
(34, '2021_06_17_083411_create_payrolls_table', 1),
(35, '2021_06_22_185503_create_jobs_table', 1),
(36, '2021_07_07_081616_create_students_table', 1),
(37, '2021_07_07_182329_create_student_relatives_table', 1),
(38, '2021_07_07_190034_create_documents_table', 1),
(39, '2021_07_07_192727_create_docables_table', 1),
(40, '2021_07_08_054948_create_student_enrolls_table', 1),
(41, '2021_07_08_172152_create_student_transfers_table', 1),
(42, '2021_07_08_195650_create_transfer_creadits_table', 1),
(43, '2021_07_09_061940_create_status_types_table', 1),
(44, '2021_07_09_092958_create_status_type_student_table', 1),
(45, '2021_07_09_163443_create_student_enroll_subject_table', 1),
(46, '2021_07_09_173413_create_student_leaves_table', 1),
(47, '2021_07_09_194126_create_student_attendances_table', 1),
(48, '2021_07_17_160726_create_events_table', 1),
(49, '2021_07_18_074323_create_notice_categories_table', 1),
(50, '2021_07_18_080209_create_notices_table', 1),
(51, '2021_07_18_105550_create_noticeables_table', 1),
(52, '2021_07_19_182908_create_email_notifies_table', 1),
(53, '2021_07_19_200327_create_s_m_s_notifies_table', 1),
(54, '2021_09_01_070002_create_exam_types_table', 1),
(55, '2021_09_01_071547_create_result_contributions_table', 1),
(56, '2021_09_01_084615_create_grades_table', 1),
(57, '2021_09_02_184433_create_exams_table', 1),
(58, '2021_09_04_101915_create_subject_markings_table', 1),
(59, '2021_09_27_183257_create_certificate_templates_table', 1),
(60, '2021_10_01_163600_create_certificates_table', 1),
(61, '2021_10_15_182241_create_marksheet_settings_table', 1),
(62, '2022_01_21_142336_create_print_settings_table', 1),
(63, '2022_01_21_170648_create_visit_purposes_table', 1),
(64, '2022_01_21_171901_create_visitors_table', 1),
(65, '2022_01_21_185105_create_postal_exchange_types_table', 1),
(66, '2022_01_21_185152_create_postal_exchanges_table', 1),
(67, '2022_01_21_185201_create_phone_logs_table', 1),
(68, '2022_01_22_103339_create_complain_types_table', 1),
(69, '2022_01_22_103551_create_complain_sources_table', 1),
(70, '2022_01_22_103657_create_complains_table', 1),
(71, '2022_01_23_103439_create_enquiry_sources_table', 1),
(72, '2022_01_23_110653_create_enquiry_references_table', 1),
(73, '2022_01_23_114509_create_enquiries_table', 1),
(74, '2022_01_24_174515_create_assignments_table', 1),
(75, '2022_01_24_179252_create_student_assignments_table', 1),
(76, '2022_01_24_181419_create_content_types_table', 1),
(77, '2022_01_25_165931_create_contents_table', 1),
(78, '2022_01_26_105511_create_contentables_table', 1),
(79, '2022_01_27_100200_create_notifications_table', 1),
(80, '2022_01_28_131433_create_book_categories_table', 1),
(81, '2022_01_28_173902_create_books_table', 1),
(82, '2022_01_29_045003_create_outside_users_table', 1),
(83, '2022_01_29_045120_create_library_members_table', 1),
(84, '2022_01_29_093915_create_issue_returns_table', 1),
(85, '2022_01_31_061950_create_notes_table', 1),
(86, '2022_02_15_173515_create_fees_categories_table', 1),
(87, '2022_02_15_182124_create_fees_masters_table', 1),
(88, '2022_02_16_100327_create_fees_master_student_enroll', 1),
(89, '2022_02_26_184930_create_fees_fines_table', 1),
(90, '2022_02_26_191642_create_fees_category_fees_fine_table', 1),
(91, '2022_03_04_172257_create_fees_discounts_table', 1),
(92, '2022_03_05_132058_create_fees_category_fees_discount_table', 1),
(93, '2022_03_05_132541_create_fees_discount_status_type_table', 1),
(94, '2022_03_05_195051_create_fees_table', 1),
(95, '2022_03_05_203440_create_transactions_table', 1),
(96, '2022_03_10_131324_create_exam_routines_table', 1),
(97, '2022_03_10_131936_create_exam_routine_user_table', 1),
(98, '2022_03_10_132124_create_exam_routine_room_table', 1),
(99, '2022_03_31_074913_create_id_card_settings_table', 1),
(100, '2022_04_01_125726_create_settings_table', 1),
(101, '2022_04_01_210417_create_languages_table', 1),
(102, '2022_04_02_144303_create_permission_tables', 1),
(103, '2022_04_03_103141_create_mail_settings_table', 1),
(104, '2022_04_03_173021_create_s_m_s_settings_table', 1),
(105, '2022_04_03_174009_create_schedule_settings_table', 1),
(106, '2022_04_04_123222_create_provinces_table', 1),
(107, '2022_04_04_173222_create_districts_table', 1),
(108, '2021_06_17_183706_create_payroll_details_table', 2),
(109, '2021_07_04_172713_create_application_settings_table', 2),
(110, '2021_07_06_121630_create_applications_table', 2),
(111, '2022_01_23_192650_create_meeting_types_table', 2),
(112, '2022_01_23_202252_create_meeting_schedules_table', 2),
(113, '2022_01_28_195224_create_book_requests_table', 2),
(114, '2022_11_20_171503_create_item_categories_table', 2),
(115, '2022_11_20_182303_create_item_stores_table', 2),
(116, '2022_11_20_185841_create_item_suppliers_table', 2),
(117, '2022_11_21_190954_create_items_table', 2),
(118, '2022_11_21_194218_create_item_stocks_table', 2),
(119, '2022_11_21_200834_create_item_issues_table', 2),
(120, '2022_12_08_140339_create_hostel_room_types_table', 2),
(121, '2022_12_08_193208_create_hostels_table', 2),
(122, '2022_12_10_203126_create_hostel_rooms_table', 2),
(123, '2022_12_14_181050_create_hostel_members_table', 2),
(124, '2022_12_22_112935_create_transport_routes_table', 2),
(125, '2022_12_23_110116_create_transport_vehicles_table', 2),
(126, '2022_12_23_112400_create_transport_route_transport_vehicle_table', 2),
(127, '2022_12_24_121402_create_transport_members_table', 2),
(128, '2022_12_29_173356_add_fields_to_tables', 2),
(129, '2023_08_12_153552_add_fields_v3_to_table', 3),
(130, '2023_08_12_174813_create_fields_table', 3),
(131, '2023_08_15_010030_create_topbar_settings_table', 3),
(132, '2023_08_15_010553_create_social_settings_table', 3),
(133, '2023_08_15_025440_create_sliders_table', 3),
(134, '2023_08_15_034340_create_features_table', 3),
(135, '2023_08_15_043734_create_about_us_table', 3),
(136, '2023_08_15_112651_create_faqs_table', 3),
(137, '2023_08_15_115731_create_testimonials_table', 3),
(138, '2023_08_15_121544_create_call_to_actions_table', 3),
(139, '2023_08_16_172019_create_galleries_table', 3),
(140, '2023_08_16_172620_create_courses_table', 3),
(141, '2023_08_16_173224_create_web_events_table', 3),
(142, '2023_08_16_173331_create_news_table', 3),
(143, '2023_08_23_142818_create_pages_table', 3),
(144, '2024_07_12_150232_create_failed_jobs_table', 4),
(145, '2024_08_29_170852_add_fields_v4_to_table', 4),
(146, '2025_06_18_092259_create_iqac_members_table', 5),
(147, '2025_06_18_092313_create_iqac_minutes_table', 6),
(148, '2025_06_18_092323_create_iqac_actiontakens_table', 7),
(149, '2025_06_21_045336_create_dvv_table', 8),
(152, '2025_06_23_065518_create_iiqa_table', 9),
(154, '2025_06_26_085522_create_extended_profiles_table', 10),
(155, '2026_04_13_000001_add_university_id_to_naac_tables', 11),
(156, '2026_04_13_000002_create_criterion1_table', 12),
(157, '2026_04_13_000003_create_qif_records_table', 13);

-- --------------------------------------------------------

--
-- Table structure for table `model_has_permissions`
--

CREATE TABLE `model_has_permissions` (
  `permission_id` bigint UNSIGNED NOT NULL,
  `model_type` varchar(191) CHARACTER SET utf8mb4 COLLATE utf8mb4_unicode_ci NOT NULL,
  `model_id` bigint UNSIGNED NOT NULL
) ENGINE=InnoDB DEFAULT CHARSET=utf8mb4 COLLATE=utf8mb4_unicode_ci;

-- --------------------------------------------------------

--
-- Table structure for table `model_has_roles`
--

CREATE TABLE `model_has_roles` (
  `role_id` bigint UNSIGNED NOT NULL,
  `model_type` varchar(191) CHARACTER SET utf8mb4 COLLATE utf8mb4_unicode_ci NOT NULL,
  `model_id` bigint UNSIGNED NOT NULL
) ENGINE=InnoDB DEFAULT CHARSET=utf8mb4 COLLATE=utf8mb4_unicode_ci;

--
-- Dumping data for table `model_has_roles`
--

INSERT INTO `model_has_roles` (`role_id`, `model_type`, `model_id`) VALUES
(1, 'App\\User', 1),
(6, 'App\\User', 2),
(6, 'App\\User', 3),
(6, 'App\\User', 4),
(6, 'App\\User', 5),
(5, 'App\\User', 6),
(6, 'App\\User', 7),
(3, 'App\\User', 8),
(2, 'App\\User', 9);

-- --------------------------------------------------------

--
-- Table structure for table `news`
--

CREATE TABLE `news` (
  `id` int UNSIGNED NOT NULL,
  `language_id` int UNSIGNED NOT NULL,
  `title` varchar(191) CHARACTER SET utf8mb4 COLLATE utf8mb4_unicode_ci NOT NULL,
  `slug` varchar(191) CHARACTER SET utf8mb4 COLLATE utf8mb4_unicode_ci NOT NULL,
  `date` date NOT NULL,
  `description` longtext CHARACTER SET utf8mb4 COLLATE utf8mb4_unicode_ci NOT NULL,
  `meta_title` varchar(191) CHARACTER SET utf8mb4 COLLATE utf8mb4_unicode_ci DEFAULT NULL,
  `meta_description` text CHARACTER SET utf8mb4 COLLATE utf8mb4_unicode_ci,
  `attach` text CHARACTER SET utf8mb4 COLLATE utf8mb4_unicode_ci,
  `status` tinyint(1) NOT NULL DEFAULT '1',
  `created_at` timestamp NULL DEFAULT NULL,
  `updated_at` timestamp NULL DEFAULT NULL
) ENGINE=InnoDB DEFAULT CHARSET=utf8mb4 COLLATE=utf8mb4_unicode_ci;

--
-- Dumping data for table `news`
--

INSERT INTO `news` (`id`, `language_id`, `title`, `slug`, `date`, `description`, `meta_title`, `meta_description`, `attach`, `status`, `created_at`, `updated_at`) VALUES
(1, 1, 'With our vastly improved notifications system, users have more control', 'with-our-vastly-improved-notifications-system-users-have-more-control', '2023-07-27', '<p>Lorem ipsum dolor sit amet, consectetur adipisicing elit, sed do eiusmod tempor incididunt ut labore et dolore magna aliqua. Ut enim ad minim veniam, quis nostrud exercitation ullamco laboris nisi ut aliquip ex ea commodo amet set for your cool happiness for lyour loyal city.</p>\r\n<p>Lorem ipsum dolor sit amet, consectetur adipisicing elit, sed do eiusmod tempor incididunt ut labore et dolore magna aliqua. Ut enim ad minim veniam, quis nostrud exercitation ullamco laboris nisi ut aliquip ex ea commodo consequat. Duis aute irure dolor in reprehenderit in voluptate velit esse cillum dolore eu fugiat nulla pariatur. Excepteur sint occaecat cupidatat non proident, sunt in culpa qui officia deser unt mollit anim id est laborum. Sed ut perspiciatis unde omnis iste natus error sit voluptatem accusant ium doloremque laudantium, totam rem aperiam, eaque ipsa quae ab illo inventore veritatis et quasi architecto beatae vitae dicta sunt explicabo. Nemo enim ipsam voluptatem quia voluptas sit asperna tur aut odit aut fugit, sed quia consequuntur magni dolores eos qui ratione voluptatem sequi nesciunt. Neque porro quisq.</p>\r\n<p>&nbsp;</p>', NULL, NULL, 'inner_b1_1692916385.jpg', 1, '2023-08-24 16:30:23', '2023-08-25 05:33:37'),
(2, 1, 'There are many variations passages of like consectetur lorem ipsum available.', 'there-are-many-variations-passages-of-like-consectetur-lorem-ipsum-available', '2023-08-01', '<p>Lorem ipsum dolor sit amet, consectetur adipisicing elit, sed do eiusmod tempor incididunt ut labore et dolore magna aliqua. Ut enim ad minim veniam, quis nostrud exercitation ullamco laboris nisi ut aliquip ex ea commodo amet set for your cool happiness for lyour loyal city.</p>\r\n<p>Lorem ipsum dolor sit amet, consectetur adipisicing elit, sed do eiusmod tempor incididunt ut labore et dolore magna aliqua. Ut enim ad minim veniam, quis nostrud exercitation ullamco laboris nisi ut aliquip ex ea commodo consequat. Duis aute irure dolor in reprehenderit in voluptate velit esse cillum dolore eu fugiat nulla pariatur. Excepteur sint occaecat cupidatat non proident, sunt in culpa qui officia deser unt mollit anim id est laborum. Sed ut perspiciatis unde omnis iste natus error sit voluptatem accusant ium doloremque laudantium, totam rem aperiam, eaque ipsa quae ab illo inventore veritatis et quasi architecto beatae vitae dicta sunt explicabo. Nemo enim ipsam voluptatem quia voluptas sit asperna tur aut odit aut fugit, sed quia consequuntur magni dolores eos qui ratione voluptatem sequi nesciunt. Neque porro quisq.</p>\r\n<p>&nbsp;</p>', NULL, NULL, 'inner_b2_1692916294.jpg', 1, '2023-08-24 16:31:34', '2023-08-25 05:33:19'),
(3, 1, 'I must explain to you how all this mistaken idea of denouncing pleasure.', 'i-must-explain-to-you-how-all-this-mistaken-idea-of-denouncing-pleasure', '2023-08-24', '<p>Lorem ipsum dolor sit amet, consectetur adipisicing elit, sed do eiusmod tempor incididunt ut labore et dolore magna aliqua. Ut enim ad minim veniam, quis nostrud exercitation ullamco laboris nisi ut aliquip ex ea commodo amet set for your cool happiness for lyour loyal city.</p>\r\n<p>Lorem ipsum dolor sit amet, consectetur adipisicing elit, sed do eiusmod tempor incididunt ut labore et dolore magna aliqua. Ut enim ad minim veniam, quis nostrud exercitation ullamco laboris nisi ut aliquip ex ea commodo consequat. Duis aute irure dolor in reprehenderit in voluptate velit esse cillum dolore eu fugiat nulla pariatur. Excepteur sint occaecat cupidatat non proident, sunt in culpa qui officia deser unt mollit anim id est laborum. Sed ut perspiciatis unde omnis iste natus error sit voluptatem accusant ium doloremque laudantium, totam rem aperiam, eaque ipsa quae ab illo inventore veritatis et quasi architecto beatae vitae dicta sunt explicabo. Nemo enim ipsam voluptatem quia voluptas sit asperna tur aut odit aut fugit, sed quia consequuntur magni dolores eos qui ratione voluptatem sequi nesciunt. Neque porro quisq.</p>\r\n<p>&nbsp;</p>', NULL, NULL, 'inner_b3_1692916324.jpg', 1, '2023-08-24 16:32:04', '2023-08-24 16:32:04');

-- --------------------------------------------------------

--
-- Table structure for table `notes`
--

CREATE TABLE `notes` (
  `id` bigint UNSIGNED NOT NULL,
  `noteable_type` varchar(191) CHARACTER SET utf8mb4 COLLATE utf8mb4_unicode_ci NOT NULL,
  `noteable_id` bigint UNSIGNED NOT NULL,
  `title` varchar(191) CHARACTER SET utf8mb4 COLLATE utf8mb4_unicode_ci NOT NULL,
  `description` text CHARACTER SET utf8mb4 COLLATE utf8mb4_unicode_ci,
  `attach` text CHARACTER SET utf8mb4 COLLATE utf8mb4_unicode_ci,
  `status` tinyint(1) NOT NULL DEFAULT '1',
  `created_by` bigint UNSIGNED DEFAULT NULL,
  `updated_by` bigint UNSIGNED DEFAULT NULL,
  `created_at` timestamp NULL DEFAULT NULL,
  `updated_at` timestamp NULL DEFAULT NULL
) ENGINE=InnoDB DEFAULT CHARSET=utf8mb4 COLLATE=utf8mb4_unicode_ci;

--
-- Dumping data for table `notes`
--

INSERT INTO `notes` (`id`, `noteable_type`, `noteable_id`, `title`, `description`, `attach`, `status`, `created_by`, `updated_by`, `created_at`, `updated_at`) VALUES
(1, 'App\\User', 7, 'Ex maxime do expedit', 'Eligendi placeat ea', NULL, 1, 1, NULL, '2022-10-02 11:56:15', '2022-10-02 11:56:15'),
(2, 'App\\User', 9, 'Nemo libero maiores', 'Est nemo irure qui e', 'book-covers_1664733426.jpg', 1, 1, 1, '2022-10-02 11:56:20', '2022-10-02 11:57:06'),
(3, 'App\\User', 8, 'Dolorum voluptatem e', 'Mollitia at odit num', NULL, 1, 1, NULL, '2022-10-02 11:56:55', '2022-10-02 11:56:55'),
(4, 'App\\Models\\Student', 3, 'Dolor aut excepturi', 'Culpa labore fugit', NULL, 1, 1, NULL, '2022-10-02 12:40:45', '2022-10-02 12:40:45'),
(5, 'App\\Models\\Student', 6, 'Magna culpa distinc', 'At ullam magni autem', 'book-covers_1664736057.jpg', 1, 1, NULL, '2022-10-02 12:40:57', '2022-10-02 12:40:57'),
(6, 'App\\Models\\Student', 4, 'Et nulla sint ut no', 'Rerum sit nostrud l', NULL, 1, 1, NULL, '2022-10-02 12:41:02', '2022-10-02 12:41:02'),
(7, 'App\\Models\\Student', 1, 'Est magnam exercita', 'Aliquid deserunt asp', 'book-cover2_1664736079.jpg', 1, 1, NULL, '2022-10-02 12:41:19', '2022-10-02 12:41:19'),
(8, 'App\\Models\\Student', 13, 'Assumenda ad corpori', 'Qui ea impedit a ex', 'background-border_1664885966.png', 1, 1, NULL, '2022-10-04 06:19:26', '2022-10-04 06:19:26');

-- --------------------------------------------------------

--
-- Table structure for table `noticeables`
--

CREATE TABLE `noticeables` (
  `notice_id` bigint NOT NULL,
  `noticeable_id` bigint NOT NULL,
  `noticeable_type` varchar(191) CHARACTER SET utf8mb4 COLLATE utf8mb4_unicode_ci NOT NULL
) ENGINE=InnoDB DEFAULT CHARSET=utf8mb4 COLLATE=utf8mb4_unicode_ci;

--
-- Dumping data for table `noticeables`
--

INSERT INTO `noticeables` (`notice_id`, `noticeable_id`, `noticeable_type`) VALUES
(1, 4, 'App\\Models\\Student'),
(1, 3, 'App\\Models\\Student'),
(1, 2, 'App\\Models\\Student'),
(1, 1, 'App\\Models\\Student'),
(2, 14, 'App\\Models\\Student'),
(2, 12, 'App\\Models\\Student'),
(2, 11, 'App\\Models\\Student'),
(2, 10, 'App\\Models\\Student'),
(3, 22, 'App\\Models\\Student'),
(3, 23, 'App\\Models\\Student'),
(3, 25, 'App\\Models\\Student'),
(3, 24, 'App\\Models\\Student'),
(3, 21, 'App\\Models\\Student'),
(3, 34, 'App\\Models\\Student'),
(4, 22, 'App\\Models\\Student'),
(4, 40, 'App\\Models\\Student'),
(4, 23, 'App\\Models\\Student'),
(4, 38, 'App\\Models\\Student'),
(4, 25, 'App\\Models\\Student'),
(4, 24, 'App\\Models\\Student'),
(4, 37, 'App\\Models\\Student'),
(4, 21, 'App\\Models\\Student'),
(4, 36, 'App\\Models\\Student'),
(4, 35, 'App\\Models\\Student'),
(4, 34, 'App\\Models\\Student'),
(5, 22, 'App\\Models\\Student'),
(5, 23, 'App\\Models\\Student'),
(5, 38, 'App\\Models\\Student'),
(5, 25, 'App\\Models\\Student'),
(5, 24, 'App\\Models\\Student'),
(5, 37, 'App\\Models\\Student'),
(5, 21, 'App\\Models\\Student'),
(5, 34, 'App\\Models\\Student');

-- --------------------------------------------------------

--
-- Table structure for table `notices`
--

CREATE TABLE `notices` (
  `id` bigint UNSIGNED NOT NULL,
  `faculty_id` int UNSIGNED DEFAULT NULL,
  `program_id` int UNSIGNED DEFAULT NULL,
  `session_id` int UNSIGNED DEFAULT NULL,
  `semester_id` int UNSIGNED DEFAULT NULL,
  `section_id` int UNSIGNED DEFAULT NULL,
  `category_id` int UNSIGNED NOT NULL,
  `notice_no` varchar(191) CHARACTER SET utf8mb4 COLLATE utf8mb4_unicode_ci NOT NULL,
  `title` varchar(191) CHARACTER SET utf8mb4 COLLATE utf8mb4_unicode_ci NOT NULL,
  `description` text CHARACTER SET utf8mb4 COLLATE utf8mb4_unicode_ci,
  `date` date NOT NULL,
  `attach` text CHARACTER SET utf8mb4 COLLATE utf8mb4_unicode_ci,
  `status` tinyint(1) NOT NULL DEFAULT '1',
  `created_by` bigint UNSIGNED DEFAULT NULL,
  `updated_by` bigint UNSIGNED DEFAULT NULL,
  `created_at` timestamp NULL DEFAULT NULL,
  `updated_at` timestamp NULL DEFAULT NULL
) ENGINE=InnoDB DEFAULT CHARSET=utf8mb4 COLLATE=utf8mb4_unicode_ci;

--
-- Dumping data for table `notices`
--

INSERT INTO `notices` (`id`, `faculty_id`, `program_id`, `session_id`, `semester_id`, `section_id`, `category_id`, `notice_no`, `title`, `description`, `date`, `attach`, `status`, `created_by`, `updated_by`, `created_at`, `updated_at`) VALUES
(1, 2, 3, 0, 0, 0, 4, '1001', 'Android Development Hackathon 2022', '<p>Hackathon Android App Innovation Challenge in will happen on Feb 20th 2022. ... To develop an innovative applications which can be helpful for society.</p>\r\n<p>&nbsp;</p>', '2022-10-03', 'book-covers_1664819413.jpg', 1, 1, 1, '2022-10-03 11:50:13', '2022-10-03 14:55:38'),
(2, 2, 3, 4, 1, 0, 2, '1004', 'Winter Vacation Pick On From Sunday', '<p>Winter Vacations for Sun and Scene Seekers: The Caribbean​​ The Caribbean has long drawn couples, families and friends for easy warm-weather getaways, thanks to</p>', '2022-10-04', 'Provisional Certificate-100001_1664890296.pdf', 1, 1, NULL, '2022-10-04 07:31:36', '2022-10-04 07:31:36'),
(3, 5, 11, 5, 1, 7, 2, '1005', 'summer vacation', '<p>holiday</p>', '2031-05-03', 'demoo_1745992076.jpeg', 1, 1, NULL, '2025-04-30 12:47:56', '2025-04-30 12:47:56'),
(4, 0, 0, 0, 0, 0, 1, '4', 'Annual eaxm', '<p>demo</p>', '2025-04-30', 'demoo_1745993183.jpeg', 1, 1, NULL, '2025-04-30 13:06:23', '2025-04-30 13:06:23'),
(5, 5, 0, 0, 0, 0, 2, '5', 'summer vacation', '<p>demo</p>', '2025-04-30', 'demoo_1745993241.jpeg', 1, 1, NULL, '2025-04-30 13:07:21', '2025-04-30 13:07:21');

-- --------------------------------------------------------

--
-- Table structure for table `notice_categories`
--

CREATE TABLE `notice_categories` (
  `id` int UNSIGNED NOT NULL,
  `title` varchar(191) CHARACTER SET utf8mb4 COLLATE utf8mb4_unicode_ci NOT NULL,
  `slug` varchar(191) CHARACTER SET utf8mb4 COLLATE utf8mb4_unicode_ci NOT NULL,
  `description` text CHARACTER SET utf8mb4 COLLATE utf8mb4_unicode_ci,
  `status` tinyint(1) NOT NULL DEFAULT '1',
  `created_at` timestamp NULL DEFAULT NULL,
  `updated_at` timestamp NULL DEFAULT NULL
) ENGINE=InnoDB DEFAULT CHARSET=utf8mb4 COLLATE=utf8mb4_unicode_ci;

--
-- Dumping data for table `notice_categories`
--

INSERT INTO `notice_categories` (`id`, `title`, `slug`, `description`, `status`, `created_at`, `updated_at`) VALUES
(1, 'Exam', 'exam', NULL, 1, '2022-09-30 14:11:08', '2022-09-30 14:11:54'),
(2, 'Vacation', 'vacation', NULL, 1, '2022-09-30 14:11:23', '2022-09-30 14:12:05'),
(3, 'Festival', 'festival', NULL, 1, '2022-09-30 14:11:41', '2022-09-30 14:12:00'),
(4, 'Competitive Event', 'competitive-event', NULL, 1, '2022-10-01 04:08:04', '2022-10-01 04:08:04');

-- --------------------------------------------------------

--
-- Table structure for table `notifications`
--

CREATE TABLE `notifications` (
  `id` char(36) CHARACTER SET utf8mb4 COLLATE utf8mb4_unicode_ci NOT NULL,
  `type` varchar(191) CHARACTER SET utf8mb4 COLLATE utf8mb4_unicode_ci NOT NULL,
  `notifiable_type` varchar(191) CHARACTER SET utf8mb4 COLLATE utf8mb4_unicode_ci NOT NULL,
  `notifiable_id` bigint UNSIGNED NOT NULL,
  `data` text CHARACTER SET utf8mb4 COLLATE utf8mb4_unicode_ci NOT NULL,
  `read_at` timestamp NULL DEFAULT NULL,
  `created_at` timestamp NULL DEFAULT NULL,
  `updated_at` timestamp NULL DEFAULT NULL
) ENGINE=InnoDB DEFAULT CHARSET=utf8mb4 COLLATE=utf8mb4_unicode_ci;

--
-- Dumping data for table `notifications`
--

INSERT INTO `notifications` (`id`, `type`, `notifiable_type`, `notifiable_id`, `data`, `read_at`, `created_at`, `updated_at`) VALUES
('011f54a5-007b-47ec-8ca0-ef8d4d02377e', 'App\\Notifications\\ContentNotification', 'App\\Models\\Student', 12, '{\"id\":3,\"title\":\"2nd Class Of English\",\"type\":\"content\"}', NULL, '2022-10-04 07:22:41', '2022-10-04 07:22:41'),
('07aab651-5c90-4523-86b8-d27aae1056ec', 'App\\Notifications\\NoticeNotification', 'App\\Models\\Student', 1, '{\"id\":1,\"title\":\"Android Development Hackathon 2022\",\"type\":\"notice\"}', NULL, '2022-10-03 11:50:13', '2022-10-03 11:50:13'),
('11a62dee-3881-4ac4-8a3b-df96a73781de', 'App\\Notifications\\NoticeNotification', 'App\\Models\\Student', 10, '{\"id\":2,\"title\":\"Winter Vacation Pick On From Sunday\",\"type\":\"notice\"}', NULL, '2022-10-04 07:31:37', '2022-10-04 07:31:37'),
('141e4e0d-3663-43b1-a7be-dc7674e5928d', 'App\\Notifications\\ContentNotification', 'App\\Models\\Student', 11, '{\"id\":3,\"title\":\"2nd Class Of English\",\"type\":\"content\"}', NULL, '2022-10-04 07:22:41', '2022-10-04 07:22:41'),
('15b99a58-fcc8-4de2-a8dc-f47df77d7134', 'App\\Notifications\\AssignmentNotification', 'App\\Models\\Student', 3, '{\"id\":1,\"title\":\"Theory of relativity\",\"type\":\"assignment\"}', NULL, '2022-10-03 11:10:03', '2022-10-03 11:10:03'),
('1664d794-1262-4ee9-aca5-c3ea560e4291', 'App\\Notifications\\NoticeNotification', 'App\\Models\\Student', 4, '{\"id\":1,\"title\":\"Android Development Hackathon 2022\",\"type\":\"notice\"}', NULL, '2022-10-03 11:50:13', '2022-10-03 11:50:13'),
('1e6faade-b601-4573-8611-252bd426a5e4', 'App\\Notifications\\ContentNotification', 'App\\Models\\Student', 14, '{\"id\":3,\"title\":\"2nd Class Of English\",\"type\":\"content\"}', '2022-10-04 07:32:42', '2022-10-04 07:22:41', '2022-10-04 07:32:42'),
('27700e79-b1ef-4aea-84a5-dca35601e2c7', 'App\\Notifications\\AssignmentNotification', 'App\\Models\\Student', 14, '{\"id\":5,\"title\":\"Rules of voice change\",\"type\":\"assignment\"}', '2022-10-04 07:32:47', '2022-10-04 07:22:41', '2022-10-04 07:32:47'),
('31bf7290-9e38-4131-9f5c-7a972e49616a', 'App\\Notifications\\NoticeNotification', 'App\\Models\\Student', 14, '{\"id\":2,\"title\":\"Winter Vacation Pick On From Sunday\",\"type\":\"notice\"}', '2022-10-04 07:32:02', '2022-10-04 07:31:37', '2022-10-04 07:32:02'),
('5b2538da-38e9-4a7a-9d5e-12a5b71bdf90', 'App\\Notifications\\ContentNotification', 'App\\Models\\Student', 7, '{\"id\":1,\"title\":\"Optical Physics 1st Class\",\"type\":\"content\"}', NULL, '2022-10-03 07:12:59', '2022-10-03 07:12:59'),
('6ca44526-326d-40f7-80a2-cd99f3a77fcd', 'App\\Notifications\\AssignmentNotification', 'App\\Models\\Student', 10, '{\"id\":3,\"title\":\"Rules of Article\",\"type\":\"assignment\"}', NULL, '2022-10-04 07:22:41', '2022-10-04 07:22:41'),
('70bf8a20-bd71-403e-bd84-006b6e524a66', 'App\\Notifications\\AssignmentNotification', 'App\\Models\\Student', 1, '{\"id\":1,\"title\":\"Theory of relativity\",\"type\":\"assignment\"}', NULL, '2022-10-03 11:10:03', '2022-10-03 11:10:03'),
('785f549e-c101-40f4-b4f8-134c2cd2a0fe', 'App\\Notifications\\AssignmentNotification', 'App\\Models\\Student', 11, '{\"id\":3,\"title\":\"Rules of Article\",\"type\":\"assignment\"}', NULL, '2022-10-04 07:22:41', '2022-10-04 07:22:41'),
('839d685b-468a-459c-b7e1-8d4b74e7d5df', 'App\\Notifications\\AssignmentNotification', 'App\\Models\\Student', 8, '{\"id\":2,\"title\":\"Measurement and Height\",\"type\":\"assignment\"}', NULL, '2022-10-03 11:13:04', '2022-10-03 11:13:04'),
('93f6ddc6-d6a9-4e6d-b492-d417e1b9b2f7', 'App\\Notifications\\AssignmentNotification', 'App\\Models\\Student', 4, '{\"id\":1,\"title\":\"Theory of relativity\",\"type\":\"assignment\"}', NULL, '2022-10-03 11:10:03', '2022-10-03 11:10:03'),
('9ba811dd-0e6a-4070-b216-069614bc2b9d', 'App\\Notifications\\ContentNotification', 'App\\Models\\Student', 10, '{\"id\":3,\"title\":\"2nd Class Of English\",\"type\":\"content\"}', NULL, '2022-10-04 07:22:41', '2022-10-04 07:22:41'),
('a3f21e8d-3610-40b8-a2e5-7b1a94bf90e6', 'App\\Notifications\\AssignmentNotification', 'App\\Models\\Student', 10, '{\"id\":5,\"title\":\"Rules of voice change\",\"type\":\"assignment\"}', NULL, '2022-10-04 07:22:41', '2022-10-04 07:22:41'),
('a67fd579-3132-4fb3-9107-9108ecc310c8', 'App\\Notifications\\AssignmentNotification', 'App\\Models\\Student', 12, '{\"id\":3,\"title\":\"Rules of Article\",\"type\":\"assignment\"}', '2022-10-04 07:23:16', '2022-10-04 07:22:41', '2022-10-04 07:23:16'),
('a9e0eaac-ddc8-44b7-9a05-c280aa5ce15e', 'App\\Notifications\\ContentNotification', 'App\\Models\\Student', 8, '{\"id\":1,\"title\":\"Optical Physics 1st Class\",\"type\":\"content\"}', NULL, '2022-10-03 07:12:59', '2022-10-03 07:12:59'),
('b131cbc5-8f6d-46af-85ba-99e114a468f7', 'App\\Notifications\\NoticeNotification', 'App\\Models\\Student', 3, '{\"id\":1,\"title\":\"Android Development Hackathon 2022\",\"type\":\"notice\"}', NULL, '2022-10-03 11:50:13', '2022-10-03 11:50:13'),
('c150c5b3-2d00-465e-bb7c-8fb0506f4cb7', 'App\\Notifications\\NoticeNotification', 'App\\Models\\Student', 12, '{\"id\":2,\"title\":\"Winter Vacation Pick On From Sunday\",\"type\":\"notice\"}', NULL, '2022-10-04 07:31:37', '2022-10-04 07:31:37'),
('c223bf63-bf78-4425-b70d-d7f0ed751ba9', 'App\\Notifications\\AssignmentNotification', 'App\\Models\\Student', 12, '{\"id\":5,\"title\":\"Rules of voice change\",\"type\":\"assignment\"}', '2022-10-04 07:23:16', '2022-10-04 07:22:41', '2022-10-04 07:23:16'),
('cdd8fdc1-b992-4df9-a1d7-833bc22c1728', 'App\\Notifications\\AssignmentNotification', 'App\\Models\\Student', 14, '{\"id\":3,\"title\":\"Rules of Article\",\"type\":\"assignment\"}', '2022-10-04 07:32:47', '2022-10-04 07:22:41', '2022-10-04 07:32:47'),
('d1693c75-da05-4cb0-a5fa-4e0e98eed4f4', 'App\\Notifications\\NoticeNotification', 'App\\Models\\Student', 2, '{\"id\":1,\"title\":\"Android Development Hackathon 2022\",\"type\":\"notice\"}', NULL, '2022-10-03 11:50:13', '2022-10-03 11:50:13'),
('d86483c2-2cac-4a32-a274-aa402c0c63d5', 'App\\Notifications\\AssignmentNotification', 'App\\Models\\Student', 2, '{\"id\":1,\"title\":\"Theory of relativity\",\"type\":\"assignment\"}', NULL, '2022-10-03 11:10:03', '2022-10-03 11:10:03'),
('edf49484-fd6d-4d28-9024-dab31f141b7a', 'App\\Notifications\\AssignmentNotification', 'App\\Models\\Student', 7, '{\"id\":2,\"title\":\"Measurement and Height\",\"type\":\"assignment\"}', NULL, '2022-10-03 11:13:04', '2022-10-03 11:13:04'),
('f3bcc8a3-b372-4657-9f29-ea4438f455bc', 'App\\Notifications\\AssignmentNotification', 'App\\Models\\Student', 11, '{\"id\":5,\"title\":\"Rules of voice change\",\"type\":\"assignment\"}', NULL, '2022-10-04 07:22:41', '2022-10-04 07:22:41'),
('fa65ad88-4332-42ac-a773-796203413c68', 'App\\Notifications\\NoticeNotification', 'App\\Models\\Student', 11, '{\"id\":2,\"title\":\"Winter Vacation Pick On From Sunday\",\"type\":\"notice\"}', NULL, '2022-10-04 07:31:37', '2022-10-04 07:31:37');

-- --------------------------------------------------------

--
-- Table structure for table `outside_users`
--

CREATE TABLE `outside_users` (
  `id` bigint UNSIGNED NOT NULL,
  `first_name` varchar(191) CHARACTER SET utf8mb4 COLLATE utf8mb4_unicode_ci NOT NULL,
  `last_name` varchar(191) CHARACTER SET utf8mb4 COLLATE utf8mb4_unicode_ci NOT NULL,
  `father_name` varchar(191) CHARACTER SET utf8mb4 COLLATE utf8mb4_unicode_ci DEFAULT NULL,
  `mother_name` varchar(191) CHARACTER SET utf8mb4 COLLATE utf8mb4_unicode_ci DEFAULT NULL,
  `email` varchar(191) CHARACTER SET utf8mb4 COLLATE utf8mb4_unicode_ci DEFAULT NULL,
  `phone` varchar(191) CHARACTER SET utf8mb4 COLLATE utf8mb4_unicode_ci DEFAULT NULL,
  `present_province` int UNSIGNED DEFAULT NULL,
  `present_district` int UNSIGNED DEFAULT NULL,
  `present_village` text CHARACTER SET utf8mb4 COLLATE utf8mb4_unicode_ci,
  `present_address` text CHARACTER SET utf8mb4 COLLATE utf8mb4_unicode_ci,
  `permanent_province` int UNSIGNED DEFAULT NULL,
  `permanent_district` int UNSIGNED DEFAULT NULL,
  `permanent_village` text CHARACTER SET utf8mb4 COLLATE utf8mb4_unicode_ci,
  `permanent_address` text CHARACTER SET utf8mb4 COLLATE utf8mb4_unicode_ci,
  `education_level` varchar(191) CHARACTER SET utf8mb4 COLLATE utf8mb4_unicode_ci DEFAULT NULL,
  `occupation` varchar(191) CHARACTER SET utf8mb4 COLLATE utf8mb4_unicode_ci DEFAULT NULL,
  `gender` int NOT NULL COMMENT '1 Male, 2 Female & 3 Other',
  `dob` date NOT NULL,
  `mother_tongue` varchar(191) CHARACTER SET utf8mb4 COLLATE utf8mb4_unicode_ci DEFAULT NULL,
  `marital_status` int DEFAULT NULL,
  `blood_group` int DEFAULT NULL,
  `nationality` varchar(191) CHARACTER SET utf8mb4 COLLATE utf8mb4_unicode_ci DEFAULT NULL,
  `national_id` varchar(191) CHARACTER SET utf8mb4 COLLATE utf8mb4_unicode_ci DEFAULT NULL,
  `passport_no` varchar(191) CHARACTER SET utf8mb4 COLLATE utf8mb4_unicode_ci DEFAULT NULL,
  `photo` text CHARACTER SET utf8mb4 COLLATE utf8mb4_unicode_ci,
  `signature` text CHARACTER SET utf8mb4 COLLATE utf8mb4_unicode_ci,
  `status` int NOT NULL DEFAULT '1' COMMENT '0 Inactive, 1 Active',
  `created_by` bigint UNSIGNED DEFAULT NULL,
  `updated_by` bigint UNSIGNED DEFAULT NULL,
  `created_at` timestamp NULL DEFAULT NULL,
  `updated_at` timestamp NULL DEFAULT NULL,
  `father_occupation` varchar(191) CHARACTER SET utf8mb4 COLLATE utf8mb4_unicode_ci DEFAULT NULL,
  `mother_occupation` varchar(191) CHARACTER SET utf8mb4 COLLATE utf8mb4_unicode_ci DEFAULT NULL,
  `father_photo` text CHARACTER SET utf8mb4 COLLATE utf8mb4_unicode_ci,
  `mother_photo` text CHARACTER SET utf8mb4 COLLATE utf8mb4_unicode_ci,
  `country` varchar(191) CHARACTER SET utf8mb4 COLLATE utf8mb4_unicode_ci DEFAULT NULL,
  `religion` varchar(191) CHARACTER SET utf8mb4 COLLATE utf8mb4_unicode_ci DEFAULT NULL,
  `caste` varchar(191) CHARACTER SET utf8mb4 COLLATE utf8mb4_unicode_ci DEFAULT NULL
) ENGINE=InnoDB DEFAULT CHARSET=utf8mb4 COLLATE=utf8mb4_unicode_ci;

--
-- Dumping data for table `outside_users`
--

INSERT INTO `outside_users` (`id`, `first_name`, `last_name`, `father_name`, `mother_name`, `email`, `phone`, `present_province`, `present_district`, `present_village`, `present_address`, `permanent_province`, `permanent_district`, `permanent_village`, `permanent_address`, `education_level`, `occupation`, `gender`, `dob`, `mother_tongue`, `marital_status`, `blood_group`, `nationality`, `national_id`, `passport_no`, `photo`, `signature`, `status`, `created_by`, `updated_by`, `created_at`, `updated_at`, `father_occupation`, `mother_occupation`, `father_photo`, `mother_photo`, `country`, `religion`, `caste`) VALUES
(1, 'Jason', 'Suarez', 'Cassady Houston', NULL, 'rodemy@mailinator.com', '+1 (133) 832-2324', 4, 3, 'Excepteur consequatu', 'Est ea elit ducimus', 2, 13, 'Nam quia consequat', 'Amet occaecat est e', NULL, 'Tempora incidunt', 1, '1999-02-06', NULL, 2, NULL, NULL, '4568798763153', '5468657354468', NULL, NULL, 1, 1, NULL, '2022-10-03 05:44:53', '2022-10-03 05:44:53', NULL, NULL, NULL, NULL, NULL, NULL, NULL),
(2, 'Garth', 'Bernard', 'Colby Jacobs', NULL, 'wygicyb@mailinator.com', '+1 (548) 812-6473', 4, 3, 'Quasi dolores enim q', 'Sit harum alias mol', 1, 1, 'Quis aute duis dolor', 'Enim voluptas quia d', NULL, 'Quia impedit', 2, '1989-11-30', 'English', 4, NULL, NULL, '76554633543', '43865438', 'student_1664797541.jpg', NULL, 1, 1, NULL, '2022-10-03 05:45:41', '2022-10-03 05:45:41', NULL, NULL, NULL, NULL, NULL, NULL, NULL),
(3, 'Neville', 'Frye', 'Medge Grimes', NULL, 'corojeja@mailinator.com', '+1 (204) 668-8836', 4, 3, 'Eius perspiciatis c', 'Delectus consequatu', 4, 4, 'Esse natus ut velit', 'Ducimus voluptate r', NULL, NULL, 2, '2014-03-07', 'Bangla', 4, NULL, NULL, '56789688', '876856876', NULL, NULL, 1, 1, NULL, '2022-10-03 05:46:30', '2022-10-03 05:46:30', NULL, NULL, NULL, NULL, NULL, NULL, NULL),
(4, 'Vivien', 'Tyler', 'Holmes Walls', NULL, 'semat@mailinator.com', '+1 (686) 105-7363', 4, 5, 'Quae nisi quas in pr', 'Repudiandae veritati', 4, 5, 'Et aliquid qui excep', 'Explicabo Magnam un', NULL, 'Quo deleniti', 3, '1970-07-13', 'English', 1, NULL, NULL, '55489789441', '124897891', 'student_1664797681.jpg', NULL, 1, 1, NULL, '2022-10-03 05:48:01', '2022-10-03 05:48:01', NULL, NULL, NULL, NULL, NULL, NULL, NULL);

-- --------------------------------------------------------

--
-- Table structure for table `pages`
--

CREATE TABLE `pages` (
  `id` int UNSIGNED NOT NULL,
  `language_id` int UNSIGNED NOT NULL,
  `title` varchar(191) CHARACTER SET utf8mb4 COLLATE utf8mb4_unicode_ci NOT NULL,
  `slug` varchar(191) CHARACTER SET utf8mb4 COLLATE utf8mb4_unicode_ci NOT NULL,
  `description` longtext CHARACTER SET utf8mb4 COLLATE utf8mb4_unicode_ci NOT NULL,
  `meta_title` varchar(191) CHARACTER SET utf8mb4 COLLATE utf8mb4_unicode_ci DEFAULT NULL,
  `meta_description` text CHARACTER SET utf8mb4 COLLATE utf8mb4_unicode_ci,
  `attach` text CHARACTER SET utf8mb4 COLLATE utf8mb4_unicode_ci,
  `status` tinyint(1) NOT NULL DEFAULT '1',
  `created_at` timestamp NULL DEFAULT NULL,
  `updated_at` timestamp NULL DEFAULT NULL
) ENGINE=InnoDB DEFAULT CHARSET=utf8mb4 COLLATE=utf8mb4_unicode_ci;

--
-- Dumping data for table `pages`
--

INSERT INTO `pages` (`id`, `language_id`, `title`, `slug`, `description`, `meta_title`, `meta_description`, `attach`, `status`, `created_at`, `updated_at`) VALUES
(1, 1, 'Requirements', 'requirements', '<h4>What is Lorem Ipsum?</h4>\r\n<p>Lorem Ipsum is simply dummy text of the printing and typesetting industry. Lorem Ipsum has been the industry\'s standard dummy text ever since the 1500s, when an unknown printer took a galley of type and scrambled it to make a type specimen book. It has survived not only five centuries, but also the leap into electronic typesetting, remaining essentially unchanged. It was popularised in the 1960s with the release of Letraset sheets containing Lorem Ipsum passages, and more recently with desktop publishing software like Aldus PageMaker including versions of Lorem Ipsum.</p>\r\n<h4>Why do we use it?</h4>\r\n<p>It is a long established fact that a reader will be distracted by the readable content of a page when looking at its layout. The point of using Lorem Ipsum is that it has a more-or-less normal distribution of letters, as opposed to using \'Content here, content here\', making it look like readable English. Many desktop publishing packages and web page editors now use Lorem Ipsum as their default model text, and a search for \'lorem ipsum\' will uncover many web sites still in their infancy. Various versions have evolved over the years, sometimes by accident, sometimes on purpose (injected humour and the like).</p>\r\n<p>&nbsp;</p>\r\n<h4>Where does it come from?</h4>\r\n<p>Contrary to popular belief, Lorem Ipsum is not simply random text. It has roots in a piece of classical Latin literature from 45 BC, making it over 2000 years old. Richard McClintock, a Latin professor at Hampden-Sydney College in Virginia, looked up one of the more obscure Latin words, consectetur, from a Lorem Ipsum passage, and going through the cites of the word in classical literature, discovered the undoubtable source. Lorem Ipsum comes from sections 1.10.32 and 1.10.33 of \"de Finibus Bonorum et Malorum\" (The Extremes of Good and Evil) by Cicero, written in 45 BC. This book is a treatise on the theory of ethics, very popular during the Renaissance. The first line of Lorem Ipsum, \"Lorem ipsum dolor sit amet..\", comes from a line in section 1.10.32</p>\r\n<p>&nbsp;</p>\r\n<p>&nbsp;</p>', NULL, NULL, NULL, 1, '2023-08-24 16:05:03', '2023-08-25 05:35:21'),
(2, 1, 'Tuition Fees', 'tuition-fees', '<h4>Where does it come from?</h4>\r\n<p>Contrary to popular belief, Lorem Ipsum is not simply random text. It has roots in a piece of classical Latin literature from 45 BC, making it over 2000 years old. Richard McClintock, a Latin professor at Hampden-Sydney College in Virginia, looked up one of the more obscure Latin words, consectetur, from a Lorem Ipsum passage, and going through the cites of the word in classical literature, discovered the undoubtable source. Lorem Ipsum comes from sections 1.10.32 and 1.10.33 of \"de Finibus Bonorum et Malorum\" (The Extremes of Good and Evil) by Cicero, written in 45 BC. This book is a treatise on the theory of ethics, very popular during the Renaissance. The first line of Lorem Ipsum, \"Lorem ipsum dolor sit amet..\", comes from a line in section 1.10.32.</p>\r\n<p>The standard chunk of Lorem Ipsum used since the 1500s is reproduced below for those interested. Sections 1.10.32 and 1.10.33 from \"de Finibus Bonorum et Malorum\" by Cicero are also reproduced in their exact original form, accompanied by English versions from the 1914 translation by H. Rackham.</p>\r\n<h4>Where can I get some?</h4>\r\n<p>There are many variations of passages of Lorem Ipsum available, but the majority have suffered alteration in some form, by injected humour, or randomised words which don\'t look even slightly believable. If you are going to use a passage of Lorem Ipsum, you need to be sure there isn\'t anything embarrassing hidden in the middle of text. All the Lorem Ipsum generators on the Internet tend to repeat predefined chunks as necessary, making this the first true generator on the Internet. It uses a dictionary of over 200 Latin words, combined with a handful of model sentence structures, to generate Lorem Ipsum which looks reasonable. The generated Lorem Ipsum is therefore always free from repetition, injected humour, or non-characteristic words etc.</p>\r\n<p>&nbsp;</p>', NULL, NULL, NULL, 1, '2023-08-24 16:06:39', '2023-08-25 05:35:45');

-- --------------------------------------------------------

--
