-- Table structure for table `password_resets`
--

CREATE TABLE `password_resets` (
  `email` varchar(191) CHARACTER SET utf8mb4 COLLATE utf8mb4_unicode_ci NOT NULL,
  `token` varchar(191) CHARACTER SET utf8mb4 COLLATE utf8mb4_unicode_ci NOT NULL,
  `created_at` timestamp NULL DEFAULT NULL
) ENGINE=InnoDB DEFAULT CHARSET=utf8mb4 COLLATE=utf8mb4_unicode_ci;

-- --------------------------------------------------------

--
-- Table structure for table `payrolls`
--

CREATE TABLE `payrolls` (
  `id` bigint UNSIGNED NOT NULL,
  `user_id` bigint UNSIGNED NOT NULL,
  `basic_salary` double(10,2) NOT NULL DEFAULT '0.00',
  `salary_type` int NOT NULL DEFAULT '1' COMMENT '1 Fixed & 2 Hourly',
  `total_earning` double(10,2) NOT NULL,
  `total_allowance` double(10,2) NOT NULL DEFAULT '0.00',
  `bonus` double(10,2) NOT NULL DEFAULT '0.00',
  `gross_salary` double(10,2) NOT NULL,
  `total_deduction` double(10,2) NOT NULL,
  `tax` double(10,2) NOT NULL DEFAULT '0.00',
  `net_salary` double(10,2) NOT NULL,
  `salary_month` date NOT NULL,
  `pay_date` date DEFAULT NULL,
  `payment_method` int DEFAULT NULL,
  `note` text CHARACTER SET utf8mb4 COLLATE utf8mb4_unicode_ci,
  `status` int NOT NULL DEFAULT '0' COMMENT '0 Unpaid, 1 Paid',
  `created_by` bigint UNSIGNED DEFAULT NULL,
  `updated_by` bigint UNSIGNED DEFAULT NULL,
  `created_at` timestamp NULL DEFAULT NULL,
  `updated_at` timestamp NULL DEFAULT NULL
) ENGINE=InnoDB DEFAULT CHARSET=utf8mb4 COLLATE=utf8mb4_unicode_ci;

--
-- Dumping data for table `payrolls`
--

INSERT INTO `payrolls` (`id`, `user_id`, `basic_salary`, `salary_type`, `total_earning`, `total_allowance`, `bonus`, `gross_salary`, `total_deduction`, `tax`, `net_salary`, `salary_month`, `pay_date`, `payment_method`, `note`, `status`, `created_by`, `updated_by`, `created_at`, `updated_at`) VALUES
(1, 2, 40000.00, 1, 15484.00, 2000.00, 0.00, 15984.00, 1500.00, 1099.00, 14886.00, '2022-10-01', '2023-02-13', 3, NULL, 1, 1, 1, '2022-10-03 15:35:22', '2023-02-13 12:02:40'),
(2, 6, 40000.00, 1, 20645.00, 3500.00, 0.00, 22945.00, 1200.00, 2692.00, 20254.00, '2022-10-01', NULL, NULL, NULL, 0, 1, NULL, '2022-10-03 15:35:34', '2023-02-13 12:00:30'),
(3, 7, 38000.00, 1, 14710.00, 5000.00, 0.00, 19410.00, 300.00, 1441.00, 17969.00, '2022-10-01', '2023-02-13', 5, NULL, 1, 1, 1, '2022-10-03 15:36:45', '2023-02-13 12:02:49'),
(4, 8, 35000.00, 1, 15806.00, 2500.00, 0.00, 17106.00, 1200.00, 1211.00, 15896.00, '2022-10-01', NULL, NULL, NULL, 0, 1, 1, '2022-10-03 15:37:27', '2023-02-13 12:01:32'),
(5, 3, 300.00, 2, 3000.00, 2500.00, 0.00, 4300.00, 1200.00, 0.00, 4300.00, '2022-10-01', '2023-02-13', 2, NULL, 1, 1, 1, '2022-10-03 15:44:50', '2023-02-13 12:02:24');

-- --------------------------------------------------------

--
-- Table structure for table `payroll_details`
--

CREATE TABLE `payroll_details` (
  `id` bigint UNSIGNED NOT NULL,
  `payroll_id` bigint UNSIGNED NOT NULL,
  `title` varchar(191) CHARACTER SET utf8mb4 COLLATE utf8mb4_unicode_ci DEFAULT NULL,
  `amount` decimal(10,2) NOT NULL DEFAULT '0.00',
  `status` int NOT NULL DEFAULT '1' COMMENT '0 Deduction, 1 Allowance',
  `created_by` bigint UNSIGNED DEFAULT NULL,
  `updated_by` bigint UNSIGNED DEFAULT NULL,
  `created_at` timestamp NULL DEFAULT NULL,
  `updated_at` timestamp NULL DEFAULT NULL
) ENGINE=InnoDB DEFAULT CHARSET=utf8mb4 COLLATE=utf8mb4_unicode_ci;

--
-- Dumping data for table `payroll_details`
--

INSERT INTO `payroll_details` (`id`, `payroll_id`, `title`, `amount`, `status`, `created_by`, `updated_by`, `created_at`, `updated_at`) VALUES
(1, 1, 'Eid Bonus', 2000.00, 1, NULL, NULL, '2023-02-13 12:00:01', '2023-02-13 12:00:01'),
(2, 1, 'Lunch', 1500.00, 0, NULL, NULL, '2023-02-13 12:00:01', '2023-02-13 12:00:01'),
(3, 2, 'Eid Bonus', 3500.00, 1, NULL, NULL, '2023-02-13 12:00:30', '2023-02-13 12:00:30'),
(4, 2, 'Lunch', 1200.00, 0, NULL, NULL, '2023-02-13 12:00:30', '2023-02-13 12:00:30'),
(5, 3, 'Bonus', 5000.00, 1, NULL, NULL, '2023-02-13 12:00:59', '2023-02-13 12:00:59'),
(6, 3, 'Snaks', 300.00, 0, NULL, NULL, '2023-02-13 12:00:59', '2023-02-13 12:00:59'),
(7, 4, 'Transport', 2500.00, 1, NULL, NULL, '2023-02-13 12:01:32', '2023-02-13 12:01:32'),
(8, 4, 'Late', 1200.00, 0, NULL, NULL, '2023-02-13 12:01:32', '2023-02-13 12:01:32'),
(9, 5, 'Eid Bonus', 2500.00, 1, NULL, NULL, '2023-02-13 12:02:07', '2023-02-13 12:02:07'),
(10, 5, 'Lunch', 1200.00, 0, NULL, NULL, '2023-02-13 12:02:07', '2023-02-13 12:02:07');

-- --------------------------------------------------------

--
-- Table structure for table `permissions`
--

CREATE TABLE `permissions` (
  `id` bigint UNSIGNED NOT NULL,
  `name` varchar(191) CHARACTER SET utf8mb4 COLLATE utf8mb4_unicode_ci NOT NULL,
  `group` varchar(191) CHARACTER SET utf8mb4 COLLATE utf8mb4_unicode_ci NOT NULL,
  `title` varchar(191) CHARACTER SET utf8mb4 COLLATE utf8mb4_unicode_ci NOT NULL,
  `guard_name` varchar(191) CHARACTER SET utf8mb4 COLLATE utf8mb4_unicode_ci NOT NULL DEFAULT 'web',
  `created_at` timestamp NULL DEFAULT NULL,
  `updated_at` timestamp NULL DEFAULT NULL
) ENGINE=InnoDB DEFAULT CHARSET=utf8mb4 COLLATE=utf8mb4_unicode_ci;

--
-- Dumping data for table `permissions`
--

INSERT INTO `permissions` (`id`, `name`, `group`, `title`, `guard_name`, `created_at`, `updated_at`) VALUES
(1506, 'application-view', 'Application', 'View', 'web', NULL, NULL),
(1507, 'application-create', 'Application', 'Admission', 'web', NULL, NULL),
(1508, 'application-edit', 'Application', 'Action', 'web', NULL, NULL),
(1509, 'application-delete', 'Application', 'Delete', 'web', NULL, NULL),
(1510, 'student-view', 'Student', 'View', 'web', NULL, NULL),
(1511, 'student-create', 'Student', 'Create', 'web', NULL, NULL),
(1512, 'student-edit', 'Student', 'Edit', 'web', NULL, NULL),
(1513, 'student-delete', 'Student', 'Delete', 'web', NULL, NULL),
(1514, 'student-import', 'Student', 'Import', 'web', NULL, NULL),
(1515, 'student-password-print', 'Student', 'Password Print', 'web', NULL, NULL),
(1516, 'student-password-change', 'Student', 'Password Change', 'web', NULL, NULL),
(1517, 'student-card', 'Student', 'ID Card', 'web', NULL, NULL),
(1518, 'id-card-setting-view', 'ID Card', 'Setting', 'web', NULL, NULL),
(1519, 'student-transfer-in-view', 'Transfer In', 'View', 'web', NULL, NULL),
(1520, 'student-transfer-in-create', 'Transfer In', 'Transfer', 'web', NULL, NULL),
(1521, 'student-transfer-in-edit', 'Transfer In', 'Edit', 'web', NULL, NULL),
(1522, 'student-transfer-out-view', 'Transfer Out', 'View', 'web', NULL, NULL),
(1523, 'student-transfer-out-create', 'Transfer Out', 'Transfer', 'web', NULL, NULL),
(1524, 'student-transfer-out-edit', 'Transfer Out', 'Edit', 'web', NULL, NULL),
(1525, 'status-type-view', 'Status Type', 'View', 'web', NULL, NULL),
(1526, 'status-type-create', 'Status Type', 'Create', 'web', NULL, NULL),
(1527, 'status-type-edit', 'Status Type', 'Edit', 'web', NULL, NULL),
(1528, 'status-type-delete', 'Status Type', 'Delete', 'web', NULL, NULL),
(1529, 'student-attendance-action', 'Student Attendance', 'Manage', 'web', NULL, NULL),
(1530, 'student-attendance-report', 'Student Attendance', 'Report', 'web', NULL, NULL),
(1531, 'student-attendance-import', 'Student Attendance', 'Import', 'web', NULL, NULL),
(1532, 'student-leave-manage-view', 'Student Leave', 'View', 'web', NULL, NULL),
(1533, 'student-leave-manage-edit', 'Student Leave', 'Action', 'web', NULL, NULL),
(1534, 'student-leave-manage-delete', 'Student Leave', 'Delete', 'web', NULL, NULL),
(1535, 'student-note-view', 'Student Note', 'View', 'web', NULL, NULL),
(1536, 'student-note-create', 'Student Note', 'Create', 'web', NULL, NULL),
(1537, 'student-note-edit', 'Student Note', 'Edit', 'web', NULL, NULL),
(1538, 'student-note-delete', 'Student Note', 'Delete', 'web', NULL, NULL),
(1539, 'student-enroll-single', 'Enrollments', 'Single Enroll', 'web', NULL, NULL),
(1540, 'student-enroll-group', 'Enrollments', 'Group Enroll', 'web', NULL, NULL),
(1541, 'student-enroll-adddrop', 'Enrollments', 'Course Add Drop', 'web', NULL, NULL),
(1542, 'student-enroll-complete', 'Enrollments', 'Course Graduation', 'web', NULL, NULL),
(1543, 'student-enroll-alumni', 'Enrollments', 'Alumni List', 'web', NULL, NULL),
(1544, 'faculty-view', 'Faculty', 'View', 'web', NULL, NULL),
(1545, 'faculty-create', 'Faculty', 'Create', 'web', NULL, NULL),
(1546, 'faculty-edit', 'Faculty', 'Edit', 'web', NULL, NULL),
(1547, 'faculty-delete', 'Faculty', 'Delete', 'web', NULL, NULL),
(1548, 'program-view', 'Program', 'View', 'web', NULL, NULL),
(1549, 'program-create', 'Program', 'Create', 'web', NULL, NULL),
(1550, 'program-edit', 'Program', 'Edit', 'web', NULL, NULL),
(1551, 'program-delete', 'Program', 'Delete', 'web', NULL, NULL),
(1552, 'batch-view', 'Batch', 'View', 'web', NULL, NULL),
(1553, 'batch-create', 'Batch', 'Create', 'web', NULL, NULL),
(1554, 'batch-edit', 'Batch', 'Edit', 'web', NULL, NULL),
(1555, 'batch-delete', 'Batch', 'Delete', 'web', NULL, NULL),
(1556, 'session-view', 'Session', 'View', 'web', NULL, NULL),
(1557, 'session-create', 'Session', 'Create', 'web', NULL, NULL),
(1558, 'session-edit', 'Session', 'Edit', 'web', NULL, NULL),
(1559, 'session-delete', 'Session', 'Delete', 'web', NULL, NULL),
(1560, 'semester-view', 'Semester', 'View', 'web', NULL, NULL),
(1561, 'semester-create', 'Semester', 'Create', 'web', NULL, NULL),
(1562, 'semester-edit', 'Semester', 'Edit', 'web', NULL, NULL),
(1563, 'semester-delete', 'Semester', 'Delete', 'web', NULL, NULL),
(1564, 'section-view', 'Section', 'View', 'web', NULL, NULL),
(1565, 'section-create', 'Section', 'Create', 'web', NULL, NULL),
(1566, 'section-edit', 'Section', 'Edit', 'web', NULL, NULL),
(1567, 'section-delete', 'Section', 'Delete', 'web', NULL, NULL),
(1568, 'class-room-view', 'Class Room', 'View', 'web', NULL, NULL),
(1569, 'class-room-create', 'Class Room', 'Create', 'web', NULL, NULL),
(1570, 'class-room-edit', 'Class Room', 'Edit', 'web', NULL, NULL),
(1571, 'class-room-delete', 'Class Room', 'Delete', 'web', NULL, NULL),
(1572, 'subject-view', 'Course', 'View', 'web', NULL, NULL),
(1573, 'subject-create', 'Course', 'Create', 'web', NULL, NULL),
(1574, 'subject-edit', 'Course', 'Edit', 'web', NULL, NULL),
(1575, 'subject-delete', 'Course', 'Delete', 'web', NULL, NULL),
(1576, 'subject-import', 'Course', 'Import', 'web', NULL, NULL),
(1577, 'enroll-subject-view', 'Enroll Course', 'View', 'web', NULL, NULL),
(1578, 'enroll-subject-create', 'Enroll Course', 'Create', 'web', NULL, NULL),
(1579, 'enroll-subject-edit', 'Enroll Course', 'Edit', 'web', NULL, NULL),
(1580, 'enroll-subject-delete', 'Enroll Course', 'Delete', 'web', NULL, NULL),
(1581, 'class-routine-view', 'Class Routine', 'View', 'web', NULL, NULL),
(1582, 'class-routine-create', 'Class Routine', 'Manage', 'web', NULL, NULL),
(1583, 'class-routine-print', 'Class Routine', 'Print', 'web', NULL, NULL),
(1584, 'class-routine-teacher', 'Class Routine', 'Teacher', 'web', NULL, NULL),
(1585, 'exam-routine-view', 'Exam Routine', 'View', 'web', NULL, NULL),
(1586, 'exam-routine-create', 'Exam Routine', 'Manage', 'web', NULL, NULL),
(1587, 'exam-routine-edit', 'Exam Routine', 'Edit', 'web', NULL, NULL),
(1588, 'exam-routine-delete', 'Exam Routine', 'Delete', 'web', NULL, NULL),
(1589, 'exam-routine-print', 'Exam Routine', 'Print', 'web', NULL, NULL),
(1590, 'routine-setting-class', 'Routine Setting', 'Class Routine', 'web', NULL, NULL),
(1591, 'routine-setting-exam', 'Routine Setting', 'Exam Routine', 'web', NULL, NULL),
(1592, 'exam-attendance', 'Exam', 'Attendance', 'web', NULL, NULL),
(1593, 'exam-marking', 'Exam', 'Mark Ledger', 'web', NULL, NULL),
(1594, 'exam-result', 'Exam', 'Result', 'web', NULL, NULL),
(1595, 'exam-import', 'Exam', 'Import', 'web', NULL, NULL),
(1596, 'subject-marking', 'Course Final', 'Mark Ledger', 'web', NULL, NULL),
(1597, 'subject-result', 'Course Final', 'Result', 'web', NULL, NULL),
(1598, 'grade-view', 'Grading System', 'View', 'web', NULL, NULL),
(1599, 'grade-create', 'Grading System', 'Create', 'web', NULL, NULL),
(1600, 'grade-edit', 'Grading System', 'Edit', 'web', NULL, NULL),
(1601, 'grade-delete', 'Grading System', 'Delete', 'web', NULL, NULL),
(1602, 'exam-type-view', 'Exam Type', 'View', 'web', NULL, NULL),
(1603, 'exam-type-create', 'Exam Type', 'Create', 'web', NULL, NULL),
(1604, 'exam-type-edit', 'Exam Type', 'Edit', 'web', NULL, NULL),
(1605, 'exam-type-delete', 'Exam Type', 'Delete', 'web', NULL, NULL),
(1606, 'admit-card-view', 'Admit Card', 'View', 'web', NULL, NULL),
(1607, 'admit-card-print', 'Admit Card', 'Print', 'web', NULL, NULL),
(1608, 'admit-card-download', 'Admit Card', 'Download', 'web', NULL, NULL),
(1609, 'admit-setting-view', 'Admit Card', 'Setting', 'web', NULL, NULL),
(1610, 'result-contribution-view', 'Mark Distribution', 'Setting', 'web', NULL, NULL),
(1611, 'assignment-view', 'Assignment', 'View', 'web', NULL, NULL),
(1612, 'assignment-create', 'Assignment', 'Create', 'web', NULL, NULL),
(1613, 'assignment-edit', 'Assignment', 'Edit', 'web', NULL, NULL),
(1614, 'assignment-delete', 'Assignment', 'Delete', 'web', NULL, NULL),
(1615, 'assignment-marking', 'Assignment', 'Mark Ledger', 'web', NULL, NULL),
(1616, 'content-view', 'Content', 'View', 'web', NULL, NULL),
(1617, 'content-create', 'Content', 'Create', 'web', NULL, NULL),
(1618, 'content-edit', 'Content', 'Edit', 'web', NULL, NULL),
(1619, 'content-delete', 'Content', 'Delete', 'web', NULL, NULL),
(1620, 'content-type-view', 'Content Type', 'View', 'web', NULL, NULL),
(1621, 'content-type-create', 'Content Type', 'Create', 'web', NULL, NULL),
(1622, 'content-type-edit', 'Content Type', 'Edit', 'web', NULL, NULL),
(1623, 'content-type-delete', 'Content Type', 'Delete', 'web', NULL, NULL),
(1624, 'fees-student-due', 'Student Fees', 'Fees Due', 'web', NULL, NULL),
(1625, 'fees-student-quick-assign', 'Student Fees', 'Quick Assign', 'web', NULL, NULL),
(1626, 'fees-student-quick-received', 'Student Fees', 'Quick Received', 'web', NULL, NULL),
(1627, 'fees-student-report', 'Student Fees', 'Report', 'web', NULL, NULL),
(1628, 'fees-student-action', 'Student Fees', 'Action', 'web', NULL, NULL),
(1629, 'fees-student-print', 'Student Fees', 'Print', 'web', NULL, NULL),
(1630, 'fees-receipt-view', 'Fees Receipt', 'Setting', 'web', NULL, NULL),
(1631, 'fees-master-create', 'Assign Fees', 'Manage', 'web', NULL, NULL),
(1632, 'fees-master-view', 'Assign Fees', 'Report', 'web', NULL, NULL),
(1633, 'fees-category-view', 'Fees Type', 'View', 'web', NULL, NULL),
(1634, 'fees-category-create', 'Fees Type', 'Create', 'web', NULL, NULL),
(1635, 'fees-category-edit', 'Fees Type', 'Edit', 'web', NULL, NULL),
(1636, 'fees-category-delete', 'Fees Type', 'Delete', 'web', NULL, NULL),
(1637, 'fees-discount-view', 'Fees Discount', 'View', 'web', NULL, NULL),
(1638, 'fees-discount-create', 'Fees Discount', 'Create', 'web', NULL, NULL),
(1639, 'fees-discount-edit', 'Fees Discount', 'Edit', 'web', NULL, NULL),
(1640, 'fees-discount-delete', 'Fees Discount', 'Delete', 'web', NULL, NULL),
(1641, 'fees-fine-view', 'Fees Fine', 'View', 'web', NULL, NULL),
(1642, 'fees-fine-create', 'Fees Fine', 'Create', 'web', NULL, NULL),
(1643, 'fees-fine-edit', 'Fees Fine', 'Edit', 'web', NULL, NULL),
(1644, 'fees-fine-delete', 'Fees Fine', 'Delete', 'web', NULL, NULL),
(1645, 'user-view', 'Staff List', 'View', 'web', NULL, NULL),
(1646, 'user-create', 'Staff List', 'Create', 'web', NULL, NULL),
(1647, 'user-edit', 'Staff List', 'Edit', 'web', NULL, NULL),
(1648, 'user-delete', 'Staff List', 'Delete', 'web', NULL, NULL),
(1649, 'user-import', 'Staff List', 'Import', 'web', NULL, NULL),
(1650, 'user-password-change', 'Staff List', 'Password Change', 'web', NULL, NULL),
(1651, 'staff-note-view', 'Staff Note', 'View', 'web', NULL, NULL),
(1652, 'staff-note-create', 'Staff Note', 'Create', 'web', NULL, NULL),
(1653, 'staff-note-edit', 'Staff Note', 'Edit', 'web', NULL, NULL),
(1654, 'staff-note-delete', 'Staff Note', 'Delete', 'web', NULL, NULL),
(1655, 'payroll-view', 'Payroll', 'View', 'web', NULL, NULL),
(1656, 'payroll-action', 'Payroll', 'Action', 'web', NULL, NULL),
(1657, 'payroll-report', 'Payroll', 'Report', 'web', NULL, NULL),
(1658, 'payroll-print', 'Payroll', 'Print', 'web', NULL, NULL),
(1659, 'pay-slip-setting-view', 'Pay Slip', 'Setting', 'web', NULL, NULL),
(1660, 'work-shift-type-view', 'Work Shift Type', 'View', 'web', NULL, NULL),
(1661, 'work-shift-type-create', 'Work Shift Type', 'Create', 'web', NULL, NULL),
(1662, 'work-shift-type-edit', 'Work Shift Type', 'Edit', 'web', NULL, NULL),
(1663, 'work-shift-type-delete', 'Work Shift Type', 'Delete', 'web', NULL, NULL),
(1664, 'tax-setting-view', 'Tax Setting', 'View', 'web', NULL, NULL),
(1665, 'tax-setting-create', 'Tax Setting', 'Create', 'web', NULL, NULL),
(1666, 'tax-setting-edit', 'Tax Setting', 'Edit', 'web', NULL, NULL),
(1667, 'tax-setting-delete', 'Tax Setting', 'Delete', 'web', NULL, NULL),
(1668, 'designation-view', 'Designation', 'View', 'web', NULL, NULL),
(1669, 'designation-create', 'Designation', 'Create', 'web', NULL, NULL),
(1670, 'designation-edit', 'Designation', 'Edit', 'web', NULL, NULL),
(1671, 'designation-delete', 'Designation', 'Delete', 'web', NULL, NULL),
(1672, 'department-view', 'Department', 'View', 'web', NULL, NULL),
(1673, 'department-create', 'Department', 'Create', 'web', NULL, NULL),
(1674, 'department-edit', 'Department', 'Edit', 'web', NULL, NULL),
(1675, 'department-delete', 'Department', 'Delete', 'web', NULL, NULL),
(1676, 'staff-daily-attendance-action', 'Staff Daily Attendance', 'Manage', 'web', NULL, NULL),
(1677, 'staff-daily-attendance-report', 'Staff Daily Attendance', 'Report', 'web', NULL, NULL),
(1678, 'staff-hourly-attendance-action', 'Staff Hourly Attendance', 'Manage', 'web', NULL, NULL),
(1679, 'staff-hourly-attendance-report', 'Staff Hourly Attendance', 'Report', 'web', NULL, NULL),
(1680, 'staff-leave-view', 'Staff Apply Leave', 'View', 'web', NULL, NULL),
(1681, 'staff-leave-create', 'Staff Apply Leave', 'Apply', 'web', NULL, NULL),
(1682, 'staff-leave-delete', 'Staff Apply Leave', 'Delete', 'web', NULL, NULL),
(1683, 'leave-type-view', 'Leave Type', 'View', 'web', NULL, NULL),
(1684, 'leave-type-create', 'Leave Type', 'Create', 'web', NULL, NULL),
(1685, 'leave-type-edit', 'Leave Type', 'Edit', 'web', NULL, NULL),
(1686, 'leave-type-delete', 'Leave Type', 'Delete', 'web', NULL, NULL),
(1687, 'staff-leave-manage-view', 'Staff Leave Manage', 'View', 'web', NULL, NULL),
(1688, 'staff-leave-manage-edit', 'Staff Leave Manage', 'Action', 'web', NULL, NULL),
(1689, 'staff-leave-manage-delete', 'Staff Leave Manage', 'Delete', 'web', NULL, NULL),
(1690, 'income-view', 'Income', 'View', 'web', NULL, NULL),
(1691, 'income-create', 'Income', 'Create', 'web', NULL, NULL),
(1692, 'income-edit', 'Income', 'Edit', 'web', NULL, NULL),
(1693, 'income-delete', 'Income', 'Delete', 'web', NULL, NULL),
(1694, 'income-category-view', 'Income Category', 'View', 'web', NULL, NULL),
(1695, 'income-category-create', 'Income Category', 'Create', 'web', NULL, NULL),
(1696, 'income-category-edit', 'Income Category', 'Edit', 'web', NULL, NULL),
(1697, 'income-category-delete', 'Income Category', 'Delete', 'web', NULL, NULL),
(1698, 'expense-view', 'Expense', 'View', 'web', NULL, NULL),
(1699, 'expense-create', 'Expense', 'Create', 'web', NULL, NULL),
(1700, 'expense-edit', 'Expense', 'Edit', 'web', NULL, NULL),
(1701, 'expense-delete', 'Expense', 'Delete', 'web', NULL, NULL),
(1702, 'expense-category-view', 'Expense Category', 'View', 'web', NULL, NULL),
(1703, 'expense-category-create', 'Expense Category', 'Create', 'web', NULL, NULL),
(1704, 'expense-category-edit', 'Expense Category', 'Edit', 'web', NULL, NULL),
(1705, 'expense-category-delete', 'Expense Category', 'Delete', 'web', NULL, NULL),
(1706, 'outcome-view', 'Outcome Overview', 'View', 'web', NULL, NULL),
(1707, 'email-notify-view', 'Send Email', 'View', 'web', NULL, NULL),
(1708, 'email-notify-create', 'Send Email', 'Send', 'web', NULL, NULL),
(1709, 'email-notify-delete', 'Send Email', 'Delete', 'web', NULL, NULL),
(1710, 'sms-notify-view', 'Send SMS', 'View', 'web', NULL, NULL),
(1711, 'sms-notify-create', 'Send SMS', 'Send', 'web', NULL, NULL),
(1712, 'sms-notify-delete', 'Send SMS', 'Delete', 'web', NULL, NULL),
(1713, 'event-view', 'Event', 'View', 'web', NULL, NULL),
(1714, 'event-create', 'Event', 'Create', 'web', NULL, NULL),
(1715, 'event-edit', 'Event', 'Edit', 'web', NULL, NULL),
(1716, 'event-delete', 'Event', 'Delete', 'web', NULL, NULL),
(1717, 'event-calendar', 'Event', 'Calendar', 'web', NULL, NULL),
(1718, 'notice-view', 'Notice List', 'View', 'web', NULL, NULL),
(1719, 'notice-create', 'Notice List', 'Create', 'web', NULL, NULL),
(1720, 'notice-edit', 'Notice List', 'Edit', 'web', NULL, NULL),
(1721, 'notice-delete', 'Notice List', 'Delete', 'web', NULL, NULL),
(1722, 'notice-category-view', 'Notice Category', 'View', 'web', NULL, NULL),
(1723, 'notice-category-create', 'Notice Category', 'Create', 'web', NULL, NULL),
(1724, 'notice-category-edit', 'Notice Category', 'Edit', 'web', NULL, NULL),
(1725, 'notice-category-delete', 'Notice Category', 'Delete', 'web', NULL, NULL),
(1726, 'book-issue-view', 'Issue Book', 'View', 'web', NULL, NULL),
(1727, 'book-issue-action', 'Issue Book', 'Action', 'web', NULL, NULL),
(1728, 'book-issue-delete', 'Issue Book', 'Delete', 'web', NULL, NULL),
(1729, 'library-member-view', 'Library Member', 'View', 'web', NULL, NULL),
(1730, 'library-member-create', 'Library Member', 'Create', 'web', NULL, NULL),
(1731, 'library-member-edit', 'Library Member', 'Edit', 'web', NULL, NULL),
(1732, 'library-member-delete', 'Library Member', 'Delete', 'web', NULL, NULL),
(1733, 'library-member-card', 'Library Member', 'Card Print', 'web', NULL, NULL),
(1734, 'library-card-setting-view', 'Library Card', 'Setting', 'web', NULL, NULL),
(1735, 'book-view', 'Book List', 'View', 'web', NULL, NULL),
(1736, 'book-create', 'Book List', 'Create', 'web', NULL, NULL),
(1737, 'book-edit', 'Book List', 'Edit', 'web', NULL, NULL),
(1738, 'book-delete', 'Book List', 'Delete', 'web', NULL, NULL),
(1739, 'book-import', 'Book List', 'Import', 'web', NULL, NULL),
(1740, 'book-print', 'Book List', 'Token Print', 'web', NULL, NULL),
(1741, 'book-request-view', 'Book Request', 'View', 'web', NULL, NULL),
(1742, 'book-request-create', 'Book Request', 'Create', 'web', NULL, NULL),
(1743, 'book-request-edit', 'Book Request', 'Edit', 'web', NULL, NULL),
(1744, 'book-request-delete', 'Book Request', 'Delete', 'web', NULL, NULL),
(1745, 'book-category-view', 'Book Category', 'View', 'web', NULL, NULL),
(1746, 'book-category-create', 'Book Category', 'Create', 'web', NULL, NULL),
(1747, 'book-category-edit', 'Book Category', 'Edit', 'web', NULL, NULL),
(1748, 'book-category-delete', 'Book Category', 'Delete', 'web', NULL, NULL),
(1749, 'item-issue-view', 'Issue Item', 'View', 'web', NULL, NULL),
(1750, 'item-issue-action', 'Issue Item', 'Action', 'web', NULL, NULL),
(1751, 'item-issue-delete', 'Issue Item', 'Delete', 'web', NULL, NULL),
(1752, 'item-stock-view', 'Item Stock', 'View', 'web', NULL, NULL),
(1753, 'item-stock-create', 'Item Stock', 'Create', 'web', NULL, NULL),
(1754, 'item-stock-edit', 'Item Stock', 'Edit', 'web', NULL, NULL),
(1755, 'item-stock-delete', 'Item Stock', 'Delete', 'web', NULL, NULL),
(1756, 'item-view', 'Item List', 'View', 'web', NULL, NULL),
(1757, 'item-create', 'Item List', 'Create', 'web', NULL, NULL),
(1758, 'item-edit', 'Item List', 'Edit', 'web', NULL, NULL),
(1759, 'item-delete', 'Item List', 'Delete', 'web', NULL, NULL),
(1760, 'item-store-view', 'Store', 'View', 'web', NULL, NULL),
(1761, 'item-store-create', 'Store', 'Create', 'web', NULL, NULL),
(1762, 'item-store-edit', 'Store', 'Edit', 'web', NULL, NULL),
(1763, 'item-store-delete', 'Store', 'Delete', 'web', NULL, NULL),
(1764, 'item-supplier-view', 'Supplier', 'View', 'web', NULL, NULL),
(1765, 'item-supplier-create', 'Supplier', 'Create', 'web', NULL, NULL),
(1766, 'item-supplier-edit', 'Supplier', 'Edit', 'web', NULL, NULL),
(1767, 'item-supplier-delete', 'Supplier', 'Delete', 'web', NULL, NULL),
(1768, 'item-category-view', 'Item Category', 'View', 'web', NULL, NULL),
(1769, 'item-category-create', 'Item Category', 'Create', 'web', NULL, NULL),
(1770, 'item-category-edit', 'Item Category', 'Edit', 'web', NULL, NULL),
(1771, 'item-category-delete', 'Item Category', 'Delete', 'web', NULL, NULL),
(1772, 'hostel-member-view', 'Hostel Member', 'View', 'web', NULL, NULL),
(1773, 'hostel-member-create', 'Hostel Member', 'Manage', 'web', NULL, NULL),
(1774, 'hostel-room-view', 'Hostel Room', 'View', 'web', NULL, NULL),
(1775, 'hostel-room-create', 'Hostel Room', 'Create', 'web', NULL, NULL),
(1776, 'hostel-room-edit', 'Hostel Room', 'Edit', 'web', NULL, NULL),
(1777, 'hostel-room-delete', 'Hostel Room', 'Delete', 'web', NULL, NULL),
(1778, 'hostel-view', 'Hostel', 'View', 'web', NULL, NULL),
(1779, 'hostel-create', 'Hostel', 'Create', 'web', NULL, NULL),
(1780, 'hostel-edit', 'Hostel', 'Edit', 'web', NULL, NULL),
(1781, 'hostel-delete', 'Hostel', 'Delete', 'web', NULL, NULL),
(1782, 'room-type-view', 'Room Type', 'View', 'web', NULL, NULL),
(1783, 'room-type-create', 'Room Type', 'Create', 'web', NULL, NULL),
(1784, 'room-type-edit', 'Room Type', 'Edit', 'web', NULL, NULL),
(1785, 'room-type-delete', 'Room Type', 'Delete', 'web', NULL, NULL),
(1786, 'transport-member-view', 'Transport Member', 'View', 'web', NULL, NULL),
(1787, 'transport-member-create', 'Transport Member', 'Manage', 'web', NULL, NULL),
(1788, 'transport-vehicle-view', 'Transport Vehicle', 'View', 'web', NULL, NULL),
(1789, 'transport-vehicle-create', 'Transport Vehicle', 'Create', 'web', NULL, NULL),
(1790, 'transport-vehicle-edit', 'Transport Vehicle', 'Edit', 'web', NULL, NULL),
(1791, 'transport-vehicle-delete', 'Transport Vehicle', 'Delete', 'web', NULL, NULL),
(1792, 'transport-route-view', 'Transport Route', 'View', 'web', NULL, NULL),
(1793, 'transport-route-create', 'Transport Route', 'Create', 'web', NULL, NULL),
(1794, 'transport-route-edit', 'Transport Route', 'Edit', 'web', NULL, NULL),
(1795, 'transport-route-delete', 'Transport Route', 'Delete', 'web', NULL, NULL),
(1796, 'visitor-view', 'Visitor', 'View', 'web', NULL, NULL),
(1797, 'visitor-create', 'Visitor', 'Create', 'web', NULL, NULL),
(1798, 'visitor-edit', 'Visitor', 'Edit', 'web', NULL, NULL),
(1799, 'visitor-delete', 'Visitor', 'Delete', 'web', NULL, NULL),
(1800, 'visitor-print', 'Visitor', 'Token Print', 'web', NULL, NULL),
(1801, 'visit-purpose-view', 'Visit Purpose', 'View', 'web', NULL, NULL),
(1802, 'visit-purpose-create', 'Visit Purpose', 'Create', 'web', NULL, NULL),
(1803, 'visit-purpose-edit', 'Visit Purpose', 'Edit', 'web', NULL, NULL),
(1804, 'visit-purpose-delete', 'Visit Purpose', 'Delete', 'web', NULL, NULL),
(1805, 'visitor-token-setting-view', 'Visitor Token', 'Setting', 'web', NULL, NULL),
(1806, 'phone-log-view', 'Phone Log', 'View', 'web', NULL, NULL),
(1807, 'phone-log-create', 'Phone Log', 'Create', 'web', NULL, NULL),
(1808, 'phone-log-edit', 'Phone Log', 'Edit', 'web', NULL, NULL),
(1809, 'phone-log-delete', 'Phone Log', 'Delete', 'web', NULL, NULL),
(1810, 'enquiry-view', 'Enquiry', 'View', 'web', NULL, NULL),
(1811, 'enquiry-create', 'Enquiry', 'Create', 'web', NULL, NULL),
(1812, 'enquiry-edit', 'Enquiry', 'Edit', 'web', NULL, NULL),
(1813, 'enquiry-delete', 'Enquiry', 'Delete', 'web', NULL, NULL),
(1814, 'enquiry-reference-view', 'Enquiry Reference', 'View', 'web', NULL, NULL),
(1815, 'enquiry-reference-create', 'Enquiry Reference', 'Create', 'web', NULL, NULL),
(1816, 'enquiry-reference-edit', 'Enquiry Reference', 'Edit', 'web', NULL, NULL),
(1817, 'enquiry-reference-delete', 'Enquiry Reference', 'Delete', 'web', NULL, NULL),
(1818, 'enquiry-source-view', 'Enquiry Source', 'View', 'web', NULL, NULL),
(1819, 'enquiry-source-create', 'Enquiry Source', 'Create', 'web', NULL, NULL),
(1820, 'enquiry-source-edit', 'Enquiry Source', 'Edit', 'web', NULL, NULL),
(1821, 'enquiry-source-delete', 'Enquiry Source', 'Delete', 'web', NULL, NULL),
(1822, 'complain-view', 'Complain', 'View', 'web', NULL, NULL),
(1823, 'complain-create', 'Complain', 'Create', 'web', NULL, NULL),
(1824, 'complain-edit', 'Complain', 'Edit', 'web', NULL, NULL),
(1825, 'complain-delete', 'Complain', 'Delete', 'web', NULL, NULL),
(1826, 'complain-type-view', 'Complain Type', 'View', 'web', NULL, NULL),
(1827, 'complain-type-create', 'Complain Type', 'Create', 'web', NULL, NULL),
(1828, 'complain-type-edit', 'Complain Type', 'Edit', 'web', NULL, NULL),
(1829, 'complain-type-delete', 'Complain Type', 'Delete', 'web', NULL, NULL),
(1830, 'complain-source-view', 'Complain Source', 'View', 'web', NULL, NULL),
(1831, 'complain-source-create', 'Complain Source', 'Create', 'web', NULL, NULL),
(1832, 'complain-source-edit', 'Complain Source', 'Edit', 'web', NULL, NULL),
(1833, 'complain-source-delete', 'Complain Source', 'Delete', 'web', NULL, NULL),
(1834, 'postal-exchange-view', 'Postal Exchange', 'View', 'web', NULL, NULL),
(1835, 'postal-exchange-create', 'Postal Exchange', 'Create', 'web', NULL, NULL),
(1836, 'postal-exchange-edit', 'Postal Exchange', 'Edit', 'web', NULL, NULL),
(1837, 'postal-exchange-delete', 'Postal Exchange', 'Delete', 'web', NULL, NULL),
(1838, 'postal-type-view', 'Postal Type', 'View', 'web', NULL, NULL),
(1839, 'postal-type-create', 'Postal Type', 'Create', 'web', NULL, NULL),
(1840, 'postal-type-edit', 'Postal Type', 'Edit', 'web', NULL, NULL),
(1841, 'postal-type-delete', 'Postal Type', 'Delete', 'web', NULL, NULL),
(1842, 'meeting-view', 'Meeting Schedule', 'View', 'web', NULL, NULL),
(1843, 'meeting-create', 'Meeting Schedule', 'Create', 'web', NULL, NULL),
(1844, 'meeting-edit', 'Meeting Schedule', 'Edit', 'web', NULL, NULL),
(1845, 'meeting-delete', 'Meeting Schedule', 'Delete', 'web', NULL, NULL),
(1846, 'meeting-type-view', 'Meeting Type', 'View', 'web', NULL, NULL),
(1847, 'meeting-type-create', 'Meeting Type', 'Create', 'web', NULL, NULL),
(1848, 'meeting-type-edit', 'Meeting Type', 'Edit', 'web', NULL, NULL),
(1849, 'meeting-type-delete', 'Meeting Type', 'Delete', 'web', NULL, NULL),
(1850, 'marksheet-view', 'Marksheet', 'View', 'web', NULL, NULL),
(1851, 'marksheet-print', 'Marksheet', 'Print', 'web', NULL, NULL),
(1852, 'marksheet-download', 'Marksheet', 'Download', 'web', NULL, NULL),
(1853, 'marksheet-setting-view', 'Marksheet', 'Setting', 'web', NULL, NULL),
(1854, 'certificate-view', 'Certificate', 'View', 'web', NULL, NULL),
(1855, 'certificate-create', 'Certificate', 'Genarate', 'web', NULL, NULL),
(1856, 'certificate-edit', 'Certificate', 'Edit', 'web', NULL, NULL),
(1857, 'certificate-print', 'Certificate', 'Print', 'web', NULL, NULL),
(1858, 'certificate-download', 'Certificate', 'Download', 'web', NULL, NULL),
(1859, 'certificate-template-view', 'Certificate Template', 'View', 'web', NULL, NULL),
(1860, 'certificate-template-create', 'Certificate Template', 'Create', 'web', NULL, NULL),
(1861, 'certificate-template-edit', 'Certificate Template', 'Edit', 'web', NULL, NULL),
(1862, 'certificate-template-delete', 'Certificate Template', 'Delete', 'web', NULL, NULL),
(1863, 'report-student-progress', 'Reports', 'Student Progress', 'web', NULL, NULL),
(1864, 'report-subject-students', 'Reports', 'Course Students', 'web', NULL, NULL),
(1865, 'report-student-attendance', 'Reports', 'Student Attendance', 'web', NULL, NULL),
(1866, 'report-subject-attendance', 'Reports', 'Subject Attendance', 'web', NULL, NULL),
(1867, 'report-collected-fees', 'Reports', 'Collected Fees', 'web', NULL, NULL),
(1868, 'report-student-fees', 'Reports', 'Student Fees', 'web', NULL, NULL),
(1869, 'report-salary-paid', 'Reports', 'Salary Paid', 'web', NULL, NULL),
(1870, 'report-staff-leaves', 'Reports', 'Staff Leaves', 'web', NULL, NULL),
(1871, 'report-income', 'Reports', 'Total Income', 'web', NULL, NULL),
(1872, 'report-expense', 'Reports', 'Total Expense', 'web', NULL, NULL),
(1873, 'report-library', 'Reports', 'Library History', 'web', NULL, NULL),
(1874, 'report-book-return', 'Reports', 'Book Return Due', 'web', NULL, NULL),
(1875, 'report-inventory', 'Reports', 'Inventory History', 'web', NULL, NULL),
(1876, 'report-hostel', 'Reports', 'Hostel Members', 'web', NULL, NULL),
(1877, 'report-transport', 'Reports', 'Transport Members', 'web', NULL, NULL),
(1878, 'topbar-setting-view', 'Contact Setting', 'Manage', 'web', NULL, NULL),
(1879, 'social-setting-view', 'Social Setting', 'Manage', 'web', NULL, NULL),
(1880, 'slider-view', 'Slider', 'View', 'web', NULL, NULL),
(1881, 'slider-create', 'Slider', 'Create', 'web', NULL, NULL),
(1882, 'slider-edit', 'Slider', 'Edit', 'web', NULL, NULL),
(1883, 'slider-delete', 'Slider', 'Delete', 'web', NULL, NULL),
(1884, 'about-us-view', 'About Us', 'Manage', 'web', NULL, NULL),
(1885, 'feature-view', 'Feature', 'View', 'web', NULL, NULL),
(1886, 'feature-create', 'Feature', 'Create', 'web', NULL, NULL),
(1887, 'feature-edit', 'Feature', 'Edit', 'web', NULL, NULL),
(1888, 'feature-delete', 'Feature', 'Delete', 'web', NULL, NULL),
(1889, 'course-view', 'Course', 'View', 'web', NULL, NULL),
(1890, 'course-create', 'Course', 'Create', 'web', NULL, NULL),
(1891, 'course-edit', 'Course', 'Edit', 'web', NULL, NULL),
(1892, 'course-delete', 'Course', 'Delete', 'web', NULL, NULL),
(1893, 'web-event-view', 'Web Event', 'View', 'web', NULL, NULL),
(1894, 'web-event-create', 'Web Event', 'Create', 'web', NULL, NULL),
(1895, 'web-event-edit', 'Web Event', 'Edit', 'web', NULL, NULL),
(1896, 'web-event-delete', 'Web Event', 'Delete', 'web', NULL, NULL),
(1897, 'news-view', 'News', 'View', 'web', NULL, NULL),
(1898, 'news-create', 'News', 'Create', 'web', NULL, NULL),
(1899, 'news-edit', 'News', 'Edit', 'web', NULL, NULL),
(1900, 'news-delete', 'News', 'Delete', 'web', NULL, NULL),
(1901, 'gallery-view', 'Gallery', 'View', 'web', NULL, NULL),
(1902, 'gallery-create', 'Gallery', 'Create', 'web', NULL, NULL),
(1903, 'gallery-edit', 'Gallery', 'Edit', 'web', NULL, NULL),
(1904, 'gallery-delete', 'Gallery', 'Delete', 'web', NULL, NULL),
(1905, 'faq-view', 'Faq', 'View', 'web', NULL, NULL),
(1906, 'faq-create', 'Faq', 'Create', 'web', NULL, NULL),
(1907, 'faq-edit', 'Faq', 'Edit', 'web', NULL, NULL),
(1908, 'faq-delete', 'Faq', 'Delete', 'web', NULL, NULL),
(1909, 'testimonial-view', 'Testimonial', 'View', 'web', NULL, NULL),
(1910, 'testimonial-create', 'Testimonial', 'Create', 'web', NULL, NULL),
(1911, 'testimonial-edit', 'Testimonial', 'Edit', 'web', NULL, NULL),
(1912, 'testimonial-delete', 'Testimonial', 'Delete', 'web', NULL, NULL),
(1913, 'page-view', 'Footer Page', 'View', 'web', NULL, NULL),
(1914, 'page-create', 'Footer Page', 'Create', 'web', NULL, NULL),
(1915, 'page-edit', 'Footer Page', 'Edit', 'web', NULL, NULL),
(1916, 'page-delete', 'Footer Page', 'Delete', 'web', NULL, NULL),
(1917, 'call-to-action-view', 'Call To Action', 'Manage', 'web', NULL, NULL),
(1918, 'province-view', 'State/Province', 'View', 'web', NULL, NULL),
(1919, 'province-create', 'State/Province', 'Create', 'web', NULL, NULL),
(1920, 'province-edit', 'State/Province', 'Edit', 'web', NULL, NULL),
(1921, 'province-delete', 'State/Province', 'Delete', 'web', NULL, NULL),
(1922, 'district-view', 'District/City', 'View', 'web', NULL, NULL),
(1923, 'district-create', 'District/City', 'Create', 'web', NULL, NULL),
(1924, 'district-edit', 'District/City', 'Edit', 'web', NULL, NULL),
(1925, 'district-delete', 'District/City', 'Delete', 'web', NULL, NULL),
(1926, 'language-view', 'Language', 'View', 'web', NULL, NULL),
(1927, 'language-create', 'Language', 'Create', 'web', NULL, NULL),
(1928, 'language-edit', 'Language', 'Edit', 'web', NULL, NULL),
(1929, 'language-delete', 'Language', 'Delete', 'web', NULL, NULL),
(1930, 'translations-view', 'Translation', 'View', 'web', NULL, NULL),
(1931, 'translations-create', 'Translation', 'Create', 'web', NULL, NULL),
(1932, 'translations-delete', 'Translation', 'Delete', 'web', NULL, NULL),
(1933, 'setting-view', 'Setting', 'General', 'web', NULL, NULL),
(1934, 'setting-mail', 'Setting', 'Mail Setting', 'web', NULL, NULL),
(1935, 'setting-sms', 'Setting', 'SMS Getaways', 'web', NULL, NULL),
(1936, 'setting-payment', 'Setting', 'Payment Getaways', 'web', NULL, NULL),
(1937, 'application-setting-view', 'Application Setting', 'Manage', 'web', NULL, NULL),
(1938, 'role-view', 'Role and Permissions', 'View', 'web', NULL, NULL),
(1939, 'role-create', 'Role and Permissions', 'Create', 'web', NULL, NULL),
(1940, 'role-edit', 'Role and Permissions', 'Edit', 'web', NULL, NULL),
(1941, 'role-delete', 'Role and Permissions', 'Delete', 'web', NULL, NULL),
(1942, 'field-staff', 'Field Setting', 'Staff', 'web', NULL, NULL),
(1943, 'field-student', 'Field Setting', 'Student', 'web', NULL, NULL),
(1944, 'field-application', 'Field Setting', 'Application', 'web', NULL, NULL),
(1945, 'student-panel-view', 'Student Panel', 'Manage', 'web', NULL, NULL),
(1946, 'profile-view', 'My Profile', 'View', 'web', NULL, NULL),
(1947, 'profile-edit', 'My Profile', 'Edit', 'web', NULL, NULL),
(1948, 'profile-account', 'My Profile', 'Account', 'web', NULL, NULL);

-- --------------------------------------------------------

--
-- Table structure for table `personal_access_tokens`
--

CREATE TABLE `personal_access_tokens` (
  `id` bigint UNSIGNED NOT NULL,
  `tokenable_type` varchar(191) CHARACTER SET utf8mb4 COLLATE utf8mb4_unicode_ci NOT NULL,
  `tokenable_id` bigint UNSIGNED NOT NULL,
  `name` varchar(191) CHARACTER SET utf8mb4 COLLATE utf8mb4_unicode_ci NOT NULL,
  `token` varchar(64) CHARACTER SET utf8mb4 COLLATE utf8mb4_unicode_ci NOT NULL,
  `abilities` text CHARACTER SET utf8mb4 COLLATE utf8mb4_unicode_ci,
  `last_used_at` timestamp NULL DEFAULT NULL,
  `created_at` timestamp NULL DEFAULT NULL,
  `updated_at` timestamp NULL DEFAULT NULL
) ENGINE=InnoDB DEFAULT CHARSET=utf8mb4 COLLATE=utf8mb4_unicode_ci;

-- --------------------------------------------------------

--
-- Table structure for table `phone_logs`
--

CREATE TABLE `phone_logs` (
  `id` bigint UNSIGNED NOT NULL,
  `name` varchar(191) CHARACTER SET utf8mb4 COLLATE utf8mb4_unicode_ci DEFAULT NULL,
  `phone` varchar(191) CHARACTER SET utf8mb4 COLLATE utf8mb4_unicode_ci NOT NULL,
  `date` date NOT NULL,
  `follow_up_date` date DEFAULT NULL,
  `call_duration` varchar(191) CHARACTER SET utf8mb4 COLLATE utf8mb4_unicode_ci DEFAULT NULL,
  `start_time` time DEFAULT NULL,
  `end_time` time DEFAULT NULL,
  `purpose` text CHARACTER SET utf8mb4 COLLATE utf8mb4_unicode_ci,
  `note` text CHARACTER SET utf8mb4 COLLATE utf8mb4_unicode_ci,
  `call_type` int NOT NULL COMMENT '1 Income & 2 Outgoing',
  `status` int NOT NULL DEFAULT '1',
  `created_by` bigint UNSIGNED DEFAULT NULL,
  `updated_by` bigint UNSIGNED DEFAULT NULL,
  `created_at` timestamp NULL DEFAULT NULL,
  `updated_at` timestamp NULL DEFAULT NULL
) ENGINE=InnoDB DEFAULT CHARSET=utf8mb4 COLLATE=utf8mb4_unicode_ci;

--
-- Dumping data for table `phone_logs`
--

INSERT INTO `phone_logs` (`id`, `name`, `phone`, `date`, `follow_up_date`, `call_duration`, `start_time`, `end_time`, `purpose`, `note`, `call_type`, `status`, `created_by`, `updated_by`, `created_at`, `updated_at`) VALUES
(1, 'Quon Sellers', '+1 (948) 556-2442', '2022-10-01', '2022-11-25', '2 min', NULL, NULL, 'Ratione excepturi qu', 'Minus maxime Nam mag', 1, 1, 1, NULL, '2022-10-01 12:17:13', '2022-10-01 12:17:13'),
(2, 'Tanya Grimes', '+1 (988) 107-4828', '2022-10-01', '2022-11-13', '3:50', NULL, NULL, 'Tempore sint est ne', 'Lorem omnis nostrum', 1, 1, 1, NULL, '2022-10-01 12:18:04', '2022-10-01 12:18:04'),
(3, 'Karyn Castillo', '+1 (923) 454-6055', '2021-12-18', '2022-10-09', '5 min', NULL, NULL, 'Et eos corrupti qui', 'Est eius doloremque', 1, 1, 1, NULL, '2022-10-01 12:18:59', '2022-10-01 12:18:59'),
(4, 'Quentin Alford', '+1 (628) 618-3668', '2022-07-20', '2022-11-18', '8:50', NULL, NULL, 'Velit omnis quas dis', 'Laboriosam et quide', 2, 1, 1, NULL, '2022-10-01 12:19:34', '2022-10-01 12:19:34'),
(5, 'Sasha Harper', '+1 (612) 725-1207', '2021-03-12', '2022-10-05', '6 min', NULL, NULL, 'Sint quas ullamco v', 'Architecto numquam q', 2, 1, 1, NULL, '2022-10-01 12:20:45', '2022-10-01 12:20:45'),
(6, 'Cleo Simpson', '+1 (305) 133-4681', '2022-05-28', NULL, NULL, NULL, NULL, 'Quos non maiores eos', 'Et obcaecati aut aut', 1, 1, 1, NULL, '2022-10-01 12:23:14', '2022-10-01 12:23:14'),
(7, 'Meredith Baxter', '+1 (502) 865-8511', '2023-08-25', '2024-11-11', 'Exercitationem tenet', '13:27:00', NULL, 'Incididunt reiciendi', 'Ut inventore error m', 2, 1, 1, NULL, '2023-08-25 07:27:35', '2023-08-25 07:27:35');

-- --------------------------------------------------------

--
-- Table structure for table `postal_exchanges`
--

CREATE TABLE `postal_exchanges` (
  `id` bigint UNSIGNED NOT NULL,
  `type` int NOT NULL COMMENT '1 Import & 2 Export',
  `category_id` int UNSIGNED NOT NULL,
  `title` varchar(191) CHARACTER SET utf8mb4 COLLATE utf8mb4_unicode_ci NOT NULL,
  `reference` text CHARACTER SET utf8mb4 COLLATE utf8mb4_unicode_ci,
  `from` text CHARACTER SET utf8mb4 COLLATE utf8mb4_unicode_ci,
  `to` text CHARACTER SET utf8mb4 COLLATE utf8mb4_unicode_ci,
  `note` text CHARACTER SET utf8mb4 COLLATE utf8mb4_unicode_ci,
  `date` date DEFAULT NULL,
  `attach` text CHARACTER SET utf8mb4 COLLATE utf8mb4_unicode_ci,
  `status` tinyint(1) NOT NULL DEFAULT '1',
  `created_by` bigint UNSIGNED DEFAULT NULL,
  `updated_by` bigint UNSIGNED DEFAULT NULL,
  `created_at` timestamp NULL DEFAULT NULL,
  `updated_at` timestamp NULL DEFAULT NULL
) ENGINE=InnoDB DEFAULT CHARSET=utf8mb4 COLLATE=utf8mb4_unicode_ci;

--
-- Dumping data for table `postal_exchanges`
--

INSERT INTO `postal_exchanges` (`id`, `type`, `category_id`, `title`, `reference`, `from`, `to`, `note`, `date`, `attach`, `status`, `created_by`, `updated_by`, `created_at`, `updated_at`) VALUES
(1, 1, 4, 'Sed reprehenderit e', 'Academic Building', 'Officiis et laboris', 'Numquam placeat rat', 'Ut dignissimos illum', '2019-08-03', 'background-border_1664649226.png', 1, 1, 1, '2022-10-01 12:33:46', '2022-10-27 13:32:56'),
(2, 1, 3, 'Proident provident', 'Govt', 'Commodo qui aut quis', 'Hic aperiam hic aper', 'Sit velit nisi asp', '2020-01-19', 'book-covers_1664656202.jpg', 1, 1, 1, '2022-10-01 12:34:05', '2022-10-27 13:32:01'),
(3, 2, 2, 'Velit sunt modi nihi', 'Sundarbon', 'Voluptate est dolori', 'Et dolor assumenda n', 'Enim in vel ad liber', '2021-01-11', NULL, 1, 1, 1, '2022-10-01 12:34:17', '2022-10-27 13:31:10'),
(4, 2, 3, 'Quod velit aliqua E', 'Saif Transport', 'Aute sint exercitati', 'Vitae ipsa ipsa co', 'Enim consectetur pr', '2022-06-28', NULL, 1, 1, 1, '2022-10-01 12:35:37', '2022-10-27 13:30:58'),
(5, 1, 2, 'Sed ut aut accusamus', 'Habib Vai', 'Architecto et ex qui', 'Qui eos dolorum ut', 'Voluptates quo tempo', '2022-03-31', 'book-cover2_1664656189.jpg', 1, 1, 1, '2022-10-01 12:35:51', '2022-10-27 13:30:40'),
(6, 1, 5, 'Accusamus mollit fug', 'Non vel modi volupta', 'In dolor nulla ut au', 'Labore officiis nost', 'Omnis enim qui obcae', '2023-08-22', NULL, 2, 1, 1, '2023-08-25 07:35:24', '2023-08-25 07:36:22'),
(7, 2, 1, 'Veniam incididunt a', 'Hic ullam mollit bea', 'Provident dolores a', 'Excepturi excepteur', 'Labore alias non cor', '2023-06-28', NULL, 1, 1, NULL, '2023-08-25 07:36:18', '2023-08-25 07:36:18'),
(8, 1, 2, 'Enim eaque consequun', 'Eu ad ipsum quod ve', 'Est cillum nostrum', 'Placeat placeat pa', 'Tempora accusamus mo', '2023-07-31', NULL, 4, 1, NULL, '2023-08-25 07:37:18', '2023-08-25 07:37:18');

-- --------------------------------------------------------

--
-- Table structure for table `postal_exchange_types`
--

CREATE TABLE `postal_exchange_types` (
  `id` int UNSIGNED NOT NULL,
  `title` varchar(191) CHARACTER SET utf8mb4 COLLATE utf8mb4_unicode_ci NOT NULL,
  `slug` varchar(191) CHARACTER SET utf8mb4 COLLATE utf8mb4_unicode_ci NOT NULL,
  `description` text CHARACTER SET utf8mb4 COLLATE utf8mb4_unicode_ci,
  `status` tinyint(1) NOT NULL DEFAULT '1',
  `created_at` timestamp NULL DEFAULT NULL,
  `updated_at` timestamp NULL DEFAULT NULL
) ENGINE=InnoDB DEFAULT CHARSET=utf8mb4 COLLATE=utf8mb4_unicode_ci;

--
-- Dumping data for table `postal_exchange_types`
--

INSERT INTO `postal_exchange_types` (`id`, `title`, `slug`, `description`, `status`, `created_at`, `updated_at`) VALUES
(1, 'Examination Papers', 'examination-papers', NULL, 1, '2022-10-01 03:58:48', '2022-10-01 03:58:48'),
(2, 'Library Books', 'library-books', NULL, 1, '2022-10-01 03:58:57', '2022-10-01 03:58:57'),
(3, 'Lab Instruments', 'lab-instruments', NULL, 1, '2022-10-01 04:01:27', '2022-10-01 04:01:27'),
(4, 'Office Documents', 'office-documents', NULL, 1, '2022-10-01 04:02:19', '2022-10-01 04:02:19'),
(5, 'Sports Equipment', 'sports-equipment', NULL, 1, '2022-10-01 04:03:56', '2022-10-01 04:03:56');

-- --------------------------------------------------------

--
-- Table structure for table `print_settings`
--

CREATE TABLE `print_settings` (
  `id` int UNSIGNED NOT NULL,
  `slug` varchar(191) CHARACTER SET utf8mb4 COLLATE utf8mb4_unicode_ci NOT NULL,
  `title` text CHARACTER SET utf8mb4 COLLATE utf8mb4_unicode_ci,
  `header_left` text CHARACTER SET utf8mb4 COLLATE utf8mb4_unicode_ci,
  `header_center` text CHARACTER SET utf8mb4 COLLATE utf8mb4_unicode_ci,
  `header_right` text CHARACTER SET utf8mb4 COLLATE utf8mb4_unicode_ci,
  `body` text CHARACTER SET utf8mb4 COLLATE utf8mb4_unicode_ci,
  `footer_left` text CHARACTER SET utf8mb4 COLLATE utf8mb4_unicode_ci,
  `footer_center` text CHARACTER SET utf8mb4 COLLATE utf8mb4_unicode_ci,
  `footer_right` text CHARACTER SET utf8mb4 COLLATE utf8mb4_unicode_ci,
  `logo_left` text CHARACTER SET utf8mb4 COLLATE utf8mb4_unicode_ci,
  `logo_right` text CHARACTER SET utf8mb4 COLLATE utf8mb4_unicode_ci,
  `background` text CHARACTER SET utf8mb4 COLLATE utf8mb4_unicode_ci,
  `width` varchar(191) CHARACTER SET utf8mb4 COLLATE utf8mb4_unicode_ci NOT NULL DEFAULT 'auto',
  `height` varchar(191) CHARACTER SET utf8mb4 COLLATE utf8mb4_unicode_ci NOT NULL DEFAULT 'auto',
  `student_photo` tinyint(1) NOT NULL DEFAULT '0',
  `barcode` tinyint(1) NOT NULL DEFAULT '0',
  `status` tinyint(1) NOT NULL DEFAULT '1',
  `created_at` timestamp NULL DEFAULT NULL,
  `updated_at` timestamp NULL DEFAULT NULL,
  `prefix` varchar(191) CHARACTER SET utf8mb4 COLLATE utf8mb4_unicode_ci DEFAULT NULL
) ENGINE=InnoDB DEFAULT CHARSET=utf8mb4 COLLATE=utf8mb4_unicode_ci;

--
-- Dumping data for table `print_settings`
--

INSERT INTO `print_settings` (`id`, `slug`, `title`, `header_left`, `header_center`, `header_right`, `body`, `footer_left`, `footer_center`, `footer_right`, `logo_left`, `logo_right`, `background`, `width`, `height`, `student_photo`, `barcode`, `status`, `created_at`, `updated_at`, `prefix`) VALUES
(1, 'class-routine', 'Our University Class Routine', NULL, NULL, NULL, '<p>There are many variations of passages of Lorem Ipsum available, but the majority have suffered alteration in some form, by injected humour, or randomised words which don\'t look even slightly believable.</p>', NULL, NULL, NULL, 'logo_1664567071.jpg', 'logo_1664567071.jpg', NULL, '1000px', 'auto', 0, 0, 1, '2022-09-30 13:44:31', '2022-09-30 13:44:31', NULL),
(2, 'exam-routine', 'Our University Exam Routine', NULL, NULL, NULL, '<p>There are many variations of passages of Lorem Ipsum available, but the majority have suffered alteration in some form, by injected humour, or randomised words which don\'t look even slightly believable.</p>', NULL, NULL, NULL, 'logo_1664567122.jpg', 'logo_1664567122.jpg', NULL, '800px', 'auto', 0, 0, 1, '2022-09-30 13:45:22', '2022-09-30 13:45:22', NULL),
(3, 'admit-card', 'Final Exam Admit Card', NULL, NULL, NULL, NULL, 'Exam Controller', NULL, 'Issued By', 'logo_1664567252.jpg', NULL, NULL, '600px', 'auto', 1, 0, 1, '2022-09-30 13:47:32', '2022-10-01 04:36:39', NULL),
(4, 'fees-receipt', 'Our University Fees Receipt', NULL, NULL, NULL, NULL, 'Student Signature', NULL, 'Receiver Signature', 'logo_1664567807.jpg', 'logo_1664567807.jpg', NULL, '800px', 'auto', 0, 0, 1, '2022-09-30 13:56:47', '2024-09-30 11:55:07', 'FR-'),
(5, 'pay-slip', 'Our University Salary Pay Slip', NULL, NULL, NULL, NULL, 'Accountant', NULL, 'Receiver', NULL, 'logo_1664568033.jpg', NULL, '800px', 'auto', 0, 0, 1, '2022-09-30 14:00:33', '2024-09-30 11:55:57', 'PS-'),
(6, 'visitor-token', 'Visitor Token', NULL, NULL, NULL, NULL, 'Authority', NULL, 'Issues By', NULL, 'logo_1664617034.jpg', NULL, '600px', 'auto', 0, 1, 1, '2022-10-01 03:37:14', '2024-09-30 11:58:39', 'UV-');

-- --------------------------------------------------------

--
-- Table structure for table `programs`
--

CREATE TABLE `programs` (
  `id` int UNSIGNED NOT NULL,
  `faculty_id` int UNSIGNED NOT NULL,
  `title` varchar(191) CHARACTER SET utf8mb4 COLLATE utf8mb4_unicode_ci NOT NULL,
  `slug` varchar(191) CHARACTER SET utf8mb4 COLLATE utf8mb4_unicode_ci NOT NULL,
  `shortcode` varchar(191) CHARACTER SET utf8mb4 COLLATE utf8mb4_unicode_ci DEFAULT NULL,
  `registration` tinyint(1) NOT NULL DEFAULT '1',
  `status` tinyint(1) NOT NULL DEFAULT '1',
  `created_at` timestamp NULL DEFAULT NULL,
  `updated_at` timestamp NULL DEFAULT NULL
) ENGINE=InnoDB DEFAULT CHARSET=utf8mb4 COLLATE=utf8mb4_unicode_ci;

--
-- Dumping data for table `programs`
--

INSERT INTO `programs` (`id`, `faculty_id`, `title`, `slug`, `shortcode`, `registration`, `status`, `created_at`, `updated_at`) VALUES
(20, 7, 'Science Stream', 'science-stream', 'Science', 0, 1, '2026-02-12 12:20:38', '2026-02-12 12:22:32'),
(21, 7, 'Arts Stream', 'arts-stream', 'Arts', 0, 1, '2026-02-12 12:22:19', '2026-02-12 12:22:19'),
(22, 7, 'Commerce Stream', 'commerce-stream', 'Commerce', 0, 1, '2026-02-12 12:22:57', '2026-02-12 12:22:57'),
(23, 5, 'Bachelor of Arts', 'bachelor-of-arts', 'B.A', 0, 1, '2026-02-12 12:25:48', '2026-02-12 12:25:48'),
(24, 5, 'Bachelor of Fine Arts', 'bachelor-of-fine-arts', 'BFA', 0, 1, '2026-02-12 12:26:07', '2026-02-12 12:26:07'),
(25, 5, 'Bachelor of Performing Arts', 'bachelor-of-performing-arts', 'BPA', 0, 1, '2026-02-12 12:26:27', '2026-02-12 12:26:27'),
(26, 5, 'Bachelor of Journalism & Mass Communication', 'bachelor-of-journalism-mass-communication', 'BJMC', 0, 1, '2026-02-12 12:26:49', '2026-02-12 12:26:49'),
(27, 5, 'Bachelor of Social Work', 'bachelor-of-social-work', 'BSW', 0, 1, '2026-02-12 12:27:12', '2026-02-12 12:27:12'),
(28, 5, 'Bachelor of Science', 'bachelor-of-science', 'B.Sc', 0, 1, '2026-02-12 12:27:31', '2026-02-12 12:27:31'),
(29, 5, 'Information Technology', 'information-technology', 'B.Sc IT', 0, 1, '2026-02-12 12:28:04', '2026-02-12 12:28:04'),
(30, 5, 'B.Sc Computer Science', 'bsc-computer-science', 'B.Sc CSE', 0, 1, '2026-02-12 12:28:57', '2026-02-12 12:28:57'),
(31, 5, 'Bachelor of Computer Applications', 'bachelor-of-computer-applications', 'BCA', 0, 1, '2026-02-12 12:29:18', '2026-02-12 12:29:18'),
(32, 5, 'B.Sc Agriculture', 'bsc-agriculture', 'B.Sc Agri', 0, 1, '2026-02-12 12:29:38', '2026-02-12 12:29:38'),
(33, 5, 'B.Sc Nursing', 'bsc-nursing', 'B.Sc Nurse', 0, 1, '2026-02-12 12:30:21', '2026-02-12 12:30:21'),
(34, 5, 'Bachelor of Commerce', 'bachelor-of-commerce', 'B.Com', 0, 1, '2026-02-12 12:30:45', '2026-02-12 12:30:45'),
(35, 5, 'Bachelor of Business Administration', 'bachelor-of-business-administration', 'BBA', 0, 1, '2026-02-12 12:31:06', '2026-02-12 12:31:06'),
(36, 5, 'Bachelor of Business Management', 'bachelor-of-business-management', 'BBM', 0, 1, '2026-02-12 12:31:27', '2026-02-12 12:31:27'),
(37, 5, 'Bachelor of Management Studies', 'bachelor-of-management-studies', 'BMS', 0, 1, '2026-02-12 12:31:43', '2026-02-12 12:31:43'),
(38, 5, 'Bachelor of Finance & Management', 'bachelor-of-finance-management', 'BFM', 0, 1, '2026-02-12 12:32:05', '2026-02-12 12:32:05'),
(39, 5, 'Bachelor of Technology', 'bachelor-of-technology', 'B-Tech', 0, 1, '2026-02-12 12:32:52', '2026-02-12 12:32:52'),
(40, 5, 'Bachelor of Engineering', 'bachelor-of-engineering', 'B.E', 0, 1, '2026-02-12 12:33:21', '2026-02-12 12:33:21');

-- --------------------------------------------------------

--
-- Table structure for table `program_class_room`
--

CREATE TABLE `program_class_room` (
  `program_id` int UNSIGNED NOT NULL,
  `class_room_id` int UNSIGNED NOT NULL
) ENGINE=InnoDB DEFAULT CHARSET=utf8mb4 COLLATE=utf8mb4_unicode_ci;

-- --------------------------------------------------------

--
-- Table structure for table `program_semester`
--

CREATE TABLE `program_semester` (
  `program_id` int UNSIGNED NOT NULL,
  `semester_id` int UNSIGNED NOT NULL
) ENGINE=InnoDB DEFAULT CHARSET=utf8mb4 COLLATE=utf8mb4_unicode_ci;

--
-- Dumping data for table `program_semester`
--

INSERT INTO `program_semester` (`program_id`, `semester_id`) VALUES
(21, 7),
(32, 7),
(30, 7),
(33, 7),
(23, 7),
(35, 7),
(36, 7),
(34, 7),
(31, 7),
(40, 7),
(38, 7),
(24, 7),
(26, 7),
(37, 7),
(25, 7),
(28, 7),
(27, 7),
(39, 7),
(22, 7),
(29, 7),
(20, 7),
(21, 1),
(32, 1),
(30, 1),
(33, 1),
(23, 1),
(35, 1),
(36, 1),
(34, 1),
(31, 1),
(40, 1),
(38, 1),
(24, 1),
(26, 1),
(37, 1),
(25, 1),
(28, 1),
(27, 1),
(39, 1),
(22, 1),
(29, 1),
(20, 1);

-- --------------------------------------------------------

--
-- Table structure for table `program_semester_sections`
--

CREATE TABLE `program_semester_sections` (
  `id` int UNSIGNED NOT NULL,
  `program_id` int UNSIGNED NOT NULL,
  `semester_id` int UNSIGNED NOT NULL,
  `section_id` int UNSIGNED NOT NULL,
  `created_at` timestamp NULL DEFAULT NULL,
  `updated_at` timestamp NULL DEFAULT NULL
) ENGINE=InnoDB DEFAULT CHARSET=utf8mb4 COLLATE=utf8mb4_unicode_ci;

--
-- Dumping data for table `program_semester_sections`
--

INSERT INTO `program_semester_sections` (`id`, `program_id`, `semester_id`, `section_id`, `created_at`, `updated_at`) VALUES
(298, 21, 1, 7, '2026-02-12 13:29:37', '2026-02-12 13:29:37'),
(299, 21, 7, 7, '2026-02-12 13:29:37', '2026-02-12 13:29:37'),
(300, 32, 1, 7, '2026-02-12 13:29:37', '2026-02-12 13:29:37'),
(301, 32, 7, 7, '2026-02-12 13:29:37', '2026-02-12 13:29:37'),
(302, 30, 1, 7, '2026-02-12 13:29:37', '2026-02-12 13:29:37'),
(303, 30, 7, 7, '2026-02-12 13:29:37', '2026-02-12 13:29:37'),
(304, 33, 1, 7, '2026-02-12 13:29:37', '2026-02-12 13:29:37'),
(305, 33, 7, 7, '2026-02-12 13:29:37', '2026-02-12 13:29:37'),
(306, 23, 1, 7, '2026-02-12 13:29:37', '2026-02-12 13:29:37'),
(307, 23, 7, 7, '2026-02-12 13:29:37', '2026-02-12 13:29:37'),
(308, 35, 1, 7, '2026-02-12 13:29:37', '2026-02-12 13:29:37'),
(309, 35, 7, 7, '2026-02-12 13:29:37', '2026-02-12 13:29:37'),
(310, 36, 1, 7, '2026-02-12 13:29:37', '2026-02-12 13:29:37'),
(311, 36, 7, 7, '2026-02-12 13:29:37', '2026-02-12 13:29:37'),
(312, 34, 1, 7, '2026-02-12 13:29:37', '2026-02-12 13:29:37'),
(313, 34, 7, 7, '2026-02-12 13:29:37', '2026-02-12 13:29:37'),
(314, 31, 1, 7, '2026-02-12 13:29:37', '2026-02-12 13:29:37'),
(315, 31, 7, 7, '2026-02-12 13:29:37', '2026-02-12 13:29:37'),
(316, 40, 1, 7, '2026-02-12 13:29:37', '2026-02-12 13:29:37'),
(317, 40, 7, 7, '2026-02-12 13:29:37', '2026-02-12 13:29:37'),
(318, 38, 1, 7, '2026-02-12 13:29:37', '2026-02-12 13:29:37'),
(319, 38, 7, 7, '2026-02-12 13:29:37', '2026-02-12 13:29:37'),
(320, 24, 1, 7, '2026-02-12 13:29:37', '2026-02-12 13:29:37'),
(321, 24, 7, 7, '2026-02-12 13:29:37', '2026-02-12 13:29:37'),
(322, 26, 1, 7, '2026-02-12 13:29:37', '2026-02-12 13:29:37'),
(323, 26, 7, 7, '2026-02-12 13:29:37', '2026-02-12 13:29:37'),
(324, 37, 1, 7, '2026-02-12 13:29:37', '2026-02-12 13:29:37'),
(325, 37, 7, 7, '2026-02-12 13:29:37', '2026-02-12 13:29:37'),
(326, 25, 1, 7, '2026-02-12 13:29:37', '2026-02-12 13:29:37'),
(327, 25, 7, 7, '2026-02-12 13:29:37', '2026-02-12 13:29:37'),
(328, 28, 1, 7, '2026-02-12 13:29:37', '2026-02-12 13:29:37'),
(329, 28, 7, 7, '2026-02-12 13:29:37', '2026-02-12 13:29:37'),
(330, 27, 1, 7, '2026-02-12 13:29:37', '2026-02-12 13:29:37'),
(331, 27, 7, 7, '2026-02-12 13:29:37', '2026-02-12 13:29:37'),
(332, 39, 1, 7, '2026-02-12 13:29:37', '2026-02-12 13:29:37'),
(333, 39, 7, 7, '2026-02-12 13:29:37', '2026-02-12 13:29:37'),
(334, 22, 1, 7, '2026-02-12 13:29:37', '2026-02-12 13:29:37'),
(335, 22, 7, 7, '2026-02-12 13:29:37', '2026-02-12 13:29:37'),
(336, 29, 1, 7, '2026-02-12 13:29:37', '2026-02-12 13:29:37'),
(337, 29, 7, 7, '2026-02-12 13:29:37', '2026-02-12 13:29:37'),
(338, 20, 1, 7, '2026-02-12 13:29:37', '2026-02-12 13:29:37'),
(339, 20, 7, 7, '2026-02-12 13:29:37', '2026-02-12 13:29:37');

-- --------------------------------------------------------

--
-- Table structure for table `program_session`
--

CREATE TABLE `program_session` (
  `program_id` int UNSIGNED NOT NULL,
  `session_id` int UNSIGNED NOT NULL
) ENGINE=InnoDB DEFAULT CHARSET=utf8mb4 COLLATE=utf8mb4_unicode_ci;

--
-- Dumping data for table `program_session`
--

INSERT INTO `program_session` (`program_id`, `session_id`) VALUES
(21, 5),
(32, 5),
(30, 5),
(33, 5),
(23, 5),
(35, 5),
(36, 5),
(34, 5),
(31, 5),
(40, 5),
(38, 5),
(24, 5),
(26, 5),
(37, 5),
(25, 5);

-- --------------------------------------------------------

--
-- Table structure for table `program_subject`
--

CREATE TABLE `program_subject` (
  `program_id` int UNSIGNED NOT NULL,
  `subject_id` bigint UNSIGNED NOT NULL
) ENGINE=InnoDB DEFAULT CHARSET=utf8mb4 COLLATE=utf8mb4_unicode_ci;

--
-- Dumping data for table `program_subject`
--

INSERT INTO `program_subject` (`program_id`, `subject_id`) VALUES
(20, 12),
(20, 14),
(21, 17),
(22, 17),
(20, 17),
(32, 17),
(30, 17),
(33, 17),
(23, 17),
(35, 17),
(36, 17),
(23, 8);

-- --------------------------------------------------------

--
-- Table structure for table `provinces`
--

CREATE TABLE `provinces` (
  `id` int UNSIGNED NOT NULL,
  `title` varchar(191) CHARACTER SET utf8mb4 COLLATE utf8mb4_unicode_ci NOT NULL,
  `slug` varchar(191) CHARACTER SET utf8mb4 COLLATE utf8mb4_unicode_ci NOT NULL,
  `description` text CHARACTER SET utf8mb4 COLLATE utf8mb4_unicode_ci,
  `status` tinyint(1) NOT NULL DEFAULT '1',
  `created_at` timestamp NULL DEFAULT NULL,
  `updated_at` timestamp NULL DEFAULT NULL
) ENGINE=InnoDB DEFAULT CHARSET=utf8mb4 COLLATE=utf8mb4_unicode_ci;

--
-- Dumping data for table `provinces`
--

INSERT INTO `provinces` (`id`, `title`, `slug`, `description`, `status`, `created_at`, `updated_at`) VALUES
(1, 'Andhra Pradesh', 'andhra-pradesh', NULL, 1, '2025-04-24 10:02:13', '2025-04-24 10:02:13'),
(2, 'Arunachal Pradesh', 'arunachal-pradesh', NULL, 1, '2025-04-24 10:02:13', '2025-04-24 10:02:13'),
(3, 'Assam', 'assam', NULL, 1, '2025-04-24 10:02:13', '2025-04-24 10:02:13'),
(4, 'Bihar', 'bihar', NULL, 1, '2025-04-24 10:02:13', '2025-04-24 10:02:13'),
(5, 'Chhattisgarh', 'chhattisgarh', NULL, 1, '2025-04-24 10:02:13', '2025-04-24 10:02:13'),
(6, 'Goa', 'goa', NULL, 1, '2025-04-24 10:02:13', '2025-04-24 10:02:13'),
(7, 'Gujarat', 'gujarat', NULL, 1, '2025-04-24 10:02:13', '2025-04-24 10:02:13'),
(8, 'Haryana', 'haryana', NULL, 1, '2025-04-24 10:02:13', '2025-04-24 10:02:13'),
(9, 'Himachal Pradesh', 'himachal-pradesh', NULL, 1, '2025-04-24 10:02:13', '2025-04-24 10:02:13'),
(10, 'Jharkhand', 'jharkhand', NULL, 1, '2025-04-24 10:02:13', '2025-04-24 10:02:13'),
(11, 'Karnataka', 'karnataka', NULL, 1, '2025-04-24 10:02:13', '2025-04-24 10:02:13'),
(12, 'Kerala', 'kerala', NULL, 1, '2025-04-24 10:02:13', '2025-04-24 10:02:13'),
(13, 'Madhya Pradesh', 'madhya-pradesh', NULL, 1, '2025-04-24 10:02:13', '2025-04-24 10:02:13'),
(14, 'Maharashtra', 'maharashtra', NULL, 1, '2025-04-24 10:02:13', '2025-04-24 10:02:13'),
(15, 'Manipur', 'manipur', NULL, 1, '2025-04-24 10:02:13', '2025-04-24 10:02:13'),
(16, 'Meghalaya', 'meghalaya', NULL, 1, '2025-04-24 10:02:13', '2025-04-24 10:02:13'),
(17, 'Mizoram', 'mizoram', NULL, 1, '2025-04-24 10:02:13', '2025-04-24 10:02:13'),
(18, 'Nagaland', 'nagaland', NULL, 1, '2025-04-24 10:02:13', '2025-04-24 10:02:13'),
(19, 'Odisha', 'odisha', NULL, 1, '2025-04-24 10:02:13', '2025-04-24 10:02:13'),
(20, 'Punjab', 'punjab', NULL, 1, '2025-04-24 10:02:13', '2025-04-24 10:02:13'),
(21, 'Rajasthan', 'rajasthan', NULL, 1, '2025-04-24 10:02:13', '2025-04-24 10:02:13'),
(22, 'Sikkim', 'sikkim', NULL, 1, '2025-04-24 10:02:13', '2025-04-24 10:02:13'),
(23, 'Tamil Nadu', 'tamil-nadu', NULL, 1, '2025-04-24 10:02:13', '2025-04-24 10:02:13'),
(24, 'Telangana', 'telangana', NULL, 1, '2025-04-24 10:02:13', '2025-04-24 10:02:13'),
(25, 'Tripura', 'tripura', NULL, 1, '2025-04-24 10:02:13', '2025-04-24 10:02:13'),
(26, 'Uttar Pradesh', 'uttar-pradesh', NULL, 1, '2025-04-24 10:02:13', '2025-04-24 10:02:13'),
(27, 'Uttarakhand', 'uttarakhand', NULL, 1, '2025-04-24 10:02:13', '2025-04-24 10:02:13'),
(28, 'West Bengal', 'west-bengal', NULL, 1, '2025-04-24 10:02:13', '2025-04-24 10:02:13'),
(29, 'Andaman and Nicobar Islands', 'andaman-nicobar', NULL, 1, '2025-04-24 10:02:13', '2025-04-24 10:02:13'),
(30, 'Chandigarh', 'chandigarh', NULL, 1, '2025-04-24 10:02:13', '2025-04-24 10:02:13'),
(31, 'Dadra and Nagar Haveli and Daman and Diu', 'dadra-nagar-haveli-daman-diu', NULL, 1, '2025-04-24 10:02:13', '2025-04-24 10:02:13'),
(32, 'Delhi', 'delhi', NULL, 1, '2025-04-24 10:02:13', '2025-04-24 10:02:13'),
(33, 'Jammu and Kashmir', 'jammu-kashmir', NULL, 1, '2025-04-24 10:02:13', '2025-04-24 10:02:13'),
(34, 'Ladakh', 'ladakh', NULL, 1, '2025-04-24 10:02:13', '2025-04-24 10:02:13'),
(35, 'Lakshadweep', 'lakshadweep', NULL, 1, '2025-04-24 10:02:13', '2025-04-24 10:02:13'),
(36, 'Puducherry', 'puducherry', NULL, 1, '2025-04-24 10:02:13', '2025-04-24 10:02:13');

-- --------------------------------------------------------

--
-- Table structure for table `qif_records`
--

CREATE TABLE `qif_records` (
  `id` bigint UNSIGNED NOT NULL,
  `university_id` bigint UNSIGNED DEFAULT NULL,
  `criterion_key` varchar(191) COLLATE utf8mb4_unicode_ci NOT NULL,
  `college_name` varchar(191) COLLATE utf8mb4_unicode_ci DEFAULT NULL,
  `title` varchar(191) COLLATE utf8mb4_unicode_ci NOT NULL,
  `summary` text COLLATE utf8mb4_unicode_ci,
  `submitted_by` varchar(191) COLLATE utf8mb4_unicode_ci DEFAULT NULL,
  `data` longtext COLLATE utf8mb4_unicode_ci,
  `created_at` timestamp NULL DEFAULT NULL,
  `updated_at` timestamp NULL DEFAULT NULL
) ENGINE=InnoDB DEFAULT CHARSET=utf8mb4 COLLATE=utf8mb4_unicode_ci;

--
-- Dumping data for table `qif_records`
--

INSERT INTO `qif_records` (`id`, `university_id`, `criterion_key`, `college_name`, `title`, `summary`, `submitted_by`, `data`, `created_at`, `updated_at`) VALUES
(1, 3, 'criterion2', 'AIET', 'Criterion 2 - Teaching-learning and Evaluation Sample Entry', 'Sample data inserted for AIET under Criterion 2 - Teaching-learning and Evaluation.', 'system-seeder', '{\"narrative\":\"This is sample college-wise QIF data for Criterion 2 - Teaching-learning and Evaluation.\",\"evidence_notes\":\"Supporting documents and narrative can be updated from the edit screen.\"}', '2026-04-13 04:49:40', '2026-04-13 04:49:40'),
(2, 3, 'criterion3', 'AIET', 'Criterion 3 - Research, Innovations and Extension Sample Entry', 'Sample data inserted for AIET under Criterion 3 - Research, Innovations and Extension.', 'system-seeder', '{\"narrative\":\"This is sample college-wise QIF data for Criterion 3 - Research, Innovations and Extension.\",\"evidence_notes\":\"Supporting documents and narrative can be updated from the edit screen.\"}', '2026-04-13 04:49:40', '2026-04-13 04:49:40'),
(3, 3, 'criterion5', 'AIET', 'Criterion 5 - Student Support and Progression Sample Entry', 'Sample data inserted for AIET under Criterion 5 - Student Support and Progression.', 'system-seeder', '{\"narrative\":\"This is sample college-wise QIF data for Criterion 5 - Student Support and Progression.\",\"evidence_notes\":\"Supporting documents and narrative can be updated from the edit screen.\"}', '2026-04-13 04:49:40', '2026-04-13 04:49:40'),
(4, 3, 'criterion6', 'AIET', 'Criterion 6 - Governance, Leadership and Management Sample Entry', 'Sample data inserted for AIET under Criterion 6 - Governance, Leadership and Management.', 'system-seeder', '{\"narrative\":\"This is sample college-wise QIF data for Criterion 6 - Governance, Leadership and Management.\",\"evidence_notes\":\"Supporting documents and narrative can be updated from the edit screen.\"}', '2026-04-13 04:49:40', '2026-04-13 04:49:40'),
(5, 3, 'criterion7', 'AIET', 'Criterion 7 - Institutional Values and Best Practices Sample Entry', 'Sample data inserted for AIET under Criterion 7 - Institutional Values and Best Practices.', 'system-seeder', '{\"narrative\":\"This is sample college-wise QIF data for Criterion 7 - Institutional Values and Best Practices.\",\"evidence_notes\":\"Supporting documents and narrative can be updated from the edit screen.\"}', '2026-04-13 04:49:40', '2026-04-13 04:49:40'),
(6, 4, 'criterion2', 'NIT', 'Criterion 2 - Teaching-learning and Evaluation Sample Entry', 'Sample data inserted for NIT under Criterion 2 - Teaching-learning and Evaluation.', 'system-seeder', '{\"narrative\":\"This is sample college-wise QIF data for Criterion 2 - Teaching-learning and Evaluation.\",\"evidence_notes\":\"Supporting documents and narrative can be updated from the edit screen.\"}', '2026-04-13 04:49:40', '2026-04-13 04:49:40'),
(7, 4, 'criterion3', 'NIT', 'Criterion 3 - Research, Innovations and Extension Sample Entry', 'Sample data inserted for NIT under Criterion 3 - Research, Innovations and Extension.', 'system-seeder', '{\"narrative\":\"This is sample college-wise QIF data for Criterion 3 - Research, Innovations and Extension.\",\"evidence_notes\":\"Supporting documents and narrative can be updated from the edit screen.\"}', '2026-04-13 04:49:40', '2026-04-13 04:49:40'),
(8, 4, 'criterion5', 'NIT', 'Criterion 5 - Student Support and Progression Sample Entry', 'Sample data inserted for NIT under Criterion 5 - Student Support and Progression.', 'system-seeder', '{\"narrative\":\"This is sample college-wise QIF data for Criterion 5 - Student Support and Progression.\",\"evidence_notes\":\"Supporting documents and narrative can be updated from the edit screen.\"}', '2026-04-13 04:49:40', '2026-04-13 04:49:40'),
(9, 4, 'criterion6', 'NIT', 'Criterion 6 - Governance, Leadership and Management Sample Entry', 'Sample data inserted for NIT under Criterion 6 - Governance, Leadership and Management.', 'system-seeder', '{\"narrative\":\"This is sample college-wise QIF data for Criterion 6 - Governance, Leadership and Management.\",\"evidence_notes\":\"Supporting documents and narrative can be updated from the edit screen.\"}', '2026-04-13 04:49:40', '2026-04-13 04:49:40'),
(10, 4, 'criterion7', 'NIT', 'Criterion 7 - Institutional Values and Best Practices Sample Entry', 'Sample data inserted for NIT under Criterion 7 - Institutional Values and Best Practices.', 'system-seeder', '{\"narrative\":\"This is sample college-wise QIF data for Criterion 7 - Institutional Values and Best Practices.\",\"evidence_notes\":\"Supporting documents and narrative can be updated from the edit screen.\"}', '2026-04-13 04:49:40', '2026-04-13 04:49:40'),
(11, 5, 'criterion2', 'GIET', 'Criterion 2 - Teaching-learning and Evaluation Sample Entry', 'Sample data inserted for GIET under Criterion 2 - Teaching-learning and Evaluation.', 'system-seeder', '{\"narrative\":\"This is sample college-wise QIF data for Criterion 2 - Teaching-learning and Evaluation.\",\"evidence_notes\":\"Supporting documents and narrative can be updated from the edit screen.\"}', '2026-04-13 04:49:40', '2026-04-13 04:49:40'),
(12, 5, 'criterion3', 'GIET', 'Criterion 3 - Research, Innovations and Extension Sample Entry', 'Sample data inserted for GIET under Criterion 3 - Research, Innovations and Extension.', 'system-seeder', '{\"narrative\":\"This is sample college-wise QIF data for Criterion 3 - Research, Innovations and Extension.\",\"evidence_notes\":\"Supporting documents and narrative can be updated from the edit screen.\"}', '2026-04-13 04:49:40', '2026-04-13 04:49:40'),
(13, 5, 'criterion5', 'GIET', 'Criterion 5 - Student Support and Progression Sample Entry', 'Sample data inserted for GIET under Criterion 5 - Student Support and Progression.', 'system-seeder', '{\"narrative\":\"This is sample college-wise QIF data for Criterion 5 - Student Support and Progression.\",\"evidence_notes\":\"Supporting documents and narrative can be updated from the edit screen.\"}', '2026-04-13 04:49:40', '2026-04-13 04:49:40'),
(14, 5, 'criterion6', 'GIET', 'Criterion 6 - Governance, Leadership and Management Sample Entry', 'Sample data inserted for GIET under Criterion 6 - Governance, Leadership and Management.', 'system-seeder', '{\"narrative\":\"This is sample college-wise QIF data for Criterion 6 - Governance, Leadership and Management.\",\"evidence_notes\":\"Supporting documents and narrative can be updated from the edit screen.\"}', '2026-04-13 04:49:40', '2026-04-13 04:49:40'),
(15, 5, 'criterion7', 'GIET', 'Criterion 7 - Institutional Values and Best Practices Sample Entry', 'Sample data inserted for GIET under Criterion 7 - Institutional Values and Best Practices.', 'system-seeder', '{\"narrative\":\"This is sample college-wise QIF data for Criterion 7 - Institutional Values and Best Practices.\",\"evidence_notes\":\"Supporting documents and narrative can be updated from the edit screen.\"}', '2026-04-13 04:49:40', '2026-04-13 04:49:40'),
(16, 6, 'criterion2', 'KIIT', 'Criterion 2 - Teaching-learning and Evaluation Sample Entry', 'Sample data inserted for KIIT under Criterion 2 - Teaching-learning and Evaluation.', 'system-seeder', '{\"narrative\":\"This is sample college-wise QIF data for Criterion 2 - Teaching-learning and Evaluation.\",\"evidence_notes\":\"Supporting documents and narrative can be updated from the edit screen.\"}', '2026-04-13 04:49:40', '2026-04-13 04:49:40'),
(17, 6, 'criterion3', 'KIIT', 'Criterion 3 - Research, Innovations and Extension Sample Entry', 'Sample data inserted for KIIT under Criterion 3 - Research, Innovations and Extension.', 'system-seeder', '{\"narrative\":\"This is sample college-wise QIF data for Criterion 3 - Research, Innovations and Extension.\",\"evidence_notes\":\"Supporting documents and narrative can be updated from the edit screen.\"}', '2026-04-13 04:49:40', '2026-04-13 04:49:40'),
(18, 6, 'criterion5', 'KIIT', 'Criterion 5 - Student Support and Progression Sample Entry', 'Sample data inserted for KIIT under Criterion 5 - Student Support and Progression.', 'system-seeder', '{\"narrative\":\"This is sample college-wise QIF data for Criterion 5 - Student Support and Progression.\",\"evidence_notes\":\"Supporting documents and narrative can be updated from the edit screen.\"}', '2026-04-13 04:49:40', '2026-04-13 04:49:40'),
(19, 6, 'criterion6', 'KIIT', 'Criterion 6 - Governance, Leadership and Management Sample Entry', 'Sample data inserted for KIIT under Criterion 6 - Governance, Leadership and Management.', 'system-seeder', '{\"narrative\":\"This is sample college-wise QIF data for Criterion 6 - Governance, Leadership and Management.\",\"evidence_notes\":\"Supporting documents and narrative can be updated from the edit screen.\"}', '2026-04-13 04:49:40', '2026-04-13 04:49:40'),
(20, 6, 'criterion7', 'KIIT', 'Criterion 7 - Institutional Values and Best Practices Sample Entry', 'Sample data inserted for KIIT under Criterion 7 - Institutional Values and Best Practices.', 'system-seeder', '{\"narrative\":\"This is sample college-wise QIF data for Criterion 7 - Institutional Values and Best Practices.\",\"evidence_notes\":\"Supporting documents and narrative can be updated from the edit screen.\"}', '2026-04-13 04:49:40', '2026-04-13 04:49:40'),
(21, 7, 'criterion2', 'BANKI AUTONOMOUS COLLEGE', 'Criterion 2 - Teaching-learning and Evaluation Sample Entry', 'Sample data inserted for BANKI AUTONOMOUS COLLEGE under Criterion 2 - Teaching-learning and Evaluation.', 'system-seeder', '{\"narrative\":\"This is sample college-wise QIF data for Criterion 2 - Teaching-learning and Evaluation.\",\"evidence_notes\":\"Supporting documents and narrative can be updated from the edit screen.\"}', '2026-04-13 04:49:40', '2026-04-13 04:49:40'),
(22, 7, 'criterion3', 'BANKI AUTONOMOUS COLLEGE', 'Criterion 3 - Research, Innovations and Extension Sample Entry', 'Sample data inserted for BANKI AUTONOMOUS COLLEGE under Criterion 3 - Research, Innovations and Extension.', 'system-seeder', '{\"narrative\":\"This is sample college-wise QIF data for Criterion 3 - Research, Innovations and Extension.\",\"evidence_notes\":\"Supporting documents and narrative can be updated from the edit screen.\"}', '2026-04-13 04:49:40', '2026-04-13 04:49:40'),
(23, 7, 'criterion5', 'BANKI AUTONOMOUS COLLEGE', 'Criterion 5 - Student Support and Progression Sample Entry', 'Sample data inserted for BANKI AUTONOMOUS COLLEGE under Criterion 5 - Student Support and Progression.', 'system-seeder', '{\"narrative\":\"This is sample college-wise QIF data for Criterion 5 - Student Support and Progression.\",\"evidence_notes\":\"Supporting documents and narrative can be updated from the edit screen.\"}', '2026-04-13 04:49:40', '2026-04-13 04:49:40'),
(24, 7, 'criterion6', 'BANKI AUTONOMOUS COLLEGE', 'Criterion 6 - Governance, Leadership and Management Sample Entry', 'Sample data inserted for BANKI AUTONOMOUS COLLEGE under Criterion 6 - Governance, Leadership and Management.', 'system-seeder', '{\"narrative\":\"This is sample college-wise QIF data for Criterion 6 - Governance, Leadership and Management.\",\"evidence_notes\":\"Supporting documents and narrative can be updated from the edit screen.\"}', '2026-04-13 04:49:40', '2026-04-13 04:49:40'),
(25, 7, 'criterion7', 'BANKI AUTONOMOUS COLLEGE', 'Criterion 7 - Institutional Values and Best Practices Sample Entry', 'Sample data inserted for BANKI AUTONOMOUS COLLEGE under Criterion 7 - Institutional Values and Best Practices.', 'system-seeder', '{\"narrative\":\"This is sample college-wise QIF data for Criterion 7 - Institutional Values and Best Practices.\",\"evidence_notes\":\"Supporting documents and narrative can be updated from the edit screen.\"}', '2026-04-13 04:49:40', '2026-04-13 04:49:40'),
(26, 8, 'criterion2', 'Dhenkanal Autonomous College', 'Criterion 2 - Teaching-learning and Evaluation Sample Entry', 'Sample data inserted for Dhenkanal Autonomous College under Criterion 2 - Teaching-learning and Evaluation.', 'system-seeder', '{\"narrative\":\"This is sample college-wise QIF data for Criterion 2 - Teaching-learning and Evaluation.\",\"evidence_notes\":\"Supporting documents and narrative can be updated from the edit screen.\"}', '2026-04-13 04:49:40', '2026-04-13 04:49:40'),
(27, 8, 'criterion3', 'Dhenkanal Autonomous College', 'Criterion 3 - Research, Innovations and Extension Sample Entry', 'Sample data inserted for Dhenkanal Autonomous College under Criterion 3 - Research, Innovations and Extension.', 'system-seeder', '{\"narrative\":\"This is sample college-wise QIF data for Criterion 3 - Research, Innovations and Extension.\",\"evidence_notes\":\"Supporting documents and narrative can be updated from the edit screen.\"}', '2026-04-13 04:49:40', '2026-04-13 04:49:40'),
(28, 8, 'criterion5', 'Dhenkanal Autonomous College', 'Criterion 5 - Student Support and Progression Sample Entry', 'Sample data inserted for Dhenkanal Autonomous College under Criterion 5 - Student Support and Progression.', 'system-seeder', '{\"narrative\":\"This is sample college-wise QIF data for Criterion 5 - Student Support and Progression.\",\"evidence_notes\":\"Supporting documents and narrative can be updated from the edit screen.\"}', '2026-04-13 04:49:40', '2026-04-13 04:49:40'),
(29, 8, 'criterion6', 'Dhenkanal Autonomous College', 'Criterion 6 - Governance, Leadership and Management Sample Entry', 'Sample data inserted for Dhenkanal Autonomous College under Criterion 6 - Governance, Leadership and Management.', 'system-seeder', '{\"narrative\":\"This is sample college-wise QIF data for Criterion 6 - Governance, Leadership and Management.\",\"evidence_notes\":\"Supporting documents and narrative can be updated from the edit screen.\"}', '2026-04-13 04:49:40', '2026-04-13 04:49:40'),
(30, 8, 'criterion7', 'Dhenkanal Autonomous College', 'Criterion 7 - Institutional Values and Best Practices Sample Entry', 'Sample data inserted for Dhenkanal Autonomous College under Criterion 7 - Institutional Values and Best Practices.', 'system-seeder', '{\"narrative\":\"This is sample college-wise QIF data for Criterion 7 - Institutional Values and Best Practices.\",\"evidence_notes\":\"Supporting documents and narrative can be updated from the edit screen.\"}', '2026-04-13 04:49:40', '2026-04-13 04:49:40'),
(31, 9, 'criterion2', 'Salipur Autonomous College', 'Criterion 2 - Teaching-learning and Evaluation Sample Entry', 'Sample data inserted for Salipur Autonomous College under Criterion 2 - Teaching-learning and Evaluation.', 'system-seeder', '{\"narrative\":\"This is sample college-wise QIF data for Criterion 2 - Teaching-learning and Evaluation.\",\"evidence_notes\":\"Supporting documents and narrative can be updated from the edit screen.\"}', '2026-04-13 04:49:40', '2026-04-13 04:49:40'),
(32, 9, 'criterion3', 'Salipur Autonomous College', 'Criterion 3 - Research, Innovations and Extension Sample Entry', 'Sample data inserted for Salipur Autonomous College under Criterion 3 - Research, Innovations and Extension.', 'system-seeder', '{\"narrative\":\"This is sample college-wise QIF data for Criterion 3 - Research, Innovations and Extension.\",\"evidence_notes\":\"Supporting documents and narrative can be updated from the edit screen.\"}', '2026-04-13 04:49:40', '2026-04-13 04:49:40'),
(33, 9, 'criterion5', 'Salipur Autonomous College', 'Criterion 5 - Student Support and Progression Sample Entry', 'Sample data inserted for Salipur Autonomous College under Criterion 5 - Student Support and Progression.', 'system-seeder', '{\"narrative\":\"This is sample college-wise QIF data for Criterion 5 - Student Support and Progression.\",\"evidence_notes\":\"Supporting documents and narrative can be updated from the edit screen.\"}', '2026-04-13 04:49:40', '2026-04-13 04:49:40'),
(34, 9, 'criterion6', 'Salipur Autonomous College', 'Criterion 6 - Governance, Leadership and Management Sample Entry', 'Sample data inserted for Salipur Autonomous College under Criterion 6 - Governance, Leadership and Management.', 'system-seeder', '{\"narrative\":\"This is sample college-wise QIF data for Criterion 6 - Governance, Leadership and Management.\",\"evidence_notes\":\"Supporting documents and narrative can be updated from the edit screen.\"}', '2026-04-13 04:49:40', '2026-04-13 04:49:40'),
(35, 9, 'criterion7', 'Salipur Autonomous College', 'Criterion 7 - Institutional Values and Best Practices Sample Entry', 'Sample data inserted for Salipur Autonomous College under Criterion 7 - Institutional Values and Best Practices.', 'system-seeder', '{\"narrative\":\"This is sample college-wise QIF data for Criterion 7 - Institutional Values and Best Practices.\",\"evidence_notes\":\"Supporting documents and narrative can be updated from the edit screen.\"}', '2026-04-13 04:49:40', '2026-04-13 04:49:40'),
(36, 3, 'criterion4', 'AIET', 'Criterion 4 - Infrastructure and Learning Resources Sample Entry', 'Sample data inserted for AIET under Criterion 4 - Infrastructure and Learning Resources.', 'system-seeder', '{\"narrative\":\"This is sample college-wise QIF data for Criterion 4 - Infrastructure and Learning Resources.\",\"evidence_notes\":\"Supporting documents and narrative can be updated from the edit screen.\"}', '2026-04-13 04:58:41', '2026-04-13 04:58:41'),
(37, 4, 'criterion4', 'NIT', 'Criterion 4 - Infrastructure and Learning Resources Sample Entry', 'Sample data inserted for NIT under Criterion 4 - Infrastructure and Learning Resources.', 'system-seeder', '{\"narrative\":\"This is sample college-wise QIF data for Criterion 4 - Infrastructure and Learning Resources.\",\"evidence_notes\":\"Supporting documents and narrative can be updated from the edit screen.\"}', '2026-04-13 04:58:41', '2026-04-13 04:58:41'),
(38, 5, 'criterion4', 'GIET', 'Criterion 4 - Infrastructure and Learning Resources Sample Entry', 'Sample data inserted for GIET under Criterion 4 - Infrastructure and Learning Resources.', 'system-seeder', '{\"narrative\":\"This is sample college-wise QIF data for Criterion 4 - Infrastructure and Learning Resources.\",\"evidence_notes\":\"Supporting documents and narrative can be updated from the edit screen.\"}', '2026-04-13 04:58:41', '2026-04-13 04:58:41'),
(39, 6, 'criterion4', 'KIIT', 'Criterion 4 - Infrastructure and Learning Resources Sample Entry', 'Sample data inserted for KIIT under Criterion 4 - Infrastructure and Learning Resources.', 'system-seeder', '{\"narrative\":\"This is sample college-wise QIF data for Criterion 4 - Infrastructure and Learning Resources.\",\"evidence_notes\":\"Supporting documents and narrative can be updated from the edit screen.\"}', '2026-04-13 04:58:41', '2026-04-13 04:58:41'),
(40, 7, 'criterion4', 'BANKI AUTONOMOUS COLLEGE', 'Criterion 4 - Infrastructure and Learning Resources Sample Entry', 'Sample data inserted for BANKI AUTONOMOUS COLLEGE under Criterion 4 - Infrastructure and Learning Resources.', 'system-seeder', '{\"narrative\":\"This is sample college-wise QIF data for Criterion 4 - Infrastructure and Learning Resources.\",\"evidence_notes\":\"Supporting documents and narrative can be updated from the edit screen.\"}', '2026-04-13 04:58:41', '2026-04-13 04:58:41'),
(41, 8, 'criterion4', 'Dhenkanal Autonomous College', 'Criterion 4 - Infrastructure and Learning Resources Sample Entry', 'Sample data inserted for Dhenkanal Autonomous College under Criterion 4 - Infrastructure and Learning Resources.', 'system-seeder', '{\"narrative\":\"This is sample college-wise QIF data for Criterion 4 - Infrastructure and Learning Resources.\",\"evidence_notes\":\"Supporting documents and narrative can be updated from the edit screen.\"}', '2026-04-13 04:58:41', '2026-04-13 04:58:41'),
(42, 9, 'criterion4', 'Salipur Autonomous College', 'Criterion 4 - Infrastructure and Learning Resources Sample Entry', 'Sample data inserted for Salipur Autonomous College under Criterion 4 - Infrastructure and Learning Resources.', 'system-seeder', '{\"narrative\":\"This is sample college-wise QIF data for Criterion 4 - Infrastructure and Learning Resources.\",\"evidence_notes\":\"Supporting documents and narrative can be updated from the edit screen.\"}', '2026-04-13 04:58:41', '2026-04-13 04:58:41');

-- --------------------------------------------------------

--
-- Table structure for table `result_contributions`
--

CREATE TABLE `result_contributions` (
  `id` bigint UNSIGNED NOT NULL,
  `attendances` decimal(5,2) NOT NULL DEFAULT '0.00',
  `assignments` decimal(5,2) NOT NULL DEFAULT '0.00',
  `activities` decimal(5,2) NOT NULL DEFAULT '0.00',
  `status` tinyint(1) NOT NULL DEFAULT '1',
  `created_at` timestamp NULL DEFAULT NULL,
  `updated_at` timestamp NULL DEFAULT NULL
) ENGINE=InnoDB DEFAULT CHARSET=utf8mb4 COLLATE=utf8mb4_unicode_ci;

--
-- Dumping data for table `result_contributions`
--

INSERT INTO `result_contributions` (`id`, `attendances`, `assignments`, `activities`, `status`, `created_at`, `updated_at`) VALUES
(1, 10.00, 10.00, 10.00, 1, NULL, '2024-09-30 12:37:21');

-- --------------------------------------------------------

--
-- Table structure for table `roles`
--

CREATE TABLE `roles` (
  `id` bigint UNSIGNED NOT NULL,
  `name` varchar(191) CHARACTER SET utf8mb4 COLLATE utf8mb4_unicode_ci NOT NULL,
  `slug` varchar(191) CHARACTER SET utf8mb4 COLLATE utf8mb4_unicode_ci NOT NULL,
  `guard_name` varchar(191) CHARACTER SET utf8mb4 COLLATE utf8mb4_unicode_ci NOT NULL DEFAULT 'web',
  `created_at` timestamp NULL DEFAULT NULL,
  `updated_at` timestamp NULL DEFAULT NULL
) ENGINE=InnoDB DEFAULT CHARSET=utf8mb4 COLLATE=utf8mb4_unicode_ci;

--
-- Dumping data for table `roles`
--

INSERT INTO `roles` (`id`, `name`, `slug`, `guard_name`, `created_at`, `updated_at`) VALUES
(1, 'Super Admin', 'super-admin', 'web', '2022-09-30 12:00:46', '2022-09-30 12:00:46'),
(2, 'Admin', 'admin', 'web', NULL, NULL),
(3, 'Accountant', 'accountant', 'web', NULL, NULL),
(4, 'Librarian', 'librarian', 'web', NULL, NULL),
(5, 'Receptionist', 'receptionist', 'web', NULL, NULL),
(6, 'Teacher', 'teacher', 'web', NULL, NULL),
(7, 'Office Staff', 'office-staff', 'web', NULL, NULL);

-- --------------------------------------------------------

--
-- Table structure for table `role_has_permissions`
--

CREATE TABLE `role_has_permissions` (
  `permission_id` bigint UNSIGNED NOT NULL,
  `role_id` bigint UNSIGNED NOT NULL
) ENGINE=InnoDB DEFAULT CHARSET=utf8mb4 COLLATE=utf8mb4_unicode_ci;

--
-- Dumping data for table `role_has_permissions`
--

INSERT INTO `role_has_permissions` (`permission_id`, `role_id`) VALUES
(1506, 1),
(1507, 1),
(1508, 1),
(1509, 1),
(1510, 1),
(1511, 1),
(1512, 1),
(1513, 1),
(1514, 1),
(1515, 1),
(1516, 1),
(1517, 1),
(1518, 1),
(1519, 1),
(1520, 1),
(1521, 1),
(1522, 1),
(1523, 1),
(1524, 1),
(1525, 1),
(1526, 1),
(1527, 1),
(1528, 1),
(1529, 1),
(1530, 1),
(1531, 1),
(1532, 1),
(1533, 1),
(1534, 1),
(1535, 1),
(1536, 1),
(1537, 1),
(1538, 1),
(1539, 1),
(1540, 1),
(1541, 1),
(1542, 1),
(1543, 1),
(1544, 1),
(1545, 1),
(1546, 1),
(1547, 1),
(1548, 1),
(1549, 1),
(1550, 1),
(1551, 1),
(1552, 1),
(1553, 1),
(1554, 1),
(1555, 1),
(1556, 1),
(1557, 1),
(1558, 1),
(1559, 1),
(1560, 1),
(1561, 1),
(1562, 1),
(1563, 1),
(1564, 1),
(1565, 1),
(1566, 1),
(1567, 1),
(1568, 1),
(1569, 1),
(1570, 1),
(1571, 1),
(1572, 1),
(1573, 1),
(1574, 1),
(1575, 1),
(1576, 1),
(1577, 1),
(1578, 1),
(1579, 1),
(1580, 1),
(1581, 1),
(1582, 1),
(1583, 1),
(1584, 1),
(1585, 1),
(1586, 1),
(1587, 1),
(1588, 1),
(1589, 1),
(1590, 1),
(1591, 1),
(1592, 1),
(1593, 1),
(1594, 1),
(1595, 1),
(1596, 1),
(1597, 1),
(1598, 1),
(1599, 1),
(1600, 1),
(1601, 1),
(1602, 1),
(1603, 1),
(1604, 1),
(1605, 1),
(1606, 1),
(1607, 1),
(1608, 1),
(1609, 1),
(1610, 1),
(1611, 1),
(1612, 1),
(1613, 1),
(1614, 1),
(1615, 1),
(1616, 1),
(1617, 1),
(1618, 1),
(1619, 1),
(1620, 1),
(1621, 1),
(1622, 1),
(1623, 1),
(1624, 1),
(1625, 1),
(1626, 1),
(1627, 1),
(1628, 1),
(1629, 1),
(1630, 1),
(1631, 1),
(1632, 1),
(1633, 1),
(1634, 1),
(1635, 1),
(1636, 1),
(1637, 1),
(1638, 1),
(1639, 1),
(1640, 1),
(1641, 1),
(1642, 1),
(1643, 1),
(1644, 1),
(1645, 1),
(1646, 1),
(1647, 1),
(1648, 1),
(1649, 1),
(1650, 1),
(1651, 1),
(1652, 1),
(1653, 1),
(1654, 1),
(1655, 1),
(1656, 1),
(1657, 1),
(1658, 1),
(1659, 1),
(1660, 1),
(1661, 1),
(1662, 1),
(1663, 1),
(1664, 1),
(1665, 1),
(1666, 1),
(1667, 1),
(1668, 1),
(1669, 1),
(1670, 1),
(1671, 1),
(1672, 1),
(1673, 1),
(1674, 1),
(1675, 1),
(1676, 1),
(1677, 1),
(1678, 1),
(1679, 1),
(1680, 1),
(1681, 1),
(1682, 1),
(1683, 1),
(1684, 1),
(1685, 1),
(1686, 1),
(1687, 1),
(1688, 1),
(1689, 1),
(1690, 1),
(1691, 1),
(1692, 1),
(1693, 1),
(1694, 1),
(1695, 1),
(1696, 1),
(1697, 1),
(1698, 1),
(1699, 1),
(1700, 1),
(1701, 1),
(1702, 1),
(1703, 1),
(1704, 1),
(1705, 1),
(1706, 1),
(1707, 1),
(1708, 1),
(1709, 1),
(1710, 1),
(1711, 1),
(1712, 1),
(1713, 1),
(1714, 1),
(1715, 1),
(1716, 1),
(1717, 1),
(1718, 1),
(1719, 1),
(1720, 1),
(1721, 1),
(1722, 1),
(1723, 1),
(1724, 1),
(1725, 1),
(1726, 1),
(1727, 1),
(1728, 1),
(1729, 1),
(1730, 1),
(1731, 1),
(1732, 1),
(1733, 1),
(1734, 1),
(1735, 1),
(1736, 1),
(1737, 1),
(1738, 1),
(1739, 1),
(1740, 1),
(1741, 1),
(1742, 1),
(1743, 1),
(1744, 1),
(1745, 1),
(1746, 1),
(1747, 1),
(1748, 1),
(1749, 1),
(1750, 1),
(1751, 1),
(1752, 1),
(1753, 1),
(1754, 1),
(1755, 1),
(1756, 1),
(1757, 1),
(1758, 1),
(1759, 1),
(1760, 1),
(1761, 1),
(1762, 1),
(1763, 1),
(1764, 1),
(1765, 1),
(1766, 1),
(1767, 1),
(1768, 1),
(1769, 1),
(1770, 1),
(1771, 1),
(1772, 1),
(1773, 1),
(1774, 1),
(1775, 1),
(1776, 1),
(1777, 1),
(1778, 1),
(1779, 1),
(1780, 1),
(1781, 1),
(1782, 1),
(1783, 1),
(1784, 1),
(1785, 1),
(1786, 1),
(1787, 1),
(1788, 1),
(1789, 1),
(1790, 1),
(1791, 1),
(1792, 1),
(1793, 1),
(1794, 1),
(1795, 1),
(1796, 1),
(1797, 1),
(1798, 1),
(1799, 1),
(1800, 1),
(1801, 1),
(1802, 1),
(1803, 1),
(1804, 1),
(1805, 1),
(1806, 1),
(1807, 1),
(1808, 1),
(1809, 1),
(1810, 1),
(1811, 1),
(1812, 1),
(1813, 1),
(1814, 1),
(1815, 1),
(1816, 1),
(1817, 1),
(1818, 1),
(1819, 1),
(1820, 1),
(1821, 1),
(1822, 1),
(1823, 1),
(1824, 1),
(1825, 1),
(1826, 1),
(1827, 1),
(1828, 1),
(1829, 1),
(1830, 1),
(1831, 1),
(1832, 1),
(1833, 1),
(1834, 1),
(1835, 1),
(1836, 1),
(1837, 1),
(1838, 1),
(1839, 1),
(1840, 1),
(1841, 1),
(1842, 1),
(1843, 1),
(1844, 1),
(1845, 1),
(1846, 1),
(1847, 1),
(1848, 1),
(1849, 1),
(1850, 1),
(1851, 1),
(1852, 1),
(1853, 1),
(1854, 1),
(1855, 1),
(1856, 1),
(1857, 1),
(1858, 1),
(1859, 1),
(1860, 1),
(1861, 1),
(1862, 1),
(1863, 1),
(1864, 1),
(1865, 1),
(1866, 1),
(1867, 1),
(1868, 1),
(1869, 1),
(1870, 1),
(1871, 1),
(1872, 1),
(1873, 1),
(1874, 1),
(1875, 1),
(1876, 1),
(1877, 1),
(1878, 1),
(1879, 1),
(1880, 1),
(1881, 1),
(1882, 1),
(1883, 1),
(1884, 1),
(1885, 1),
(1886, 1),
(1887, 1),
(1888, 1),
(1889, 1),
(1890, 1),
(1891, 1),
(1892, 1),
(1893, 1),
(1894, 1),
(1895, 1),
(1896, 1),
(1897, 1),
(1898, 1),
(1899, 1),
(1900, 1),
(1901, 1),
(1902, 1),
(1903, 1),
(1904, 1),
(1905, 1),
(1906, 1),
(1907, 1),
(1908, 1),
(1909, 1),
(1910, 1),
(1911, 1),
(1912, 1),
(1913, 1),
(1914, 1),
(1915, 1),
(1916, 1),
(1917, 1),
(1918, 1),
(1919, 1),
(1920, 1),
(1921, 1),
(1922, 1),
(1923, 1),
(1924, 1),
(1925, 1),
(1926, 1),
(1927, 1),
(1928, 1),
(1929, 1),
(1930, 1),
(1931, 1),
(1932, 1),
(1933, 1),
(1934, 1),
(1935, 1),
(1936, 1),
(1937, 1),
(1938, 1),
(1939, 1),
(1940, 1),
(1941, 1),
(1942, 1),
(1943, 1),
(1944, 1),
(1945, 1),
(1946, 1),
(1947, 1),
(1948, 1),
(1506, 2),
(1507, 2),
(1508, 2),
(1510, 2),
(1511, 2),
(1512, 2),
(1514, 2),
(1515, 2),
(1516, 2),
(1517, 2),
(1518, 2),
(1519, 2),
(1520, 2),
(1521, 2),
(1522, 2),
(1523, 2),
(1524, 2),
(1525, 2),
(1526, 2),
(1527, 2),
(1529, 2),
(1530, 2),
(1531, 2),
(1532, 2),
(1533, 2),
(1535, 2),
(1536, 2),
(1537, 2),
(1539, 2),
(1540, 2),
(1541, 2),
(1542, 2),
(1543, 2),
(1544, 2),
(1545, 2),
(1546, 2),
(1548, 2),
(1549, 2),
(1550, 2),
(1552, 2),
(1553, 2),
(1554, 2),
(1556, 2),
(1557, 2),
(1558, 2),
(1560, 2),
(1561, 2),
(1562, 2),
(1564, 2),
(1565, 2),
(1566, 2),
(1568, 2),
(1569, 2),
(1570, 2),
(1572, 2),
(1573, 2),
(1574, 2),
(1576, 2),
(1577, 2),
(1578, 2),
(1579, 2),
(1581, 2),
(1582, 2),
(1583, 2),
(1584, 2),
(1585, 2),
(1586, 2),
(1587, 2),
(1589, 2),
(1590, 2),
(1591, 2),
(1592, 2),
(1593, 2),
(1594, 2),
(1595, 2),
(1596, 2),
(1597, 2),
(1598, 2),
(1599, 2),
(1600, 2),
(1602, 2),
(1603, 2),
(1604, 2),
(1606, 2),
(1607, 2),
(1608, 2),
(1609, 2),
(1610, 2),
(1611, 2),
(1612, 2),
(1613, 2),
(1615, 2),
(1616, 2),
(1617, 2),
(1618, 2),
(1620, 2),
(1621, 2),
(1622, 2),
(1624, 2),
(1625, 2),
(1626, 2),
(1627, 2),
(1628, 2),
(1629, 2),
(1630, 2),
(1631, 2),
(1632, 2),
(1633, 2),
(1634, 2),
(1635, 2),
(1637, 2),
(1638, 2),
(1639, 2),
(1641, 2),
(1642, 2),
(1643, 2),
(1645, 2),
(1646, 2),
(1647, 2),
(1649, 2),
(1650, 2),
(1651, 2),
(1652, 2),
(1653, 2),
(1655, 2),
(1656, 2),
(1657, 2),
(1658, 2),
(1659, 2),
(1660, 2),
(1661, 2),
(1662, 2),
(1664, 2),
(1665, 2),
(1666, 2),
(1668, 2),
(1669, 2),
(1670, 2),
(1672, 2),
(1673, 2),
(1674, 2),
(1676, 2),
(1677, 2),
(1678, 2),
(1679, 2),
(1680, 2),
(1681, 2),
(1683, 2),
(1684, 2),
(1685, 2),
(1687, 2),
(1688, 2),
(1690, 2),
(1691, 2),
(1692, 2),
(1694, 2),
(1695, 2),
(1696, 2),
(1698, 2),
(1699, 2),
(1700, 2),
(1702, 2),
(1703, 2),
(1704, 2),
(1706, 2),
(1707, 2),
(1708, 2),
(1710, 2),
(1711, 2),
(1713, 2),
(1714, 2),
(1715, 2),
(1717, 2),
(1718, 2),
(1719, 2),
(1720, 2),
(1722, 2),
(1723, 2),
(1724, 2),
(1726, 2),
(1727, 2),
(1729, 2),
(1730, 2),
(1731, 2),
(1733, 2),
(1734, 2),
(1735, 2),
(1736, 2),
(1737, 2),
(1739, 2),
(1740, 2),
(1741, 2),
(1742, 2),
(1743, 2),
(1745, 2),
(1746, 2),
(1747, 2),
(1749, 2),
(1750, 2),
(1752, 2),
(1753, 2),
(1754, 2),
(1756, 2),
(1757, 2),
(1758, 2),
(1760, 2),
(1761, 2),
(1762, 2),
(1764, 2),
(1765, 2),
(1766, 2),
(1768, 2),
(1769, 2),
(1770, 2),
(1772, 2),
(1773, 2),
(1774, 2),
(1775, 2),
(1776, 2),
(1778, 2),
(1779, 2),
(1780, 2),
(1782, 2),
(1783, 2),
(1784, 2),
(1786, 2),
(1787, 2),
(1788, 2),
(1789, 2),
(1790, 2),
(1792, 2),
(1793, 2),
(1794, 2),
(1796, 2),
(1797, 2),
(1798, 2),
(1800, 2),
(1801, 2),
(1802, 2),
(1803, 2),
(1805, 2),
(1806, 2),
(1807, 2),
(1808, 2),
(1810, 2),
(1811, 2),
(1812, 2),
(1814, 2),
(1815, 2),
(1816, 2),
(1818, 2),
(1819, 2),
(1820, 2),
(1822, 2),
(1823, 2),
(1824, 2),
(1826, 2),
(1827, 2),
(1828, 2),
(1830, 2),
(1831, 2),
(1832, 2),
(1834, 2),
(1835, 2),
(1836, 2),
(1838, 2),
(1839, 2),
(1840, 2),
(1842, 2),
(1843, 2),
(1844, 2),
(1846, 2),
(1847, 2),
(1848, 2),
(1850, 2),
(1851, 2),
(1852, 2),
(1853, 2),
(1854, 2),
(1855, 2),
(1856, 2),
(1857, 2),
(1858, 2),
(1859, 2),
(1860, 2),
(1861, 2),
(1863, 2),
(1864, 2),
(1865, 2),
(1866, 2),
(1867, 2),
(1868, 2),
(1869, 2),
(1870, 2),
(1871, 2),
(1872, 2),
(1873, 2),
(1874, 2),
(1875, 2),
(1876, 2),
(1877, 2),
(1918, 2),
(1919, 2),
(1920, 2),
(1922, 2),
(1923, 2),
(1924, 2),
(1933, 2),
(1934, 2),
(1935, 2),
(1936, 2),
(1937, 2),
(1946, 2),
(1947, 2),
(1948, 2),
(1624, 3),
(1625, 3),
(1626, 3),
(1627, 3),
(1628, 3),
(1629, 3),
(1631, 3),
(1632, 3),
(1633, 3),
(1634, 3),
(1635, 3),
(1637, 3),
(1638, 3),
(1639, 3),
(1641, 3),
(1642, 3),
(1643, 3),
(1655, 3),
(1656, 3),
(1657, 3),
(1658, 3),
(1690, 3),
(1691, 3),
(1692, 3),
(1694, 3),
(1695, 3),
(1696, 3),
(1698, 3),
(1699, 3),
(1700, 3),
(1702, 3),
(1703, 3),
(1704, 3),
(1706, 3),
(1946, 3),
(1947, 3),
(1948, 3),
(1726, 4),
(1727, 4),
(1728, 4),
(1729, 4),
(1730, 4),
(1731, 4),
(1733, 4),
(1735, 4),
(1736, 4),
(1737, 4),
(1739, 4),
(1740, 4),
(1741, 4),
(1742, 4),
(1743, 4),
(1745, 4),
(1746, 4),
(1747, 4),
(1946, 4),
(1947, 4),
(1948, 4),
(1796, 5),
(1797, 5),
(1798, 5),
(1800, 5),
(1801, 5),
(1802, 5),
(1803, 5),
(1806, 5),
(1807, 5),
(1808, 5),
(1810, 5),
(1811, 5),
(1812, 5),
(1814, 5),
(1815, 5),
(1816, 5),
(1818, 5),
(1819, 5),
(1820, 5),
(1822, 5),
(1823, 5),
(1824, 5),
(1826, 5),
(1827, 5),
(1828, 5),
(1830, 5),
(1831, 5),
(1832, 5),
(1834, 5),
(1835, 5),
(1836, 5),
(1838, 5),
(1839, 5),
(1840, 5),
(1842, 5),
(1843, 5),
(1844, 5),
(1846, 5),
(1847, 5),
(1848, 5),
(1946, 5),
(1947, 5),
(1948, 5),
(1510, 6),
(1529, 6),
(1530, 6),
(1531, 6),
(1532, 6),
(1533, 6),
(1535, 6),
(1536, 6),
(1537, 6),
(1539, 6),
(1540, 6),
(1541, 6),
(1542, 6),
(1581, 6),
(1582, 6),
(1583, 6),
(1584, 6),
(1585, 6),
(1586, 6),
(1587, 6),
(1588, 6),
(1589, 6),
(1590, 6),
(1591, 6),
(1592, 6),
(1593, 6),
(1594, 6),
(1595, 6),
(1596, 6),
(1597, 6),
(1606, 6),
(1607, 6),
(1608, 6),
(1609, 6),
(1946, 6),
(1947, 6),
(1948, 6);

-- --------------------------------------------------------

--
-- Table structure for table `schedule_settings`
--

CREATE TABLE `schedule_settings` (
  `id` int UNSIGNED NOT NULL,
  `slug` varchar(191) CHARACTER SET utf8mb4 COLLATE utf8mb4_unicode_ci NOT NULL,
  `day` int NOT NULL,
  `time` time NOT NULL,
  `email` tinyint(1) NOT NULL DEFAULT '0' COMMENT '0 Inactive, 1 Active',
  `sms` tinyint(1) NOT NULL DEFAULT '0' COMMENT '0 Inactive, 1 Active',
  `status` tinyint(1) NOT NULL DEFAULT '1',
  `created_at` timestamp NULL DEFAULT NULL,
  `updated_at` timestamp NULL DEFAULT NULL
) ENGINE=InnoDB DEFAULT CHARSET=utf8mb4 COLLATE=utf8mb4_unicode_ci;

-- --------------------------------------------------------

--
-- Table structure for table `sections`
--

CREATE TABLE `sections` (
  `id` int UNSIGNED NOT NULL,
  `title` varchar(191) CHARACTER SET utf8mb4 COLLATE utf8mb4_unicode_ci NOT NULL,
  `seat` int DEFAULT NULL,
  `status` tinyint(1) NOT NULL DEFAULT '1',
  `created_at` timestamp NULL DEFAULT NULL,
  `updated_at` timestamp NULL DEFAULT NULL
) ENGINE=InnoDB DEFAULT CHARSET=utf8mb4 COLLATE=utf8mb4_unicode_ci;

--
-- Dumping data for table `sections`
--

INSERT INTO `sections` (`id`, `title`, `seat`, `status`, `created_at`, `updated_at`) VALUES
(7, 'A', NULL, 1, '2025-04-25 12:17:25', '2025-04-25 12:17:25'),
(8, 'B', NULL, 1, '2025-04-29 14:15:22', '2025-04-29 14:15:22'),
(9, 'C', NULL, 1, '2025-04-29 14:15:49', '2025-04-29 14:15:49');

-- --------------------------------------------------------

--
-- Table structure for table `semesters`
--

CREATE TABLE `semesters` (
  `id` int UNSIGNED NOT NULL,
  `title` varchar(191) CHARACTER SET utf8mb4 COLLATE utf8mb4_unicode_ci NOT NULL,
  `year` varchar(191) CHARACTER SET utf8mb4 COLLATE utf8mb4_unicode_ci DEFAULT NULL,
  `status` tinyint(1) NOT NULL DEFAULT '1',
  `created_at` timestamp NULL DEFAULT NULL,
  `updated_at` timestamp NULL DEFAULT NULL
) ENGINE=InnoDB DEFAULT CHARSET=utf8mb4 COLLATE=utf8mb4_unicode_ci;

--
-- Dumping data for table `semesters`
--

INSERT INTO `semesters` (`id`, `title`, `year`, `status`, `created_at`, `updated_at`) VALUES
(1, '1st Semester', '1', 1, '2022-09-30 13:22:04', '2022-09-30 13:22:04'),
(2, '2nd Semester', '1', 1, '2022-09-30 13:22:18', '2022-09-30 13:22:18'),
(3, '3rd Semester', '2', 1, '2022-09-30 13:22:32', '2022-09-30 13:22:32'),
(4, '4th Semester', '2', 1, '2022-09-30 13:22:48', '2022-09-30 13:22:48'),
(5, '5th Semester', '3', 1, '2022-09-30 13:23:03', '2022-09-30 13:23:03'),
(6, '6th Semester', '3', 1, '2022-09-30 13:23:13', '2022-09-30 13:23:13'),
(7, '7Tth Semester', '4', 1, '2026-02-12 13:22:14', '2026-02-12 13:22:14');

-- --------------------------------------------------------

--
-- Table structure for table `sessions`
--

CREATE TABLE `sessions` (
  `id` int UNSIGNED NOT NULL,
  `title` varchar(191) CHARACTER SET utf8mb4 COLLATE utf8mb4_unicode_ci NOT NULL,
  `start_date` date DEFAULT NULL,
  `end_date` date DEFAULT NULL,
  `current` tinyint(1) NOT NULL DEFAULT '0',
  `status` tinyint(1) NOT NULL DEFAULT '1',
  `created_at` timestamp NULL DEFAULT NULL,
  `updated_at` timestamp NULL DEFAULT NULL
) ENGINE=InnoDB DEFAULT CHARSET=utf8mb4 COLLATE=utf8mb4_unicode_ci;

--
-- Dumping data for table `sessions`
--

INSERT INTO `sessions` (`id`, `title`, `start_date`, `end_date`, `current`, `status`, `created_at`, `updated_at`) VALUES
(1, 'Fall-2021', '2021-01-01', '2021-06-30', 0, 1, '2022-09-30 12:00:47', '2026-02-12 14:05:43'),
(2, 'Spring-2021', '2021-07-01', '2021-12-31', 0, 1, '2022-09-30 13:17:39', '2026-02-12 14:05:43'),
(5, 'summer-2025', '2025-04-25', '2025-04-30', 1, 1, '2025-04-25 12:13:34', '2026-02-12 14:05:43');

-- --------------------------------------------------------

--
-- Table structure for table `settings`
--

CREATE TABLE `settings` (
  `id` int UNSIGNED NOT NULL,
  `title` varchar(191) CHARACTER SET utf8mb4 COLLATE utf8mb4_unicode_ci DEFAULT NULL,
  `academy_code` varchar(191) CHARACTER SET utf8mb4 COLLATE utf8mb4_unicode_ci DEFAULT NULL,
  `meta_title` varchar(191) CHARACTER SET utf8mb4 COLLATE utf8mb4_unicode_ci DEFAULT NULL,
  `meta_description` text CHARACTER SET utf8mb4 COLLATE utf8mb4_unicode_ci,
  `meta_keywords` text CHARACTER SET utf8mb4 COLLATE utf8mb4_unicode_ci,
  `logo_path` text CHARACTER SET utf8mb4 COLLATE utf8mb4_unicode_ci,
  `favicon_path` text CHARACTER SET utf8mb4 COLLATE utf8mb4_unicode_ci,
  `phone` varchar(191) CHARACTER SET utf8mb4 COLLATE utf8mb4_unicode_ci DEFAULT NULL,
  `email` varchar(191) CHARACTER SET utf8mb4 COLLATE utf8mb4_unicode_ci DEFAULT NULL,
  `fax` varchar(191) CHARACTER SET utf8mb4 COLLATE utf8mb4_unicode_ci DEFAULT NULL,
  `address` text CHARACTER SET utf8mb4 COLLATE utf8mb4_unicode_ci,
  `language` varchar(191) CHARACTER SET utf8mb4 COLLATE utf8mb4_unicode_ci DEFAULT NULL,
  `date_format` varchar(191) CHARACTER SET utf8mb4 COLLATE utf8mb4_unicode_ci DEFAULT NULL,
  `time_format` varchar(191) CHARACTER SET utf8mb4 COLLATE utf8mb4_unicode_ci DEFAULT NULL,
  `week_start` varchar(191) CHARACTER SET utf8mb4 COLLATE utf8mb4_unicode_ci DEFAULT NULL,
  `time_zone` varchar(191) CHARACTER SET utf8mb4 COLLATE utf8mb4_unicode_ci DEFAULT NULL,
  `currency` varchar(191) CHARACTER SET utf8mb4 COLLATE utf8mb4_unicode_ci DEFAULT NULL,
  `currency_symbol` varchar(191) CHARACTER SET utf8mb4 COLLATE utf8mb4_unicode_ci DEFAULT NULL,
  `decimal_place` int NOT NULL DEFAULT '2',
  `copyright_text` text CHARACTER SET utf8mb4 COLLATE utf8mb4_unicode_ci,
  `status` tinyint(1) NOT NULL DEFAULT '1',
  `created_at` timestamp NULL DEFAULT NULL,
  `updated_at` timestamp NULL DEFAULT NULL
) ENGINE=InnoDB DEFAULT CHARSET=utf8mb4 COLLATE=utf8mb4_unicode_ci;

--
-- Dumping data for table `settings`
--

INSERT INTO `settings` (`id`, `title`, `academy_code`, `meta_title`, `meta_description`, `meta_keywords`, `logo_path`, `favicon_path`, `phone`, `email`, `fax`, `address`, `language`, `date_format`, `time_format`, `week_start`, `time_zone`, `currency`, `currency_symbol`, `decimal_place`, `copyright_text`, `status`, `created_at`, `updated_at`) VALUES
(1, 'University', NULL, 'University', NULL, NULL, '[logo]_copy_1746184326.png', 'favicon_1666015465.png', NULL, NULL, NULL, NULL, NULL, 'd-m-Y', 'h:i A', NULL, 'Asia/Dhaka', 'USD', '$', 2, '<p>2025 - University System</p>', 1, '2022-09-30 12:00:47', '2025-12-01 13:39:20');

-- --------------------------------------------------------

--
-- Table structure for table `sliders`
--

CREATE TABLE `sliders` (
  `id` int UNSIGNED NOT NULL,
  `language_id` int UNSIGNED NOT NULL,
  `title` varchar(191) CHARACTER SET utf8mb4 COLLATE utf8mb4_unicode_ci NOT NULL,
  `sub_title` text CHARACTER SET utf8mb4 COLLATE utf8mb4_unicode_ci,
  `button_text` varchar(191) CHARACTER SET utf8mb4 COLLATE utf8mb4_unicode_ci DEFAULT NULL,
  `button_link` varchar(191) CHARACTER SET utf8mb4 COLLATE utf8mb4_unicode_ci DEFAULT NULL,
  `attach` text CHARACTER SET utf8mb4 COLLATE utf8mb4_unicode_ci,
  `status` tinyint(1) NOT NULL DEFAULT '1',
  `created_at` timestamp NULL DEFAULT NULL,
  `updated_at` timestamp NULL DEFAULT NULL
) ENGINE=InnoDB DEFAULT CHARSET=utf8mb4 COLLATE=utf8mb4_unicode_ci;

--
-- Dumping data for table `sliders`
--

INSERT INTO `sliders` (`id`, `language_id`, `title`, `sub_title`, `button_text`, `button_link`, `attach`, `status`, `created_at`, `updated_at`) VALUES
(1, 1, 'Education is the best key success in life', 'Donec vitae libero non enim placerat eleifend aliquam erat volutpat. Curabitur diam ex, dapibus purus sapien, cursus sed nisl tristique, commodo gravida lectus non.', 'Discover More', 'https://www.hitechparks.com/', 'slider_bg_01_1692915046.png', 1, '2023-08-24 16:10:47', '2023-08-24 16:10:47'),
(2, 1, 'Welcome to the largest campus of education', 'Donec vitae libero non enim placerat eleifend aliquam erat volutpat. Curabitur diam ex, dapibus purus sapien, cursus sed nisl tristique, commodo gravida lectus non.', 'Discover More', 'https://www.hitechparks.com/', 'slider_img03_1692915113.png', 1, '2023-08-24 16:11:53', '2023-08-24 16:11:53');

-- --------------------------------------------------------

--
-- Table structure for table `social_settings`
--

CREATE TABLE `social_settings` (
  `id` int UNSIGNED NOT NULL,
  `facebook` varchar(191) CHARACTER SET utf8mb4 COLLATE utf8mb4_unicode_ci DEFAULT NULL,
  `twitter` varchar(191) CHARACTER SET utf8mb4 COLLATE utf8mb4_unicode_ci DEFAULT NULL,
  `linkedin` varchar(191) CHARACTER SET utf8mb4 COLLATE utf8mb4_unicode_ci DEFAULT NULL,
  `instagram` varchar(191) CHARACTER SET utf8mb4 COLLATE utf8mb4_unicode_ci DEFAULT NULL,
  `pinterest` varchar(191) CHARACTER SET utf8mb4 COLLATE utf8mb4_unicode_ci DEFAULT NULL,
  `youtube` varchar(191) CHARACTER SET utf8mb4 COLLATE utf8mb4_unicode_ci DEFAULT NULL,
  `tiktok` varchar(191) CHARACTER SET utf8mb4 COLLATE utf8mb4_unicode_ci DEFAULT NULL,
  `skype` varchar(191) CHARACTER SET utf8mb4 COLLATE utf8mb4_unicode_ci DEFAULT NULL,
  `telegram` varchar(191) CHARACTER SET utf8mb4 COLLATE utf8mb4_unicode_ci DEFAULT NULL,
  `whatsapp` varchar(191) CHARACTER SET utf8mb4 COLLATE utf8mb4_unicode_ci DEFAULT NULL,
  `status` tinyint(1) NOT NULL DEFAULT '1',
  `created_at` timestamp NULL DEFAULT NULL,
  `updated_at` timestamp NULL DEFAULT NULL
) ENGINE=InnoDB DEFAULT CHARSET=utf8mb4 COLLATE=utf8mb4_unicode_ci;

--
-- Dumping data for table `social_settings`
--

INSERT INTO `social_settings` (`id`, `facebook`, `twitter`, `linkedin`, `instagram`, `pinterest`, `youtube`, `tiktok`, `skype`, `telegram`, `whatsapp`, `status`, `created_at`, `updated_at`) VALUES
(1, 'https://www.facebook.com/HiTechParks/', 'https://twitter.com/hitechparks', 'https://www.linkedin.com/company/hi-techparks/', NULL, 'https://www.pinterest.com/hitechparks/', 'https://www.youtube.com/@hitechparks', NULL, NULL, NULL, NULL, 1, '2023-08-24 15:50:31', '2023-08-24 15:53:47');

-- --------------------------------------------------------

--
-- Table structure for table `staff_attendances`
--

CREATE TABLE `staff_attendances` (
  `id` bigint UNSIGNED NOT NULL,
  `user_id` bigint UNSIGNED NOT NULL,
  `start_time` time DEFAULT NULL,
  `end_time` time DEFAULT NULL,
  `date` date NOT NULL,
  `attendance` int NOT NULL DEFAULT '0' COMMENT '1 Present, 2 Absent, 3 Leave, 4 Holiday',
  `note` text CHARACTER SET utf8mb4 COLLATE utf8mb4_unicode_ci,
  `created_by` bigint UNSIGNED DEFAULT NULL,
  `updated_by` bigint UNSIGNED DEFAULT NULL,
  `created_at` timestamp NULL DEFAULT NULL,
  `updated_at` timestamp NULL DEFAULT NULL
) ENGINE=InnoDB DEFAULT CHARSET=utf8mb4 COLLATE=utf8mb4_unicode_ci;

--
-- Dumping data for table `staff_attendances`
--

INSERT INTO `staff_attendances` (`id`, `user_id`, `start_time`, `end_time`, `date`, `attendance`, `note`, `created_by`, `updated_by`, `created_at`, `updated_at`) VALUES
(1, 9, NULL, NULL, '2022-10-03', 1, '', 1, NULL, '2022-10-03 15:09:56', '2022-10-03 15:16:33'),
(2, 8, NULL, NULL, '2022-10-03', 1, '', 1, NULL, '2022-10-03 15:09:56', '2022-10-03 15:16:33'),
(3, 7, NULL, NULL, '2022-10-03', 1, '', 1, NULL, '2022-10-03 15:09:56', '2022-10-03 15:16:33'),
(4, 6, NULL, NULL, '2022-10-03', 1, '', 1, NULL, '2022-10-03 15:09:56', '2022-10-03 15:16:33'),
(5, 5, NULL, NULL, '2022-10-03', 1, '', 1, NULL, '2022-10-03 15:09:56', '2022-10-03 15:16:33'),
(6, 2, NULL, NULL, '2022-10-03', 1, '', 1, NULL, '2022-10-03 15:09:56', '2022-10-03 15:16:33'),
(7, 1, NULL, NULL, '2022-10-03', 1, '', 1, NULL, '2022-10-03 15:09:56', '2022-10-03 15:16:33'),
(8, 9, NULL, NULL, '2022-10-05', 2, '', 1, NULL, '2022-10-03 15:10:12', '2022-10-03 15:10:12'),
(9, 8, NULL, NULL, '2022-10-05', 1, '', 1, NULL, '2022-10-03 15:10:12', '2022-10-03 15:10:12'),
(10, 7, NULL, NULL, '2022-10-05', 1, '', 1, NULL, '2022-10-03 15:10:12', '2022-10-03 15:10:12'),
(11, 6, NULL, NULL, '2022-10-05', 1, '', 1, NULL, '2022-10-03 15:10:12', '2022-10-03 15:10:12'),
(12, 5, NULL, NULL, '2022-10-05', 1, '', 1, NULL, '2022-10-03 15:10:12', '2022-10-03 15:10:12'),
(13, 2, NULL, NULL, '2022-10-05', 3, '', 1, NULL, '2022-10-03 15:10:12', '2022-10-03 15:10:12'),
(14, 1, NULL, NULL, '2022-10-05', 1, '', 1, NULL, '2022-10-03 15:10:12', '2022-10-03 15:10:12'),
(15, 9, NULL, NULL, '2022-10-09', 4, '', 1, NULL, '2022-10-03 15:10:34', '2022-10-03 15:10:34'),
(16, 8, NULL, NULL, '2022-10-09', 4, '', 1, NULL, '2022-10-03 15:10:34', '2022-10-03 15:10:34'),
(17, 7, NULL, NULL, '2022-10-09', 4, '', 1, NULL, '2022-10-03 15:10:34', '2022-10-03 15:10:34'),
(18, 6, NULL, NULL, '2022-10-09', 4, '', 1, NULL, '2022-10-03 15:10:34', '2022-10-03 15:10:34'),
(19, 5, NULL, NULL, '2022-10-09', 4, '', 1, NULL, '2022-10-03 15:10:34', '2022-10-03 15:10:34'),
(20, 2, NULL, NULL, '2022-10-09', 4, '', 1, NULL, '2022-10-03 15:10:34', '2022-10-03 15:10:34'),
(21, 1, NULL, NULL, '2022-10-09', 4, '', 1, NULL, '2022-10-03 15:10:34', '2022-10-03 15:10:34'),
(22, 9, NULL, NULL, '2022-10-11', 1, '', 1, NULL, '2022-10-03 15:10:50', '2022-10-03 15:10:50'),
(23, 8, NULL, NULL, '2022-10-11', 1, '', 1, NULL, '2022-10-03 15:10:50', '2022-10-03 15:10:50'),
(24, 7, NULL, NULL, '2022-10-11', 1, '', 1, NULL, '2022-10-03 15:10:50', '2022-10-03 15:10:50'),
(25, 6, NULL, NULL, '2022-10-11', 1, '', 1, NULL, '2022-10-03 15:10:50', '2022-10-03 15:10:50'),
(26, 5, NULL, NULL, '2022-10-11', 3, '', 1, NULL, '2022-10-03 15:10:50', '2022-10-03 15:10:50'),
(27, 2, NULL, NULL, '2022-10-11', 1, '', 1, NULL, '2022-10-03 15:10:50', '2022-10-03 15:10:50'),
(28, 1, NULL, NULL, '2022-10-11', 1, '', 1, NULL, '2022-10-03 15:10:50', '2022-10-03 15:10:50'),
(29, 9, NULL, NULL, '2022-10-13', 2, '', 1, NULL, '2022-10-03 15:11:07', '2022-10-03 15:11:07'),
(30, 8, NULL, NULL, '2022-10-13', 1, '', 1, NULL, '2022-10-03 15:11:07', '2022-10-03 15:11:07'),
(31, 7, NULL, NULL, '2022-10-13', 1, '', 1, NULL, '2022-10-03 15:11:07', '2022-10-03 15:11:07'),
(32, 6, NULL, NULL, '2022-10-13', 1, '', 1, NULL, '2022-10-03 15:11:07', '2022-10-03 15:11:07'),
(33, 5, NULL, NULL, '2022-10-13', 1, '', 1, NULL, '2022-10-03 15:11:07', '2022-10-03 15:11:07'),
(34, 2, NULL, NULL, '2022-10-13', 1, '', 1, NULL, '2022-10-03 15:11:07', '2022-10-03 15:11:07'),
(35, 1, NULL, NULL, '2022-10-13', 1, '', 1, NULL, '2022-10-03 15:11:07', '2022-10-03 15:11:07'),
(36, 9, NULL, NULL, '2022-10-15', 1, '', 1, NULL, '2022-10-03 15:11:23', '2022-10-03 15:11:23'),
(37, 8, NULL, NULL, '2022-10-15', 1, '', 1, NULL, '2022-10-03 15:11:23', '2022-10-03 15:11:23'),
(38, 7, NULL, NULL, '2022-10-15', 1, '', 1, NULL, '2022-10-03 15:11:23', '2022-10-03 15:11:23'),
(39, 6, NULL, NULL, '2022-10-15', 1, '', 1, NULL, '2022-10-03 15:11:23', '2022-10-03 15:11:23'),
(40, 5, NULL, NULL, '2022-10-15', 1, '', 1, NULL, '2022-10-03 15:11:23', '2022-10-03 15:11:23'),
(41, 2, NULL, NULL, '2022-10-15', 1, '', 1, NULL, '2022-10-03 15:11:23', '2022-10-03 15:11:23'),
(42, 1, NULL, NULL, '2022-10-15', 3, '', 1, NULL, '2022-10-03 15:11:23', '2022-10-03 15:11:23'),
(43, 9, NULL, NULL, '2022-10-17', 1, '', 1, NULL, '2022-10-03 15:11:39', '2022-10-03 15:11:39'),
(44, 8, NULL, NULL, '2022-10-17', 1, '', 1, NULL, '2022-10-03 15:11:39', '2022-10-03 15:11:39'),
(45, 7, NULL, NULL, '2022-10-17', 1, '', 1, NULL, '2022-10-03 15:11:39', '2022-10-03 15:11:39'),
(46, 6, NULL, NULL, '2022-10-17', 1, '', 1, NULL, '2022-10-03 15:11:39', '2022-10-03 15:11:39'),
(47, 5, NULL, NULL, '2022-10-17', 1, '', 1, NULL, '2022-10-03 15:11:39', '2022-10-03 15:11:39'),
(48, 2, NULL, NULL, '2022-10-17', 1, '', 1, NULL, '2022-10-03 15:11:39', '2022-10-03 15:11:39'),
(49, 1, NULL, NULL, '2022-10-17', 1, '', 1, NULL, '2022-10-03 15:11:39', '2022-10-03 15:11:39'),
(50, 9, NULL, NULL, '2022-10-19', 1, '', 1, NULL, '2022-10-03 15:11:55', '2022-10-03 15:11:55'),
(51, 8, NULL, NULL, '2022-10-19', 1, '', 1, NULL, '2022-10-03 15:11:55', '2022-10-03 15:11:55'),
(52, 7, NULL, NULL, '2022-10-19', 2, '', 1, NULL, '2022-10-03 15:11:55', '2022-10-03 15:11:55'),
(53, 6, NULL, NULL, '2022-10-19', 1, '', 1, NULL, '2022-10-03 15:11:55', '2022-10-03 15:11:55'),
(54, 5, NULL, NULL, '2022-10-19', 1, '', 1, NULL, '2022-10-03 15:11:55', '2022-10-03 15:11:55'),
(55, 2, NULL, NULL, '2022-10-19', 1, '', 1, NULL, '2022-10-03 15:11:55', '2022-10-03 15:11:55'),
(56, 1, NULL, NULL, '2022-10-19', 1, '', 1, NULL, '2022-10-03 15:11:55', '2022-10-03 15:11:55'),
(57, 9, NULL, NULL, '2022-10-21', 1, '', 1, NULL, '2022-10-03 15:12:06', '2022-10-03 15:12:06'),
(58, 8, NULL, NULL, '2022-10-21', 2, '', 1, NULL, '2022-10-03 15:12:06', '2022-10-03 15:12:06'),
(59, 7, NULL, NULL, '2022-10-21', 1, '', 1, NULL, '2022-10-03 15:12:06', '2022-10-03 15:12:06'),
(60, 6, NULL, NULL, '2022-10-21', 1, '', 1, NULL, '2022-10-03 15:12:06', '2022-10-03 15:12:06'),
(61, 5, NULL, NULL, '2022-10-21', 1, '', 1, NULL, '2022-10-03 15:12:06', '2022-10-03 15:12:06'),
(62, 2, NULL, NULL, '2022-10-21', 1, '', 1, NULL, '2022-10-03 15:12:06', '2022-10-03 15:12:06'),
(63, 1, NULL, NULL, '2022-10-21', 1, '', 1, NULL, '2022-10-03 15:12:06', '2022-10-03 15:12:06'),
(64, 9, NULL, NULL, '2022-10-23', 3, '', 1, NULL, '2022-10-03 15:12:19', '2022-10-03 15:12:19'),
(65, 8, NULL, NULL, '2022-10-23', 1, '', 1, NULL, '2022-10-03 15:12:19', '2022-10-03 15:12:19'),
(66, 7, NULL, NULL, '2022-10-23', 1, '', 1, NULL, '2022-10-03 15:12:19', '2022-10-03 15:12:19'),
(67, 6, NULL, NULL, '2022-10-23', 1, '', 1, NULL, '2022-10-03 15:12:19', '2022-10-03 15:12:19'),
(68, 5, NULL, NULL, '2022-10-23', 1, '', 1, NULL, '2022-10-03 15:12:19', '2022-10-03 15:12:19'),
(69, 2, NULL, NULL, '2022-10-23', 1, '', 1, NULL, '2022-10-03 15:12:19', '2022-10-03 15:12:19'),
(70, 1, NULL, NULL, '2022-10-23', 1, '', 1, NULL, '2022-10-03 15:12:19', '2022-10-03 15:12:19'),
(71, 9, NULL, NULL, '2022-10-25', 4, '', 1, NULL, '2022-10-03 15:12:31', '2022-10-03 15:12:31'),
(72, 8, NULL, NULL, '2022-10-25', 4, '', 1, NULL, '2022-10-03 15:12:31', '2022-10-03 15:12:31'),
(73, 7, NULL, NULL, '2022-10-25', 4, '', 1, NULL, '2022-10-03 15:12:31', '2022-10-03 15:12:31'),
(74, 6, NULL, NULL, '2022-10-25', 4, '', 1, NULL, '2022-10-03 15:12:31', '2022-10-03 15:12:31'),
(75, 5, NULL, NULL, '2022-10-25', 4, '', 1, NULL, '2022-10-03 15:12:31', '2022-10-03 15:12:31'),
(76, 2, NULL, NULL, '2022-10-25', 4, '', 1, NULL, '2022-10-03 15:12:31', '2022-10-03 15:12:31'),
(77, 1, NULL, NULL, '2022-10-25', 4, '', 1, NULL, '2022-10-03 15:12:31', '2022-10-03 15:12:31'),
(78, 9, NULL, NULL, '2022-10-27', 1, '', 1, NULL, '2022-10-03 15:12:44', '2022-10-03 15:12:44'),
(79, 8, NULL, NULL, '2022-10-27', 1, '', 1, NULL, '2022-10-03 15:12:44', '2022-10-03 15:12:44'),
(80, 7, NULL, NULL, '2022-10-27', 2, '', 1, NULL, '2022-10-03 15:12:44', '2022-10-03 15:12:44'),
(81, 6, NULL, NULL, '2022-10-27', 1, '', 1, NULL, '2022-10-03 15:12:44', '2022-10-03 15:12:44'),
(82, 5, NULL, NULL, '2022-10-27', 3, '', 1, NULL, '2022-10-03 15:12:44', '2022-10-03 15:12:44'),
(83, 2, NULL, NULL, '2022-10-27', 1, '', 1, NULL, '2022-10-03 15:12:44', '2022-10-03 15:12:44'),
(84, 1, NULL, NULL, '2022-10-27', 1, '', 1, NULL, '2022-10-03 15:12:44', '2022-10-03 15:12:44'),
(85, 9, NULL, NULL, '2022-10-29', 1, '', 1, NULL, '2022-10-03 15:12:58', '2022-10-03 15:12:58'),
(86, 8, NULL, NULL, '2022-10-29', 3, '', 1, NULL, '2022-10-03 15:12:58', '2022-10-03 15:12:58'),
(87, 7, NULL, NULL, '2022-10-29', 1, '', 1, NULL, '2022-10-03 15:12:58', '2022-10-03 15:12:58'),
(88, 6, NULL, NULL, '2022-10-29', 1, '', 1, NULL, '2022-10-03 15:12:58', '2022-10-03 15:12:58'),
(89, 5, NULL, NULL, '2022-10-29', 1, '', 1, NULL, '2022-10-03 15:12:58', '2022-10-03 15:12:58'),
(90, 2, NULL, NULL, '2022-10-29', 2, '', 1, NULL, '2022-10-03 15:12:58', '2022-10-03 15:12:58'),
(91, 1, NULL, NULL, '2022-10-29', 1, '', 1, NULL, '2022-10-03 15:12:58', '2022-10-03 15:12:58'),
(92, 9, NULL, NULL, '2022-10-31', 1, '', 1, NULL, '2022-10-03 15:13:25', '2022-10-03 15:13:25'),
(93, 8, NULL, NULL, '2022-10-31', 1, '', 1, NULL, '2022-10-03 15:13:25', '2022-10-03 15:13:25'),
(94, 7, NULL, NULL, '2022-10-31', 3, '', 1, NULL, '2022-10-03 15:13:25', '2022-10-03 15:13:25'),
(95, 6, NULL, NULL, '2022-10-31', 1, '', 1, NULL, '2022-10-03 15:13:25', '2022-10-03 15:13:25'),
(96, 5, NULL, NULL, '2022-10-31', 1, '', 1, NULL, '2022-10-03 15:13:25', '2022-10-03 15:13:25'),
(97, 2, NULL, NULL, '2022-10-31', 1, '', 1, NULL, '2022-10-03 15:13:25', '2022-10-03 15:13:25'),
(98, 1, NULL, NULL, '2022-10-31', 1, '', 1, NULL, '2022-10-03 15:13:25', '2022-10-03 15:13:25'),
(99, 9, NULL, NULL, '2022-10-01', 1, '', 1, NULL, '2022-10-03 15:13:42', '2022-10-03 15:16:40'),
(100, 8, NULL, NULL, '2022-10-01', 1, '', 1, NULL, '2022-10-03 15:13:42', '2022-10-03 15:16:40'),
(101, 7, NULL, NULL, '2022-10-01', 2, '', 1, NULL, '2022-10-03 15:13:42', '2022-10-03 15:16:40'),
(102, 6, NULL, NULL, '2022-10-01', 1, '', 1, NULL, '2022-10-03 15:13:42', '2022-10-03 15:16:40'),
(103, 5, NULL, NULL, '2022-10-01', 1, '', 1, NULL, '2022-10-03 15:13:42', '2022-10-03 15:16:40'),
(104, 2, NULL, NULL, '2022-10-01', 3, '', 1, NULL, '2022-10-03 15:13:42', '2022-10-03 15:16:40'),
(105, 1, NULL, NULL, '2022-10-01', 1, '', 1, NULL, '2022-10-03 15:13:42', '2022-10-03 15:16:40'),
(106, 9, NULL, NULL, '2022-10-07', 1, '', 1, NULL, '2022-10-03 15:14:19', '2022-10-03 15:14:19'),
(107, 8, NULL, NULL, '2022-10-07', 1, '', 1, NULL, '2022-10-03 15:14:19', '2022-10-03 15:14:19'),
(108, 7, NULL, NULL, '2022-10-07', 1, '', 1, NULL, '2022-10-03 15:14:19', '2022-10-03 15:14:19'),
(109, 6, NULL, NULL, '2022-10-07', 1, '', 1, NULL, '2022-10-03 15:14:19', '2022-10-03 15:14:19'),
(110, 5, NULL, NULL, '2022-10-07', 1, '', 1, NULL, '2022-10-03 15:14:19', '2022-10-03 15:14:19'),
(111, 2, NULL, NULL, '2022-10-07', 2, '', 1, NULL, '2022-10-03 15:14:19', '2022-10-03 15:14:19'),
(112, 1, NULL, NULL, '2022-10-07', 1, '', 1, NULL, '2022-10-03 15:14:19', '2022-10-03 15:14:19');

-- --------------------------------------------------------

--
-- Table structure for table `staff_hourly_attendances`
--

CREATE TABLE `staff_hourly_attendances` (
  `id` bigint UNSIGNED NOT NULL,
  `user_id` bigint UNSIGNED NOT NULL,
  `subject_id` bigint UNSIGNED NOT NULL,
  `session_id` int UNSIGNED NOT NULL,
  `program_id` int UNSIGNED NOT NULL,
  `semester_id` int UNSIGNED NOT NULL,
  `section_id` int UNSIGNED NOT NULL,
  `start_time` time DEFAULT NULL,
  `end_time` time DEFAULT NULL,
  `date` date NOT NULL,
  `attendance` int NOT NULL DEFAULT '0' COMMENT '1 Present, 2 Absent, 3 Leave, 4 Holiday',
  `note` text CHARACTER SET utf8mb4 COLLATE utf8mb4_unicode_ci,
  `created_by` bigint UNSIGNED DEFAULT NULL,
  `updated_by` bigint UNSIGNED DEFAULT NULL,
  `created_at` timestamp NULL DEFAULT NULL,
  `updated_at` timestamp NULL DEFAULT NULL
) ENGINE=InnoDB DEFAULT CHARSET=utf8mb4 COLLATE=utf8mb4_unicode_ci;

-- --------------------------------------------------------

--
-- Table structure for table `status_types`
--

CREATE TABLE `status_types` (
  `id` int UNSIGNED NOT NULL,
  `title` varchar(191) CHARACTER SET utf8mb4 COLLATE utf8mb4_unicode_ci NOT NULL,
  `slug` varchar(191) CHARACTER SET utf8mb4 COLLATE utf8mb4_unicode_ci NOT NULL,
  `description` text CHARACTER SET utf8mb4 COLLATE utf8mb4_unicode_ci,
  `status` tinyint(1) NOT NULL DEFAULT '1',
  `created_at` timestamp NULL DEFAULT NULL,
  `updated_at` timestamp NULL DEFAULT NULL
) ENGINE=InnoDB DEFAULT CHARSET=utf8mb4 COLLATE=utf8mb4_unicode_ci;

--
-- Dumping data for table `status_types`
--

INSERT INTO `status_types` (`id`, `title`, `slug`, `description`, `status`, `created_at`, `updated_at`) VALUES
(1, 'New Admission', 'new-admission', NULL, 1, NULL, NULL),
(2, 'Continue', 'continue', NULL, 1, NULL, NULL),
(3, 'Pass Out', 'pass-out', NULL, 1, NULL, NULL),
(4, 'Drop Out', 'drop-out', NULL, 1, NULL, NULL),
(5, 'Transfer In', 'transfer-in', NULL, 1, NULL, NULL),
(6, 'Transfer Out', 'transfer-out', NULL, 1, NULL, NULL),
(7, 'Disabled', 'disabled', NULL, 1, NULL, NULL);

-- --------------------------------------------------------

--
-- Table structure for table `status_type_student`
--

CREATE TABLE `status_type_student` (
  `status_type_id` int UNSIGNED NOT NULL,
  `student_id` bigint UNSIGNED NOT NULL
) ENGINE=InnoDB DEFAULT CHARSET=utf8mb4 COLLATE=utf8mb4_unicode_ci;

--
-- Dumping data for table `status_type_student`
--

INSERT INTO `status_type_student` (`status_type_id`, `student_id`) VALUES
(7, 1),
(1, 1),
(2, 2),
(1, 2),
(2, 3),
(1, 3),
(2, 4),
(1, 5),
(7, 6),
(7, 7),
(1, 8),
(5, 9),
(7, 10),
(1, 11),
(2, 12),
(7, 12),
(1, 13),
(1, 14),
(1, 15),
(1, 16),
(4, 17),
(2, 18),
(3, 20),
(5, 21),
(2, 22),
(2, 24),
(5, 25),
(2, 23),
(2, 34),
(2, 35),
(2, 36),
(7, 37),
(1, 38),
(7, 40),
(7, 42),
(2, 60),
(1, 61),
(1, 62),
(1, 64),
(1, 67),
(2, 68),
(7, 66),
(6, 69);

-- --------------------------------------------------------

--
-- Table structure for table `students`
--

CREATE TABLE `students` (
  `id` bigint UNSIGNED NOT NULL,
  `student_id` varchar(191) CHARACTER SET utf8mb4 COLLATE utf8mb4_unicode_ci NOT NULL,
  `registration_no` varchar(191) CHARACTER SET utf8mb4 COLLATE utf8mb4_unicode_ci DEFAULT NULL,
  `batch_id` int UNSIGNED DEFAULT NULL,
  `program_id` int UNSIGNED DEFAULT NULL,
  `admission_date` date DEFAULT NULL,
  `first_name` varchar(191) CHARACTER SET utf8mb4 COLLATE utf8mb4_unicode_ci NOT NULL,
  `last_name` varchar(191) CHARACTER SET utf8mb4 COLLATE utf8mb4_unicode_ci NOT NULL,
  `father_name` varchar(191) CHARACTER SET utf8mb4 COLLATE utf8mb4_unicode_ci DEFAULT NULL,
  `mother_name` varchar(191) CHARACTER SET utf8mb4 COLLATE utf8mb4_unicode_ci DEFAULT NULL,
  `email` varchar(191) CHARACTER SET utf8mb4 COLLATE utf8mb4_unicode_ci NOT NULL,
  `email_verified_at` timestamp NULL DEFAULT NULL,
  `password` varchar(191) CHARACTER SET utf8mb4 COLLATE utf8mb4_unicode_ci NOT NULL,
  `password_text` longtext CHARACTER SET utf8mb4 COLLATE utf8mb4_unicode_ci,
  `present_province` int UNSIGNED DEFAULT NULL,
  `present_district` int UNSIGNED DEFAULT NULL,
  `present_village` text CHARACTER SET utf8mb4 COLLATE utf8mb4_unicode_ci,
  `present_address` text CHARACTER SET utf8mb4 COLLATE utf8mb4_unicode_ci,
  `permanent_province` int UNSIGNED DEFAULT NULL,
  `permanent_district` int UNSIGNED DEFAULT NULL,
  `permanent_village` text CHARACTER SET utf8mb4 COLLATE utf8mb4_unicode_ci,
  `permanent_address` text CHARACTER SET utf8mb4 COLLATE utf8mb4_unicode_ci,
  `gender` int NOT NULL COMMENT '1 Male, 2 Female & 3 Other',
  `dob` date NOT NULL,
  `phone` varchar(191) CHARACTER SET utf8mb4 COLLATE utf8mb4_unicode_ci DEFAULT NULL,
  `emergency_phone` varchar(191) CHARACTER SET utf8mb4 COLLATE utf8mb4_unicode_ci DEFAULT NULL,
  `mother_tongue` varchar(191) CHARACTER SET utf8mb4 COLLATE utf8mb4_unicode_ci DEFAULT NULL,
  `marital_status` int DEFAULT NULL,
  `blood_group` int DEFAULT NULL,
  `nationality` varchar(191) CHARACTER SET utf8mb4 COLLATE utf8mb4_unicode_ci DEFAULT NULL,
  `national_id` varchar(191) CHARACTER SET utf8mb4 COLLATE utf8mb4_unicode_ci DEFAULT NULL,
  `passport_no` varchar(191) CHARACTER SET utf8mb4 COLLATE utf8mb4_unicode_ci DEFAULT NULL,
  `school_name` text CHARACTER SET utf8mb4 COLLATE utf8mb4_unicode_ci,
  `school_exam_id` varchar(191) CHARACTER SET utf8mb4 COLLATE utf8mb4_unicode_ci DEFAULT NULL,
  `school_graduation_year` varchar(191) CHARACTER SET utf8mb4 COLLATE utf8mb4_unicode_ci DEFAULT NULL,
  `school_graduation_point` varchar(191) CHARACTER SET utf8mb4 COLLATE utf8mb4_unicode_ci DEFAULT NULL,
  `collage_name` text CHARACTER SET utf8mb4 COLLATE utf8mb4_unicode_ci,
  `collage_exam_id` varchar(191) CHARACTER SET utf8mb4 COLLATE utf8mb4_unicode_ci DEFAULT NULL,
  `collage_graduation_year` varchar(191) CHARACTER SET utf8mb4 COLLATE utf8mb4_unicode_ci DEFAULT NULL,
  `collage_graduation_point` varchar(191) CHARACTER SET utf8mb4 COLLATE utf8mb4_unicode_ci DEFAULT NULL,
  `photo` text CHARACTER SET utf8mb4 COLLATE utf8mb4_unicode_ci,
  `signature` text CHARACTER SET utf8mb4 COLLATE utf8mb4_unicode_ci,
  `login` tinyint(1) NOT NULL DEFAULT '1',
  `status` int NOT NULL DEFAULT '1' COMMENT '0 Inactive, 1 Active, 2 Passed Out, 3 Transfer Out',
  `is_transfer` int DEFAULT '0' COMMENT '0 Not Transfer, 1 Transfer In & 2 Transfer Out',
  `remember_token` varchar(100) CHARACTER SET utf8mb4 COLLATE utf8mb4_unicode_ci DEFAULT NULL,
  `created_by` bigint UNSIGNED DEFAULT NULL,
  `updated_by` bigint UNSIGNED DEFAULT NULL,
  `created_at` timestamp NULL DEFAULT NULL,
  `updated_at` timestamp NULL DEFAULT NULL,
  `father_occupation` varchar(191) CHARACTER SET utf8mb4 COLLATE utf8mb4_unicode_ci DEFAULT NULL,
  `mother_occupation` varchar(191) CHARACTER SET utf8mb4 COLLATE utf8mb4_unicode_ci DEFAULT NULL,
  `father_photo` text CHARACTER SET utf8mb4 COLLATE utf8mb4_unicode_ci,
  `mother_photo` text CHARACTER SET utf8mb4 COLLATE utf8mb4_unicode_ci,
  `country` varchar(191) CHARACTER SET utf8mb4 COLLATE utf8mb4_unicode_ci DEFAULT NULL,
  `religion` varchar(191) CHARACTER SET utf8mb4 COLLATE utf8mb4_unicode_ci DEFAULT NULL,
  `caste` varchar(191) CHARACTER SET utf8mb4 COLLATE utf8mb4_unicode_ci DEFAULT NULL,
  `school_graduation_field` varchar(191) CHARACTER SET utf8mb4 COLLATE utf8mb4_unicode_ci DEFAULT NULL,
  `collage_graduation_field` varchar(191) CHARACTER SET utf8mb4 COLLATE utf8mb4_unicode_ci DEFAULT NULL,
  `school_transcript` varchar(191) CHARACTER SET utf8mb4 COLLATE utf8mb4_unicode_ci DEFAULT NULL,
  `school_certificate` varchar(191) CHARACTER SET utf8mb4 COLLATE utf8mb4_unicode_ci DEFAULT NULL,
  `collage_transcript` varchar(191) CHARACTER SET utf8mb4 COLLATE utf8mb4_unicode_ci DEFAULT NULL,
  `collage_certificate` varchar(191) CHARACTER SET utf8mb4 COLLATE utf8mb4_unicode_ci DEFAULT NULL
) ENGINE=InnoDB DEFAULT CHARSET=utf8mb4 COLLATE=utf8mb4_unicode_ci;

--
-- Dumping data for table `students`
--

INSERT INTO `students` (`id`, `student_id`, `registration_no`, `batch_id`, `program_id`, `admission_date`, `first_name`, `last_name`, `father_name`, `mother_name`, `email`, `email_verified_at`, `password`, `password_text`, `present_province`, `present_district`, `present_village`, `present_address`, `permanent_province`, `permanent_district`, `permanent_village`, `permanent_address`, `gender`, `dob`, `phone`, `emergency_phone`, `mother_tongue`, `marital_status`, `blood_group`, `nationality`, `national_id`, `passport_no`, `school_name`, `school_exam_id`, `school_graduation_year`, `school_graduation_point`, `collage_name`, `collage_exam_id`, `collage_graduation_year`, `collage_graduation_point`, `photo`, `signature`, `login`, `status`, `is_transfer`, `remember_token`, `created_by`, `updated_by`, `created_at`, `updated_at`, `father_occupation`, `mother_occupation`, `father_photo`, `mother_photo`, `country`, `religion`, `caste`, `school_graduation_field`, `collage_graduation_field`, `school_transcript`, `school_certificate`, `collage_transcript`, `collage_certificate`) VALUES
(1, '1001', NULL, 4, 3, '2022-10-02', 'Aimee', 'Hendrix', 'Noble Navarro', 'Beatrice Gardner', 'vytumovib@mailinator.com', NULL, '$2y$10$gzar32PTg.Z2pAMIIYS8kuYj9lufoSLUyanQnIRjzWeyYucOl6J.W', 'eyJpdiI6Im9hRkp0bTVBbHhacnFKRE1qdmRuSmc9PSIsInZhbHVlIjoiTlRWbDg3REk3RFNBYlVXMzVZMXJTQT09IiwibWFjIjoiZjNiNWNlZWM3YThkNjU0ODdjZDc2ZmQ5MTc3YjEyZDEwYjFmNDFmNGRiYTNhNTExOTQzNjUzM2ZjZmYwMjg1NiIsInRhZyI6IiJ9', 1, 6, 'Dolore nihil expedit', 'Ab alias et exceptur', 4, 12, 'Illum inventore qua', 'Aut qui voluptas eli', 2, '2021-02-19', '+1 (119) 978-8885', NULL, NULL, 2, 6, NULL, '546198721365', '48431521679', 'Quintessa Dejesus', '45889658', '1991', '88', 'Mercedes Crane', '987135268', '1982', '99', 'student_1664734514.jpg', NULL, 1, 1, 0, NULL, 1, NULL, '2022-10-02 12:15:14', '2022-10-02 12:15:14', NULL, NULL, NULL, NULL, NULL, NULL, NULL, NULL, NULL, NULL, NULL, NULL, NULL),
(2, '1002', NULL, 4, 3, '2022-10-02', 'Lynn', 'Macias', 'Sandra Gomez', 'Bryar Mays', 'hewawo@mailinator.com', NULL, '$2y$10$LxGbLSQwT7Oe4Qre2XcqBuBskapMYQkU3hBrAC3G1pB5lHyCS2U0W', 'eyJpdiI6IjQrZERMQzlmSTJVTGxSUlVQY3hpbUE9PSIsInZhbHVlIjoiRE9VY0ZPKzk2RDU0elB5bEpSQ0xJdz09IiwibWFjIjoiOTMzYWQ0ZjJlNmM0NTk5ZGFmYjJmYjQ3MmJiYWYxYmI0NWU2ZGVjMWVjOWZkNWZjMDFjZDdiY2UzMDE0MGJkMSIsInRhZyI6IiJ9', 4, 4, 'Sunt cupidatat quisq', 'Recusandae Mollit e', 3, 8, 'Dolore mollit omnis', 'Quis eligendi vero d', 2, '2012-11-12', '+1 (325) 943-7187', NULL, NULL, 1, 7, NULL, '42346587687', '786876876', 'Rooney Payne', '142424', '2007', '42', 'Dara Monroe', '4242454', '1991', '77', NULL, NULL, 1, 1, 0, NULL, 1, NULL, '2022-10-02 12:17:47', '2022-10-02 12:17:47', NULL, NULL, NULL, NULL, NULL, NULL, NULL, NULL, NULL, NULL, NULL, NULL, NULL),
(3, '1003', NULL, 4, 3, '2022-10-02', 'Hayden', 'Delgado', 'Mechelle Morse', 'Steel Norris', 'qitisuxyj@mailinator.com', NULL, '$2y$10$uFgBIoBdiaip14.wLfyBvO9Tc9j6epfJjm9uEFlNZVEU1KYeNj1Oi', 'eyJpdiI6IlJqbUFUU0pqRGFEUUpOeVppY01LN1E9PSIsInZhbHVlIjoickt0VXFwelV0Z1NZQU03WWZ5dnVYZz09IiwibWFjIjoiMDhhMzY3MzNlNjhjODMyYzZiOWQ2ZmEyYWRhMWVmY2Q1ZTlhOWJlNDY0MWNiNWM0ZDRlMDQ1Mzg0NTc3ZDdmNCIsInRhZyI6IiJ9', 2, 7, 'Deserunt dolorem et', 'Est enim ab aliquip', 1, 1, 'Omnis rerum dolore n', 'Sint ut cillum numqu', 1, '1987-07-15', '+1 (316) 682-6975', NULL, NULL, 4, 1, NULL, '1245687979', '789876876', 'Uriel Ortega', '457578', '1971', '88', 'Eaton Haley', '4654645', '1979', '77', NULL, NULL, 1, 1, 0, NULL, 1, NULL, '2022-10-02 12:20:00', '2022-10-02 12:20:00', NULL, NULL, NULL, NULL, NULL, NULL, NULL, NULL, NULL, NULL, NULL, NULL, NULL),
(4, '1004', NULL, 4, 3, '2022-10-02', 'Abigail', 'Robles', 'Jolene Zimmerman', 'Sierra Valencia', 'ravihor@mailinator.com', NULL, '$2y$10$wg/Dys9rYeaqNUUkA.1WjO6lc1EvxaPEihHVn1gS7/LbXqnIKEm8i', 'eyJpdiI6IjVJYWdWVE1wd2xaQVFkcUNFcGxmUFE9PSIsInZhbHVlIjoicEt2REdnckhlbmg2TVhOUTBwaWNZUT09IiwibWFjIjoiYzI1YTVkZDcwYWU3Y2ZhMzgxYzM3N2I1ZGJlYmQ4NTg0YjUxMTY4YWM5OGFiM2Y3NGQyM2ZjMzQ5NTMwMWIyNSIsInRhZyI6IiJ9', 3, 9, 'Rerum aliqua Sunt u', 'Dolore quasi quia al', 1, 1, 'Commodi repellendus', 'Distinctio Qui aliq', 2, '2007-10-13', '+1 (288) 828-3796', NULL, NULL, 1, 3, NULL, '4687698', '8796879', 'Elvis Hawkins', '45678676', '1981', '55', 'Mona Berry', '87687687', '1993', '78', NULL, NULL, 1, 1, 0, NULL, 1, NULL, '2022-10-02 12:21:45', '2022-10-02 12:21:45', NULL, NULL, NULL, NULL, NULL, NULL, NULL, NULL, NULL, NULL, NULL, NULL, NULL),
(5, '1005', NULL, 4, 2, '2022-10-02', 'Brooke', 'Kelly', 'Kai Walker', 'Mikayla Mccoy', 'ficuqujoju@mailinator.com', NULL, '$2y$10$Rr41JBJspW2zslNgCWCRe.itQH8f8un16UOZaG/5.mBUCf.XtOn.6', 'eyJpdiI6IlZySFBkMllFVVFUUThhNm5DQWJETnc9PSIsInZhbHVlIjoidjNRcFNmOHhaMkJEMGI5VG91NTM3UT09IiwibWFjIjoiMDcwZWY1ZTdhMTliYzdmNjY1MTJjZTVmOGVhNjdkZDI4YzFhZjM2NTg2ZGU2MzU3NDI0ZjNlYWJiZTI4MDgzYyIsInRhZyI6IiJ9', 4, 12, 'Eius maiores ut iust', 'Fuga Minima quaerat', 2, 13, 'Enim reprehenderit d', 'Minim laudantium do', 1, '1988-01-23', '+1 (803) 438-3494', NULL, NULL, 5, 7, NULL, '4656878', '86876876', 'Olivia Rodgers', '56876543', '1988', '56', 'Camille Hewitt', '45656878', '1994', '86', 'student_1664734989.jpg', NULL, 1, 1, 0, NULL, 1, NULL, '2022-10-02 12:23:09', '2022-10-02 12:23:09', NULL, NULL, NULL, NULL, NULL, NULL, NULL, NULL, NULL, NULL, NULL, NULL, NULL),
(6, '1006', NULL, 4, 2, '2022-10-02', 'Zelenia', 'Cantu', 'Quon Hood', 'Shelley Benson', 'qalaqys@mailinator.com', NULL, '$2y$10$Wp3G22i4x.Ow2AERJbrRke6Uzz6xOMIsxYLyiHSrHGpJc6/IWdA4e', 'eyJpdiI6IkdNNFFGSjlvSDFHM2JWMkVOUDhFcEE9PSIsInZhbHVlIjoiT0N2WkY3TTVPTC9SODJsRUt1WEkwZz09IiwibWFjIjoiYWJlMjlkZDNiM2FkOTJhYzc5MWU2Y2ZjMmU2MzBhYjM1NTZhZGI1OGVkZDczNTM0Zjg5ODA0MWY1M2IzNzY4MiIsInRhZyI6IiJ9', 3, 9, 'Dolor porro nobis lo', 'Vel praesentium in u', 2, 13, 'Voluptate ipsum omni', 'Sunt aliquam in et m', 1, '1979-06-03', '+1 (353) 316-1389', NULL, NULL, 3, 6, NULL, '44578787', '125787545', 'Hanna Curry', '34546565', '2010', '56', 'Keaton Haley', '567878764', '1985', '87', NULL, NULL, 1, 1, 0, NULL, 1, NULL, '2022-10-02 12:26:33', '2022-10-02 12:26:33', NULL, NULL, NULL, NULL, NULL, NULL, NULL, NULL, NULL, NULL, NULL, NULL, NULL),
(7, '1007', NULL, 5, 2, '2022-10-02', 'Kieran', 'Hahn', 'Kyle Mccray', 'Beau Hobbs', 'fiqixijeg@mailinator.com', NULL, '$2y$10$UYbKmXg4PFh7kz3Xd6iRPuAOHyyZ3VgKEtPdtCHp.x0RNaWpmNN.6', 'eyJpdiI6IjJUckxOa1BTY3ozc1IwV2x6RXR4UFE9PSIsInZhbHVlIjoiRmZPK3JJQW9XdmlRazduQ2tEQXdSQT09IiwibWFjIjoiYWU3YWUyOGE3ZDc5NGQ4N2I3NWIyMGU4ZmRmZTEwN2RhMTA1NjRhMGIyNTIxNjM4OTJmZGJlOTFiMGQyODI4YyIsInRhZyI6IiJ9', 3, 9, 'Aut reiciendis illum', 'Aspernatur reprehend', 4, 4, 'Tempore pariatur E', 'Quis aperiam provide', 3, '2006-08-15', '+1 (436) 556-7083', NULL, NULL, 3, 7, NULL, '57867989', '235436576', 'Hyacinth Wong', '2147483647', '2003', '77', 'Kennan Finch', '2147483647', '2002', '45', 'staff1_1664735260.jpg', NULL, 1, 1, 0, NULL, 1, 1, '2022-10-02 12:27:40', '2022-10-02 12:39:58', NULL, NULL, NULL, NULL, NULL, NULL, NULL, NULL, NULL, NULL, NULL, NULL, NULL),
(8, '1008', NULL, 5, 2, '2022-10-02', 'Nyssa', 'Mcdonald', 'Lacota Campbell', 'Brenden Murphy', 'qekehohi@mailinator.com', NULL, '$2y$10$.f3iVO8Xc3e//cm8r9X0gu0laJGIi3VL47lPEo4yrpuPzLRDmoNhi', 'eyJpdiI6Ijc4QllvZWN6dEI3QUFFS1BtRW80Wnc9PSIsInZhbHVlIjoicnJZeFVvWnYxOTQ5L1d2Y2lPcFR0Zz09IiwibWFjIjoiMjJkNzNhY2E2NGU0ZTVlMWIxMWI3NmViM2M5MzdjOGI0NzYzNWRiMDM5OWI0MTYzZjcwYjM3ZmMyMTg3ZWUyNSIsInRhZyI6IiJ9', 4, 5, 'Qui rem dolorem sed', 'Vel consequuntur ea', 3, 10, 'Molestiae nihil dolo', 'Iure expedita itaque', 1, '2021-03-15', '+1 (144) 822-6816', NULL, NULL, 5, 6, NULL, '7875454756', '157867547', 'Hedwig Evans', '54867878', '2010', '89', 'Cailin Serrano', '2147483647', '2001', '45', NULL, NULL, 1, 1, 0, NULL, 1, 1, '2022-10-02 12:29:17', '2022-10-02 12:32:31', NULL, NULL, NULL, NULL, NULL, NULL, NULL, NULL, NULL, NULL, NULL, NULL, NULL),
(9, '1009', NULL, 4, 3, '2022-10-03', 'Bevis', 'Horton', 'Kennan Watts', 'Rhiannon Kirkland', 'curixivuf@mailinator.com', NULL, '$2y$10$WDEeMmA9s7Ext/nOAFSCUeUfxWIPWf1RFHs9u/e6gYS3uN0INcpXS', 'eyJpdiI6ImFuWkc3VGgyUExZUkR6NWxQcEdMVGc9PSIsInZhbHVlIjoiWFBzNU83aHpMOGUyNEltV1dadGNQZz09IiwibWFjIjoiZmVmMzY0NjZkYzFlMjU4M2ZkNmUzZDBlNTlhOTNhOTM5MmMxNzEwOTQ5MTI3OWU3NDRiYWExNmVhMjFlZTY5YiIsInRhZyI6IiJ9', 3, 8, 'Ducimus aut nulla t', 'Aliquip non perspici', 4, 4, 'Maiores incididunt p', 'Dolor excepturi Nam', 2, '1995-11-27', '+1 (833) 984-7695', NULL, NULL, 1, 6, NULL, '457778778', '844687564', 'Bernard Houston', '75687686', '1977', '58', 'Wesley Henry', '78687989', '1984', '69', NULL, NULL, 1, 1, 1, NULL, 1, NULL, '2022-10-03 16:22:23', '2022-10-03 16:22:23', NULL, NULL, NULL, NULL, NULL, NULL, NULL, NULL, NULL, NULL, NULL, NULL, NULL),
(10, '1010', NULL, 5, 3, '2022-10-04', 'Julie', 'Stafford', 'Nicholas Bauer', 'Heather Willis', 'dyvybozypi@mailinator.com', NULL, '$2y$10$UbHEVW9.otCd4f3VGjLDI.LPIV/3IOfKv97RFqhHPdNTVTTPi0Bu.', 'eyJpdiI6InVsMFdyb3l6Wk83ZUdzOVphbjNXQ3c9PSIsInZhbHVlIjoiSlRvbG82azFGTmx4Rzd0MmljZ2NLQT09IiwibWFjIjoiNDkxNzBhZGFiYWU2MjM3MTI1NWI0MWE4ZTgyZjFlMjkwMDg2YWJiZjlkMTNkMWVjZDNjM2U3YTkzZTg3MjlmNCIsInRhZyI6IiJ9', 1, 6, 'Reprehenderit obcae', 'Eum voluptatibus in', 1, 6, 'Repudiandae est mini', 'Beatae enim tempor e', 1, '2010-01-10', '+1 (389) 703-8218', NULL, NULL, 5, 7, NULL, '548678978', '2348587897', 'Oren Leon', '487878', '1978', '78', 'Lila Duke', '692489', '1995', '69', NULL, NULL, 1, 1, 0, NULL, 1, NULL, '2022-10-04 05:51:47', '2022-10-04 05:51:47', NULL, NULL, NULL, NULL, NULL, NULL, NULL, NULL, NULL, NULL, NULL, NULL, NULL),
(11, '1011', NULL, 5, 3, '2022-10-04', 'Austin', 'Ochoa', 'Ingrid Drake', 'Hollee Sexton', 'dypiwizup@mailinator.com', NULL, '$2y$10$yRX1PFsT83p7SpLjS24TxOIu09aRZ8zvNLQqLLsqEbUKDYhjmuwyK', 'eyJpdiI6IkxHWVNQZHJXYzdOVFJieXZ3TGxndUE9PSIsInZhbHVlIjoiRUR5bFRNa2E3TnNwd0l0OForanJFZz09IiwibWFjIjoiNjY3M2EyZTMxZjNlZjAxMDc0ZGNkMGY4NTk5ZTQzNTI4ZTgxNzA2Yzg0YTExNTM1Y2Q2MGQ0ZjdmZTZmMjZkMCIsInRhZyI6IiJ9', 2, 7, 'Non dolor repellendu', 'Assumenda itaque sit', 2, 13, 'Iure iure asperiores', 'Nemo excepturi eum q', 1, '2004-11-06', '+1 (884) 749-5351', NULL, NULL, 5, 5, NULL, '7875454', '01248787548', 'Ulric Lloyd', '21454545', '2000', '56', 'Giacomo Holman', '24587878', '2001', '64', 'student_1664884390.jpg', NULL, 1, 1, 0, NULL, 1, NULL, '2022-10-04 05:53:10', '2022-10-04 05:53:10', NULL, NULL, NULL, NULL, NULL, NULL, NULL, NULL, NULL, NULL, NULL, NULL, NULL),
(12, '1012', NULL, 5, 3, '2022-10-04', 'Carter', 'Donovan', 'Dalton Walters', 'Idona Mitchell', 'zipukamixi@mailinator.com', NULL, '$2y$10$Q/sOqBj0v/y58tDJmJzxeeFy97hsIRjiqtDDSoILXkXLuxjY0567e', 'eyJpdiI6IjlHeG45dVNNWldTdjVUazlRUXZCS3c9PSIsInZhbHVlIjoidkJLaUhwT3J6NWh3eitJK2JXVXRzUT09IiwibWFjIjoiMDFlYWU1YWJjN2NjMzVmOTIxMzA4ODJlNzA1ZTJlOWQ5MTIyYzYzNzdlYmYzZDY1MjNkOTQxN2Y4N2Y1NzY3MSIsInRhZyI6IiJ9', 4, 3, 'Cum ut eum vel aut q', 'Voluptatem fugiat et', 3, 8, 'Libero consectetur v', 'Aliquip esse volupta', 2, '1992-11-29', '+1 (558) 569-2348', NULL, NULL, 4, 4, NULL, '48754548784', '218754778784', 'Gil Henry', '24878854', '1987', '96', 'Xander Yang', '56978874', '1970', '47', NULL, NULL, 1, 1, 0, NULL, 1, 1, '2022-10-04 05:54:20', '2022-10-04 05:54:43', NULL, NULL, NULL, NULL, NULL, NULL, NULL, NULL, NULL, NULL, NULL, NULL, NULL),
(13, '1013', NULL, 5, 2, '2022-10-04', 'Susan', 'Bond', 'Todd Barry', 'Maggie Logan', 'gypuce@mailinator.com', NULL, '$2y$10$hVWcWz8Gmkh4YG/3hVkYF.Ql1kcQ6OH5JL/HsAMMT2yIgvVUeVAD.', 'eyJpdiI6IlNxQk92RGtDMndoc0YvRDZrU1drOXc9PSIsInZhbHVlIjoiNWwvV3pjUUtlN1J4VUlLWVFwajhtUT09IiwibWFjIjoiOWZiOGMyMTI0NTA2OGU2YjA1ZTUyNDZjNjI3ZTczZDg4ZjJiMTc0MWY1YzlmMmU0YmJhYzRlYzRmYzIxODZjYyIsInRhZyI6IiJ9', 2, 7, 'Sit cupiditate nemo', 'Esse officia molesti', 2, 13, 'Ipsum incidunt libe', 'Nisi est pariatur', 2, '1980-10-01', '+1 (566) 386-4189', NULL, NULL, 5, 8, NULL, '5478895457', '2156895548', 'Marah Schwartz', '178454777', '1972', '97', 'Benjamin Herman', '2147483647', '2002', '63', 'student_1664884572.jpg', NULL, 1, 1, 0, NULL, 1, NULL, '2022-10-04 05:56:12', '2022-10-04 05:56:12', NULL, NULL, NULL, NULL, NULL, NULL, NULL, NULL, NULL, NULL, NULL, NULL, NULL),
(14, '1014', NULL, 5, 3, '2022-10-04', 'Rylee', 'Pratt', 'Henry Pollard', 'Russell Rosa', 'student@mail.com', NULL, '$2y$10$cyU517mZqL56JHlS7UGlxumTgb5lUmO4JVgqzYNG.taiW5.XToil6', 'eyJpdiI6IjNzekIrZlF4RWZ2Q2dPREFOZjhUVVE9PSIsInZhbHVlIjoiQW5aYmZrZStKR2F3Nm9uekM3MHhGQT09IiwibWFjIjoiMmFhNzc4ZjE0NTZmM2I5ZmViOTNlNjExMDdmZWJmNGE3YTkwYjljMDAxZmViZjI5NTU2MTVjMjg3ODkyYjE4NSIsInRhZyI6IiJ9', 3, 10, NULL, 'Nihil fuga Tempore', 4, 4, NULL, 'Est illo officia do', 3, '1972-03-25', '+1 (611) 728-8917', NULL, NULL, 3, 1, NULL, '2458787', '2156787', 'Linus Rowland', '78545487', '1995', '96', 'Oliver Charles', '159887845', '2002', '78', 'staff1_1664884807.jpg', NULL, 1, 1, 0, 'SKD8lhKVv0vRDH7DITodddnJqWqAqKoaiNkTVdVL8nrUAXgthM6ihUUzuE83', 1, 1, '2022-10-04 06:00:07', '2024-09-30 12:07:31', NULL, NULL, NULL, NULL, NULL, NULL, NULL, NULL, NULL, NULL, NULL, NULL, NULL),
(15, '456123789', NULL, 13, 11, '2025-04-24', 'Debabrat', 'Behera', 'Laxmidhar Behera', 'Sukanti Behera', 'deba@gmail.com', NULL, '$2y$10$poOj9TOiJ65tep2XU24Pqe91V8mlHbmXEdAmIKT.d5ewdX7lp2TeC', 'eyJpdiI6IlBRdUx6ekpINFVkZnZKdldmalRONkE9PSIsInZhbHVlIjoieTRzMEFpa1B2ZStnZHptdjVvL0Radz09IiwibWFjIjoiZGNlYWQ2M2UwYmY1NDFhNDZmZGE2OWNlZWJhYTIyNGJiZjdmNzc0NjQ2ZTE2YWQ1NWE5ZGVhMTgxN2EyZTM4YyIsInRhZyI6IiJ9', 19, 66, NULL, 'demo', 0, 0, NULL, NULL, 1, '2006-04-28', '78529377883', '8260666587', NULL, 2, 7, NULL, '788545855', '48925655426', NULL, NULL, NULL, NULL, NULL, NULL, NULL, NULL, 'demo_image_1745496329.jpeg', 'demo_image_1745496329.jpeg', 1, 1, 0, NULL, 1, NULL, '2025-04-24 19:05:29', '2025-04-24 19:05:29', 'Business', 'House Wife', NULL, NULL, NULL, 'Hindu', NULL, NULL, NULL, 'demo_image_1745496329.jpeg', 'demo_image_1745496329.jpeg', 'demo_image_1745496329.jpeg', 'demo_image_1745496329.jpeg'),
(16, '9930754862', NULL, 13, 11, '2025-04-24', 'Jagannath', 'Prasad Lenka', 'Pramod kumar Lenka', 'Kasturi Lenka', 'jagu@gmail.com', NULL, '$2y$10$poOj9TOiJ65tep2XU24Pqe91V8mlHbmXEdAmIKT.d5ewdX7lp2TeC', 'eyJpdiI6IlR2Wmd1bCtndzhVTjZIVElmVVh5bUE9PSIsInZhbHVlIjoid2FzVk5jZ0pEaFdWeG1UaC9JOTFFUT09IiwibWFjIjoiNmQyZGZkM2Q1YWNhMGUzODE1MDM4NDZlNjAwM2E0NzNmZGRmODNlYWE5ZWVkODlmODliZDdkODgxMmUwYjEwOSIsInRhZyI6IiJ9', 0, 0, NULL, NULL, 0, 0, NULL, NULL, 1, '2025-04-24', '8260666587', '7852937783', NULL, 1, 7, NULL, '456789123q', '454544846', NULL, NULL, NULL, NULL, NULL, NULL, NULL, NULL, 'demo_image_1745496773.jpeg', 'demo_image_1745496773.jpeg', 1, 1, 0, NULL, 1, NULL, '2025-04-24 19:12:53', '2025-04-25 11:46:13', 'Bank Manager', 'House Wife', NULL, NULL, NULL, 'Hindu', NULL, NULL, NULL, 'demo_image_1745496773.jpeg', 'demo_image_1745496773.jpeg', 'demo_image_1745496773.jpeg', 'demo_image_1745496773.jpeg'),
(17, '4561235896', NULL, 13, 11, '2025-04-24', 'Nikhil', 'Kumar Mohanta', 'Jagannath Mohanta', 'Kasum Mohanta', 'nikhil@gmail.com', NULL, '$2y$10$as/BhRk6okrgIfzI30eYfuqA5v2GVMyxHGXQhiINzXoK3k9PQa1.m', 'eyJpdiI6IlhTRmpZd3JtYUdIdmw3UWlHUDg2L0E9PSIsInZhbHVlIjoiVGtOVUhKUzNCT25VK1hGVjJycFBLdz09IiwibWFjIjoiOTVhZjgyMDY4MDA0OTM2MzQ5YzJmODk1NjMwOWJlODg4NmY1NmM2Yzc0ZTVmZGQ5ZWZmYzgyMjY0NzFiNWRlOSIsInRhZyI6IiJ9', 0, 0, NULL, NULL, 0, 0, NULL, NULL, 1, '2025-04-24', '789456125', '7852937783`', NULL, 1, 3, NULL, '45612358569', '456874256', NULL, NULL, NULL, NULL, NULL, NULL, NULL, NULL, 'demo_image_1745497140.jpeg', 'demo_image_1745497140.jpeg', 1, 1, 0, NULL, 1, NULL, '2025-04-24 19:19:00', '2025-04-24 19:19:00', 'JOb', 'House Wife', NULL, NULL, NULL, 'Hindu', NULL, NULL, NULL, 'demo_image_1745497140.jpeg', 'demo_image_1745497140.jpeg', 'demo_image_1745497140.jpeg', 'demo_image_1745497140.jpeg'),
(18, '7852937783', NULL, 12, 11, '2025-04-24', 'Sukrant', 'Sunay', 'Baldev', 'Surnu sunay', 'sukrant@gmail.com', NULL, '$2y$10$HT68DGUVMFURB0WqE/P1V.ewCh4ECsaiYGk0DpiZdtGjfmJP0IWsm', 'eyJpdiI6Im5MUExvNFZmMEwyMjBYQmpyU0VtSFE9PSIsInZhbHVlIjoib3prNzRJWDBOeC8wSittQUhzWi9wUT09IiwibWFjIjoiNWI4YzkxYzM5MzAwMGYwYjMzNjNhODQwOTQwMzI2OTY1Yzc2NDM4NDE3NTY5MTM0MzRmZGM2MDQ0OTQ5OThlNSIsInRhZyI6IiJ9', 0, 0, NULL, NULL, 0, 0, NULL, NULL, 1, '2025-04-24', '7852937783', '7852937783', NULL, NULL, NULL, NULL, NULL, NULL, NULL, NULL, NULL, NULL, NULL, NULL, NULL, NULL, 'demo_image_1745497372.jpeg', 'demo_image_1745497372.jpeg', 1, 1, 0, NULL, 1, NULL, '2025-04-24 19:22:52', '2025-04-24 19:22:52', 'job', 'Housewife', NULL, NULL, NULL, 'Hindu', NULL, NULL, NULL, 'demo_image_1745497372.jpeg', 'demo_image_1745497372.jpeg', 'demo_image_1745497372.jpeg', 'demo_image_1745497372.jpeg'),
(19, '456123', NULL, 12, 11, '2025-04-24', 'satyabrata', 'rout', 'kapilesh rout', 'pramila rout', 'satya@gmail.com', NULL, '$2y$10$GKVgkAutbyBxBde2WetmLOkKj45pQCKV9heRKTEPQB4hi5OsMcWey', 'eyJpdiI6IklzYW9kaUkrYTF6eHl3OGM1SGpVMFE9PSIsInZhbHVlIjoiaVhVeHFCOHZhVzZ1d1Z0K3F4U2tKZz09IiwibWFjIjoiNGEzNjc3YTZhMjEzNDQ4NjY1MDM3MjYwNWRkNzYzZTgzYTk4NmZhY2ViNzcxZmI4ZDEzZmI4ZWU3YzZiNjVkZSIsInRhZyI6IiJ9', 19, 50, NULL, 'chandipur', 0, 0, NULL, NULL, 1, '2025-04-24', '8908414370', '07568964782', NULL, 2, 7, NULL, NULL, NULL, '123456', '123456', NULL, NULL, NULL, NULL, NULL, NULL, 'WhatsApp_Image_2024_12_22_at_10.39.42_d6b8b002_1745497461.jpg', 'WhatsApp_Image_2024_12_22_at_10.39.42_d6b8b002_1745497461.jpg', 1, 1, 0, NULL, 1, NULL, '2025-04-24 19:24:21', '2025-04-24 19:24:21', 'teacher', 'houswife', NULL, NULL, NULL, 'hindu', NULL, NULL, NULL, 'WhatsApp_Image_2024_08_19_at_11.10.22_b5b03413_1745497461.jpg', 'WhatsApp_Image_2024_12_22_at_10.39.42_d6b8b002_1745497461.jpg', 'WhatsApp_Image_2024_10_29_at_13.05.39_191eba76_1745497461.jpg', 'WhatsApp_Image_2024_12_22_at_10.39.42_d6b8b002_1745497461.jpg'),
(20, '456123789545', NULL, 13, 11, '2025-04-24', 'Priyanka', 'Mishra', 'Dasrath MIshra', 'Kuntala Mishra', 'priyanka@gmail.com', NULL, '$2y$10$6xlv2sRTif01hn1ITuHWGebA.2CWa/AAuCIP20Y/EjwHXNn4wc0Ta', 'eyJpdiI6IkMzNExFQWhhaktKVENSbFhCQWp1bHc9PSIsInZhbHVlIjoiL0pWb0dSaWlUdDBLZlNCK0V5UmtmUT09IiwibWFjIjoiNDUxM2NlNWRlMjY5MzA0MTQ3YWI4MGRmZmEwZjMzOWEyNGI5NGQzOWQzMzNmNjE5NzMyNDQxNGFhODgwNmU1NCIsInRhZyI6IiJ9', 0, 0, NULL, NULL, 0, 0, NULL, NULL, 2, '2025-04-24', '7852937783', NULL, NULL, NULL, NULL, NULL, NULL, NULL, NULL, NULL, NULL, NULL, NULL, NULL, NULL, NULL, 'demo_image_1745497823.jpeg', 'demo_image_1745497823.jpeg', 1, 1, 0, NULL, 1, NULL, '2025-04-24 19:30:23', '2025-04-24 19:30:23', 'businessman', 'Housewife', NULL, NULL, NULL, NULL, NULL, NULL, NULL, 'demo_image_1745497823.jpeg', 'demo_image_1745497823.jpeg', 'demo_image_1745497823.jpeg', 'demo_image_1745497823.jpeg'),
(21, '4841653464616', NULL, 12, 11, '2025-04-25', 'Debabrat', 'Behera', 'Laxmidhar Behera', 'Sukanti Behera', 'debabratbehera04@gmail.com', NULL, '$2y$10$TavRzevjP4JTTa0PVUql5OwbqGAj1k3AcjVkpOOpUg3WkIhOtoHAS', 'eyJpdiI6IlowcjFJZ3dmUmV3TDI0dUk0R3dsbXc9PSIsInZhbHVlIjoiSkNCSm56NldCdVJvVUZnTGZHd1VnQT09IiwibWFjIjoiYzU1MjIxOGE4Y2Y3M2U1MTVkNjc5MTE5MmZkMmY1MTZkODg0NmIwODZlOGRjZGJlNGM4OGQ1NDI2YzI3MTM3MyIsInRhZyI6IiJ9', 0, 0, NULL, NULL, 0, 0, NULL, NULL, 1, '2006-04-28', '7852937783', NULL, NULL, NULL, NULL, NULL, NULL, NULL, NULL, NULL, NULL, NULL, NULL, NULL, NULL, NULL, 'WhatsApp_Image_2025_04_29_at_4.17.14_PM_1745923668.jpeg', NULL, 1, 1, 0, NULL, 1, 1, '2025-04-25 12:30:01', '2025-04-29 17:47:48', 'Business', 'Housewife', NULL, NULL, NULL, NULL, NULL, NULL, NULL, '544c738cfd37463e6f07b4f89fd38f72_1745920030.png', NULL, NULL, NULL),
(22, 'STND00001', '10000003', 12, 11, '2025-04-25', 'Prabin', 'Bala', 'SB', 'NA', 'prabinbala2@gmail.com', NULL, '$2y$10$ugMV5qLEvb6eXE8ctXOvfO8vhlTEw3TnVI5MweW/sITNAnaPkO2fK', 'eyJpdiI6IlFudzRBL20ya1E3SVVYS1ArMXA2cmc9PSIsInZhbHVlIjoidThsOUtvQkkvbGV3N2JqNTNlLzJGUT09IiwibWFjIjoiYTUxMzBjMGJhY2E3YzlhNmM5OTg4MjZiYjA3NTMyMzE5MTA5ZjEzNzI4YjBiNjZlM2Q1MGNiNjY1YmQ2ZmI4YyIsInRhZyI6IiJ9', 19, 70, NULL, '193', 19, 70, NULL, '193', 1, '1998-03-20', '8018229536', NULL, NULL, 1, 6, NULL, NULL, NULL, 'BSE', '1232123', '2013', '360', 'HSC', '3212321', '3015', '420', 'demoo_1745909589.jpeg', 'demoo_1745909589.jpeg', 1, 1, 0, NULL, 1, 1, '2025-04-25 13:04:45', '2025-04-29 13:53:09', 'NA', 'NA', NULL, NULL, NULL, NULL, NULL, NULL, NULL, '544c738cfd37463e6f07b4f89fd38f72_1745909418.png', '544c738cfd37463e6f07b4f89fd38f72_1745909418.png', '544c738cfd37463e6f07b4f89fd38f72_1745909418.png', '544c738cfd37463e6f07b4f89fd38f72_1745909418.png'),
(23, '876666648', NULL, 12, 11, '2025-04-25', 'Biswajjet', 'Mohanta', 'Debjarh Mohanta', 'Sakuntala Mohanta', 'debabratbehera2@gmail.com', NULL, '$2y$10$tKM9u7xrnQ62Z65BU0xk7.9Tnm9D8SsQMvkyB55HRzpRHBqYzy8uS', 'eyJpdiI6Ik5meDdvbTJvbmZJU0RqQlcyNDd5Q3c9PSIsInZhbHVlIjoidVcwTXJkeG9yZGZFQk1DdjJjdDdmUT09IiwibWFjIjoiZjE1YzIxYzk5NGFjZGI2NDVhZWM0MzgyMjlkNzA0Mjc2YmZkYTQ2MDkxZjlhMTJiMDc5ZDZhZTdlMWNmOTg3OSIsInRhZyI6IiJ9', 0, 0, NULL, NULL, 0, 0, NULL, NULL, 1, '2025-04-25', '7852937783', NULL, NULL, NULL, 7, NULL, NULL, NULL, NULL, NULL, NULL, NULL, NULL, NULL, NULL, NULL, 'demoo_1745919891.jpeg', 'demoo_1745919891.jpeg', 1, 1, 0, NULL, 1, 1, '2025-04-25 13:09:41', '2025-04-29 16:44:51', 'Job', 'Housewife', NULL, NULL, NULL, NULL, NULL, NULL, NULL, '544c738cfd37463e6f07b4f89fd38f72_1745919891.png', '544c738cfd37463e6f07b4f89fd38f72_1745919891.png', NULL, NULL),
(24, '5499266926', NULL, 12, 11, '2025-04-25', 'Himesh', 'Behera', 'Aditya Behera', 'Geo Behera', 'himesh@gmail.com', NULL, '$2y$10$UA5VbTrQJ7uAIUXLMWEcjeKwXfUL0bSJCs6r9Dqvz85tZPn1r4PQS', 'eyJpdiI6Ikw5c0tEdnhOTUl4MnU2NE5uNU9iSUE9PSIsInZhbHVlIjoiOHg5Mzg1ZUJRdnJBbXlCaDRVeHg1QT09IiwibWFjIjoiZTAwMjQ0M2QwMDUxOWYwNTBjMjJhNGI5OTUwMDQyMjA5NjNkMzA1MTY5ZGQwMTQ4ZGY2YmE5YjFjZTZkYzVhNiIsInRhZyI6IiJ9', 0, 0, NULL, NULL, 0, 0, NULL, NULL, 1, '2025-04-25', '7852937783', NULL, NULL, NULL, NULL, NULL, NULL, NULL, NULL, NULL, NULL, NULL, NULL, NULL, NULL, NULL, 'demoo_1745919990.jpeg', NULL, 1, 1, 0, NULL, 1, 1, '2025-04-25 13:32:04', '2025-04-29 16:46:30', 'Job', 'Housewife', NULL, NULL, NULL, NULL, NULL, NULL, NULL, NULL, NULL, NULL, NULL),
(25, '589474152', NULL, 12, 11, '2025-04-25', 'Abinash', 'Mohanta', 'Raghuram Mohanta', 'Sita mohanta', 'abinash65@gmail.com', NULL, '$2y$10$/cN8Jg3aCkRLNdnHOT203.7N9BUloW6WvfDH5KG3N8JYMoAt6ig0O', 'eyJpdiI6InY1bVFKd004WHlGMnJXOG1aV2xIS3c9PSIsInZhbHVlIjoianNaRHlhbGdTUXlBdTZXWHR5Vyt1Zz09IiwibWFjIjoiYjFmMWQxOGQ5OTYyODQxYzA0YzE3YTNhODdlNTgwYzhiYzQxNzY2NzM5ZDFkODhlMzhmZGZhZmIwNzQ4NjhiZSIsInRhZyI6IiJ9', 0, 0, NULL, NULL, 0, 0, NULL, NULL, 1, '2025-04-25', '7852937783', NULL, NULL, NULL, NULL, NULL, NULL, NULL, NULL, NULL, NULL, NULL, NULL, NULL, NULL, NULL, 'demoo_1745919944.jpeg', NULL, 1, 1, 0, NULL, 1, 1, '2025-04-25 13:42:21', '2025-04-29 16:45:53', 'Business', 'Housewife', NULL, NULL, NULL, NULL, NULL, NULL, NULL, NULL, NULL, NULL, NULL),
(34, '1', NULL, 12, 11, '2025-04-29', 'sruti', 'mohapatra', 'prakash mohapatra', 'bindubasini mohapatra', 'srutipragnyam@gmail.com', NULL, '$2y$10$poOj9TOiJ65tep2XU24Pqe91V8mlHbmXEdAmIKT.d5ewdX7lp2TeC', 'eyJpdiI6Ims1MkxLTU4vM3I4OVROeFpucExpeVE9PSIsInZhbHVlIjoid1RFUDFrQlEvclJQT1ZYaWRXL1dsZz09IiwibWFjIjoiZTM3Zjg5Yzg4YjZkOWZhNjM3ZGRjY2U1NmRjNDZkN2ZjNDAyMGJkYTM0OWFmNzVhMmQ2YmVlZDlkMGVlMDlkOCIsInRhZyI6IiJ9', 19, 66, NULL, 'cuttack', 19, 66, NULL, 'cuttack', 2, '2025-04-24', '7873304319', NULL, NULL, 1, 1, NULL, NULL, NULL, 'text', '1234', '2021', '78', 'ghhg', '6789', '2019', NULL, 'demoo_1745919155.jpeg', 'demoo_1745919155.jpeg', 1, 1, 0, NULL, 1, NULL, '2025-04-29 16:32:35', '2025-04-29 16:32:35', 'business man', 'house wife', NULL, NULL, NULL, NULL, NULL, NULL, NULL, '544c738cfd37463e6f07b4f89fd38f72_1745919155.png', '544c738cfd37463e6f07b4f89fd38f72_1745919155.png', '544c738cfd37463e6f07b4f89fd38f72_1745919155.png', '544c738cfd37463e6f07b4f89fd38f72_1745919155.png'),
(35, '2', NULL, 12, 17, '2025-04-29', 'soumya', 'sahoo', 'pradip pradhan', 'sasmita roy', 'sruti@gmail.com', NULL, '$2y$10$pN0ESlpGPRWdFqWYJSbn5uloeZHWAbFf8CRR9.o1Upw2a3j6fDq3W', 'eyJpdiI6IjhhRHZ2cnVBa20xdmZHKzBnMDE3V1E9PSIsInZhbHVlIjoiM0U2RmZJOUJsdHo5aHhQTGFHRXRtUT09IiwibWFjIjoiZjJmMjZjZmJmNjBiZGJiZmIwZjQxMzA0ZGMwNWE1YmFiYTAxMDFmMzkwNjc4NDU1MTlhNjYxYzJjZmFlODYzNiIsInRhZyI6IiJ9', 19, 73, NULL, 'nayagarh', 19, 64, NULL, 'nayagarh', 2, '2025-04-29', '7873304319', NULL, NULL, NULL, NULL, NULL, NULL, NULL, NULL, NULL, NULL, NULL, NULL, NULL, NULL, NULL, 'demoo_1745919814.jpeg', 'demoo_1745919814.jpeg', 1, 1, 0, NULL, 1, NULL, '2025-04-29 16:43:34', '2025-04-29 16:43:34', 'business man', 'house wife', NULL, NULL, NULL, NULL, NULL, NULL, NULL, '544c738cfd37463e6f07b4f89fd38f72_1745919814.png', '544c738cfd37463e6f07b4f89fd38f72_1745919814.png', '544c738cfd37463e6f07b4f89fd38f72_1745919814.png', '544c738cfd37463e6f07b4f89fd38f72_1745919814.png'),
(36, '4', NULL, 12, 16, '2025-04-29', 'subhalaxmi', 'sahoo', 'tusar ojha', 'sasmita ojha', 'ambaja@gmail.com', NULL, '$2y$10$obAZStGV7RE.y2zZysElGODMmMVbLed.3/orCmTvEy2.nBhE13Cwu', 'eyJpdiI6IndlL2pjZ0NBU3ExK2VScElBaWRmQ2c9PSIsInZhbHVlIjoiNVE4MlJJaEp0VzlQbEIzQlFWVUt3QT09IiwibWFjIjoiMTFmMGFkMTZjNGRhZjY0MzUxNzU2NDNhZGU1NWU3OGM5ZjY1M2JiODI0MTljYWQ0OGEwZGIzYWYzNWJmOTZmMSIsInRhZyI6IiJ9', 0, 0, NULL, NULL, 0, 0, NULL, NULL, 2, '2025-04-22', '9437155290', NULL, NULL, NULL, NULL, NULL, NULL, NULL, NULL, NULL, NULL, NULL, NULL, NULL, NULL, NULL, 'demoo_1745920276.jpeg', NULL, 1, 1, 0, NULL, 1, NULL, '2025-04-29 16:51:16', '2025-04-29 16:51:16', 'business man', 'house wife', NULL, NULL, NULL, NULL, NULL, NULL, NULL, '544c738cfd37463e6f07b4f89fd38f72_1745920276.png', NULL, NULL, NULL),
(37, '5', NULL, 12, 12, '2025-04-29', 'harshita', 'das', 'dillip mohapatra', 'sangita mohapatra', 'harshiata@gmail.com', NULL, '$2y$10$5i8a6bvNncBHNc.GhskmzuFMsgtsi9ywg3dhcHv1U7Mtv.EWeJvRm', 'eyJpdiI6InhHNFhTd0RQRWNieUFuVloyYzBVa2c9PSIsInZhbHVlIjoiZ2N5QmU2aWw4TmRLcGRQbmFjNEJDdz09IiwibWFjIjoiZmY0ZTNiMTFhZTQ2YmM4ODE5NzA4ZmMxMzhmMTUwZmJhNTI2ZTNmOTlmZWViOWQ2NmNhMDM3OGM3ODVkMzlmZCIsInRhZyI6IiJ9', 0, 0, NULL, NULL, 0, 0, NULL, NULL, 2, '2025-04-24', '7873304319', NULL, NULL, NULL, NULL, NULL, NULL, NULL, NULL, NULL, NULL, NULL, NULL, NULL, NULL, NULL, 'demoo_1745921194.jpeg', NULL, 1, 1, 0, NULL, 1, NULL, '2025-04-29 17:06:34', '2025-04-29 17:06:34', 'business man', 'house wife', NULL, NULL, NULL, NULL, NULL, NULL, NULL, '544c738cfd37463e6f07b4f89fd38f72_1745921194.png', NULL, NULL, NULL),
(38, '6', NULL, 12, 14, '2025-04-29', 'suman', 'pradhan', 'pradip pradhan', 'rani pradhan', 'suman@gmail.com', NULL, '$2y$10$IbHaZ0nK7tHe3vvT4lDaNO9yImLx1zVcKrdpU/utwHIcAL89fze7W', 'eyJpdiI6InFqUUczVjEvcjlJU3cwbkRFd2dHZWc9PSIsInZhbHVlIjoiY2NraU82cTM2NVFIbkxrVlVrYm9xdz09IiwibWFjIjoiNmIxZTIyZDc1M2JiZjUwOTM4MmY3ZjliMjZiNmUwMjNhMzI5OTVlMzdmMmI5ZTQ2NjJkOWU3MWVmNDcyYmFlYSIsInRhZyI6IiJ9', 0, 0, NULL, NULL, 0, 0, NULL, NULL, 2, '2025-04-28', '7873304319', NULL, NULL, NULL, NULL, NULL, NULL, NULL, NULL, NULL, NULL, NULL, NULL, NULL, NULL, NULL, 'demoo_1745921809.jpeg', NULL, 1, 1, 0, NULL, 1, NULL, '2025-04-29 17:16:49', '2025-04-29 17:16:49', 'business man', 'house wife', NULL, NULL, NULL, NULL, NULL, NULL, NULL, '544c738cfd37463e6f07b4f89fd38f72_1745921809.png', NULL, NULL, NULL),
(40, '9', NULL, 12, 16, '2025-04-29', 'pragnya', 'mohapatra', 'prakash mohapatra', 'bindubasini mohapatra', 'srutipragnyamohapatra9@gmail.com', NULL, '$2y$10$DE3SoBuCJqcd11/jugscKuO45GVlpQPPqRO0ssjBQhjX08psRgfgS', 'eyJpdiI6IkNZcm1qVjRUMTY0TkNVeHcrc0N5ZGc9PSIsInZhbHVlIjoiTEV3aHlRWXRsb3pFMHNRNkI3bm9Tdz09IiwibWFjIjoiOWY2Mzk2MTRjZjY5MWZmMzBlNmYzZjNmNTk2ZDA2NzY5NzM4Zjk4MGM1ZmFlYzlhZWY0ZmU2NjE5ZmRmM2UzOSIsInRhZyI6IiJ9', 0, 0, NULL, NULL, 0, 0, NULL, NULL, 2, '2025-04-29', '7873304319', NULL, NULL, NULL, NULL, NULL, NULL, NULL, NULL, NULL, NULL, NULL, NULL, NULL, NULL, NULL, 'demoo_1745922612.jpeg', NULL, 1, 1, 0, NULL, 1, NULL, '2025-04-29 17:30:12', '2025-04-29 17:30:12', 'business man', 'house wife', NULL, NULL, NULL, NULL, NULL, NULL, NULL, '544c738cfd37463e6f07b4f89fd38f72_1745922612.png', NULL, NULL, NULL),
(42, '3123', NULL, 14, 11, '2025-05-01', 'namita', 'pattanayak', 'fgfd', 'dfg', 'namitabbsr1@gmail.com', NULL, '$2y$10$apKPRuEcqb2mzNGI9T.94uwe6dupGc1MREYG4EFvSd80fa.p9Mi0y', 'eyJpdiI6ImVtWDN5ZDNwemNZOFU2QjhmdEF3R2c9PSIsInZhbHVlIjoibEd5bGdoRGJHdlRndmQ1VFhJVFFEQT09IiwibWFjIjoiNzZjMTk4ZmYwYzlkOGQzYWI5M2Q1ZGZlYTdiZDJhNmU3MjM2OTY5OTk4MjRlZTc2ZDc3NGEyYThhNjVkNWM3MyIsInRhZyI6IiJ9', 0, 0, NULL, NULL, 0, 0, NULL, NULL, 2, '2025-05-01', '9078543876', NULL, NULL, NULL, NULL, NULL, NULL, NULL, NULL, NULL, NULL, NULL, NULL, NULL, NULL, NULL, NULL, NULL, 1, 1, 0, NULL, 1, NULL, '2025-05-01 13:55:44', '2025-05-01 13:55:44', 'dfg', 'dfg', NULL, NULL, NULL, NULL, NULL, NULL, NULL, NULL, NULL, NULL, NULL),
(43, '11010', NULL, 14, 17, '2022-10-04', 'Julie', 'Staffordi', 'Nicholas Bauer', 'Heather Willis', 'dyvqybozypi@mailinator.com', NULL, '$2y$10$IZKW8RksXXho/96lnKmg0.qNwglDwnNzdEd8eg3DuwrGhkUvR/YFW', 'eyJpdiI6IndMM2gycWprZGhvaGJ2eWpRa1VQZlE9PSIsInZhbHVlIjoiRDVRWTBLSzBYbWFMM1ZhaFZnMGlydz09IiwibWFjIjoiNWY3MzNkNjU2MTUzM2ViMzQzOTAxZThkMjYxNzI4ZTIyMjhkNWI2NGUzMWUzZWY1MWM1Y2E4ZWUxNDQ0MWZmZiIsInRhZyI6IiJ9', NULL, NULL, NULL, NULL, NULL, NULL, NULL, NULL, 1, '2010-01-10', '+1 (389) 703-8218', NULL, NULL, NULL, NULL, NULL, NULL, NULL, NULL, NULL, NULL, NULL, NULL, NULL, NULL, NULL, NULL, NULL, 1, 1, 0, NULL, 1, NULL, '2025-05-05 16:59:11', '2025-05-05 16:59:11', NULL, NULL, NULL, NULL, NULL, NULL, NULL, NULL, NULL, NULL, NULL, NULL, NULL),
(44, '21011', NULL, 14, 17, '2022-10-05', 'Roble', 'Roble', 'a', 'v', 'ficuqujo.ju@mailinator.com', NULL, '$2y$10$qDMpug0Eh8SyXH0o2fpbgOz1zmX3zH6p5Au6P5F4xzse7EFWIdFZG', 'eyJpdiI6IkMvSVo4bVFqVEIwcldvZ3ZSb2RDQnc9PSIsInZhbHVlIjoiRy9IU3ZkWWc5bzVRS1AwSFFSOG55QT09IiwibWFjIjoiZGVhMjQwMjkyNWE2OTBhNTRmZDIzNWIyNDZkOWI4ZTM0MGE0NzM5ODRkMjI5NjhhM2Y4NTIzMTQ2ZDZiYzExYyIsInRhZyI6IiJ9', NULL, NULL, NULL, NULL, NULL, NULL, NULL, NULL, 2, '2010-01-11', '+1 (119) 978-8885', NULL, NULL, NULL, NULL, NULL, NULL, NULL, NULL, NULL, NULL, NULL, NULL, NULL, NULL, NULL, NULL, NULL, 1, 1, 0, NULL, 1, NULL, '2025-05-05 16:59:11', '2025-05-05 16:59:11', NULL, NULL, NULL, NULL, NULL, NULL, NULL, NULL, NULL, NULL, NULL, NULL, NULL),
(45, '31012', NULL, 14, 17, '2022-10-06', 'Kellyi', 'Kellyi', 'Noble Navarro', 'Noble Navarro', 'ficuquj1oju@mailinator.com', NULL, '$2y$10$N6mJLvBr/sT.OcOicEQwo.XyAdKNiRLHPB5nAWJzeKHex3y6euKje', 'eyJpdiI6ImpmRU56Y1FIc0lXWC9XVmFSNUdmVUE9PSIsInZhbHVlIjoib2JvekRSRkRLclRkeExVUTZyTmNwZz09IiwibWFjIjoiNjI2MTAxZWNlMGIxMTEzZThhNWQwYWFjNDJhY2YyNTZmYTE3MWZiNjhkMmU0ZmRiMzc2OTQ2YmU3NTMxZTdkYSIsInRhZyI6IiJ9', NULL, NULL, NULL, NULL, NULL, NULL, NULL, NULL, 2, '2010-01-12', '+1 (325) 943-7187', NULL, NULL, NULL, NULL, NULL, NULL, NULL, NULL, NULL, NULL, NULL, NULL, NULL, NULL, NULL, NULL, NULL, 1, 1, 0, NULL, 1, NULL, '2025-05-05 16:59:11', '2025-05-05 16:59:11', NULL, NULL, NULL, NULL, NULL, NULL, NULL, NULL, NULL, NULL, NULL, NULL, NULL),
(46, '31013', NULL, 14, 17, '2022-10-07', 'Cantui', 'Cantui', 'Sandra Gomez', 'Sandra Gomez', 'ficuqujo2ju@mailinator.com', NULL, '$2y$10$Wvt1LLbFUBZMcThNgT2OEe.PEgImOzmGxh7u5FZx76UTzEvpoOOD2', 'eyJpdiI6IlJ4anBRTUNUbDNqR3Y2NS92UUsybEE9PSIsInZhbHVlIjoiTWMyR0hyUjJEd0Fuemdld0RSL0lTUT09IiwibWFjIjoiZDVmOThmNTQwZjVjYTdkMjliZDU0NjBiYjg2MDM2OTgyODBhODMzZDk1NDViNTI1NDc0ZmIzZDUwYmYxYmRmZCIsInRhZyI6IiJ9', NULL, NULL, NULL, NULL, NULL, NULL, NULL, NULL, 1, '2010-01-13', '+1 (316) 682-6975', NULL, NULL, NULL, NULL, NULL, NULL, NULL, NULL, NULL, NULL, NULL, NULL, NULL, NULL, NULL, NULL, NULL, 1, 1, 0, NULL, 1, NULL, '2025-05-05 16:59:11', '2025-05-05 16:59:11', NULL, NULL, NULL, NULL, NULL, NULL, NULL, NULL, NULL, NULL, NULL, NULL, NULL),
(47, '31014', NULL, 14, 17, '2022-10-08', 'Hahni', 'Hahni', 'Mechelle Morse', 'Mechelle Morse', 'ficuqujo3ju@mailinator.com', NULL, '$2y$10$fOpiMCNjk6YGgSbpKMYafO2W7hbejvaHzBESSamxVnPNoSqg/yQcC', 'eyJpdiI6InJ5d1RsdnRWR3h2NllUL1BwS3RqdEE9PSIsInZhbHVlIjoieURjZytLWlR2by85TFhnOVRMTHJwZz09IiwibWFjIjoiZmIyYTkxNDM2MWYxYzU0MzNkOTRkYzU4YTkyMTMyYzQ5N2NiMWFkNzIzMDIyYWFlZDA4YTAwMmUwYWM3MzY0OSIsInRhZyI6IiJ9', NULL, NULL, NULL, NULL, NULL, NULL, NULL, NULL, 2, '2010-01-14', '+1 (288) 828-3796', NULL, NULL, NULL, NULL, NULL, NULL, NULL, NULL, NULL, NULL, NULL, NULL, NULL, NULL, NULL, NULL, NULL, 1, 1, 0, NULL, 1, NULL, '2025-05-05 16:59:11', '2025-05-05 16:59:11', NULL, NULL, NULL, NULL, NULL, NULL, NULL, NULL, NULL, NULL, NULL, NULL, NULL),
(48, '31015', NULL, 14, 17, '2022-10-09', 'Mcdonaldi', 'Mcdonaldi', 'Jolene Zimmerman', 'Jolene Zimmerman', 'ficuquj2oju@mailinator.com', NULL, '$2y$10$rq3Yi87Zx36k5NFLIFQo6OvarGw2DpSgcd5fAviE6MK/9BDJnHpEC', 'eyJpdiI6InJaMURFNERpWWVCbU85MjcyeElGaHc9PSIsInZhbHVlIjoiRk9iQ1ViNzJnbzJySEZycmZvNDZhUT09IiwibWFjIjoiN2I1NDU3NjViNjYxZTc2MDkzZTVjZjdlMmZmYTk1NTBjY2M0YjU4MzUyZmJhOWZkMzI1N2UwNmNhYjI5YTVkNCIsInRhZyI6IiJ9', NULL, NULL, NULL, NULL, NULL, NULL, NULL, NULL, 1, '2010-01-15', '+1 (803) 438-3494', NULL, NULL, NULL, NULL, NULL, NULL, NULL, NULL, NULL, NULL, NULL, NULL, NULL, NULL, NULL, NULL, NULL, 1, 1, 0, NULL, 1, NULL, '2025-05-05 16:59:11', '2025-05-05 16:59:11', NULL, NULL, NULL, NULL, NULL, NULL, NULL, NULL, NULL, NULL, NULL, NULL, NULL),
(49, '31016', NULL, 14, 17, '2022-10-10', 'Hortoni', 'Hortoni', 'Kai Walker', 'Kai Walker', 'fic2uqujoju@mailinator.com', NULL, '$2y$10$euEXTPOfJLa2UC1oggUZReBVe9F7rrBmE.Cgjbr6VkZ4sqc8IW8G.', 'eyJpdiI6ImlyTm84YWxCajhPV1Z3Y2tRY09UTWc9PSIsInZhbHVlIjoieWZqZTdNUTFOYXJLQWdvVURQQUNyZz09IiwibWFjIjoiNmU2MWNhMjkxYzBjODc3NGEzNGQ3NGU0YmMwODQ5M2QxNjQ5MjUxZTNjOWRkNDczMDBjZDZiYjEzZWI3NTc2OCIsInRhZyI6IiJ9', NULL, NULL, NULL, NULL, NULL, NULL, NULL, NULL, 1, '2010-01-16', '+1 (353) 316-1389', NULL, NULL, NULL, NULL, NULL, NULL, NULL, NULL, NULL, NULL, NULL, NULL, NULL, NULL, NULL, NULL, NULL, 1, 1, 0, NULL, 1, NULL, '2025-05-05 16:59:11', '2025-05-05 16:59:11', NULL, NULL, NULL, NULL, NULL, NULL, NULL, NULL, NULL, NULL, NULL, NULL, NULL),
(50, '31017', NULL, 14, 17, '2022-10-11', 'Staffordi', 'Staffordi', 'Quon Hood', 'Quon Hood', 'ficu2qujoju@mailinator.com', NULL, '$2y$10$GEBVQqVuotFyb6zyM/1uiuwtD94q5MGxbj/ItjBVr9//ZKlCvH25S', 'eyJpdiI6IjZnWUIxM3ptYkU3WGZPN2M0T0dGL0E9PSIsInZhbHVlIjoiWElPWTdFL3BBai9nRzZ1V01WVlhJZz09IiwibWFjIjoiNGYyODlkMDUxYmY2YWEwYjg3Y2RlNjE3MDQ0ZWU2ZDE0OWE4OTg1ODMzODkwOGFjOTZlMjAxNjBmOGU3YzliZiIsInRhZyI6IiJ9', NULL, NULL, NULL, NULL, NULL, NULL, NULL, NULL, 3, '2010-01-17', '+1 (436) 556-7083', NULL, NULL, NULL, NULL, NULL, NULL, NULL, NULL, NULL, NULL, NULL, NULL, NULL, NULL, NULL, NULL, NULL, 1, 1, 0, NULL, 1, NULL, '2025-05-05 16:59:11', '2025-05-05 16:59:11', NULL, NULL, NULL, NULL, NULL, NULL, NULL, NULL, NULL, NULL, NULL, NULL, NULL),
(51, '31018', NULL, 14, 17, '2022-10-12', 'Roble', 'Roble', 'Kyle Mccray', 'Kyle Mccray', 'ficuquj3oju@mailinator.com', NULL, '$2y$10$lrjjFBtsfTHHwbxY2lRA5OyejR/3iRfSEq2Mp71VQNacuNGdIScTS', 'eyJpdiI6IjVFeUtXRVdUNkw4ZjZ6Z0ZnSUlEdnc9PSIsInZhbHVlIjoiSVBINjBrWVlROTJBUk1sQkJyM0dLQT09IiwibWFjIjoiYmI4MDkzOGExZGY2ZGFhNDNkZGFjMThlZDc2ZjgwMGM4N2ZmODBkOGI0NzBjZDk4N2NkMjE0ZGNlMjRhNzRiMCIsInRhZyI6IiJ9', NULL, NULL, NULL, NULL, NULL, NULL, NULL, NULL, 1, '2010-01-18', '+1 (144) 822-6816', NULL, NULL, NULL, NULL, NULL, NULL, NULL, NULL, NULL, NULL, NULL, NULL, NULL, NULL, NULL, NULL, NULL, 1, 1, 0, NULL, 1, NULL, '2025-05-05 16:59:11', '2025-05-05 16:59:11', NULL, NULL, NULL, NULL, NULL, NULL, NULL, NULL, NULL, NULL, NULL, NULL, NULL),
(52, '31019', NULL, 14, 17, '2022-10-13', 'Kellyi', 'Kellyi', 'Lacota Campbell', 'Lacota Campbell', 'ficu3qujoju@mailinator.com', NULL, '$2y$10$RhtDZJBvh/7J5tMVHJ4yV.vLX0YyjMtMbXAxkicVv4ly/.l.Kt4py', 'eyJpdiI6IkloVm5hKzJOMjlJUld6K0UyMFdlbkE9PSIsInZhbHVlIjoiVktBbFZVRmZReTRiMmpNQXFDTXlhQT09IiwibWFjIjoiOTVkOGMwMzc2ZGZmN2FiNzg0MjhkZDY1NDYwZGE5ZmM5ZWJkOTE4YTdjMjRjNGIxMTkzMzVmMTU0ZDE2NDk0YiIsInRhZyI6IiJ9', NULL, NULL, NULL, NULL, NULL, NULL, NULL, NULL, 2, '2010-01-19', '+1 (833) 984-7695', NULL, NULL, NULL, NULL, NULL, NULL, NULL, NULL, NULL, NULL, NULL, NULL, NULL, NULL, NULL, NULL, NULL, 1, 1, 0, NULL, 1, NULL, '2025-05-05 16:59:11', '2025-05-05 16:59:11', NULL, NULL, NULL, NULL, NULL, NULL, NULL, NULL, NULL, NULL, NULL, NULL, NULL),
(53, '31020', NULL, 14, 17, '2022-10-14', 'Cantui', 'Cantui', 'Kennan Watts', 'Kennan Watts', 'ficuqu4joju@mailinator.com', NULL, '$2y$10$Me7qO9Q4/mp98BFtOQ8DBOuqoTf00595okSxArQU1pSQaYdm7sSaa', 'eyJpdiI6IldGWXFoMFg4N2FhZmdTOTFDUXAwaVE9PSIsInZhbHVlIjoiditPZWlIU2hqOUtpbjRNcVZQZkRKQT09IiwibWFjIjoiNGUzZmNhYWE5Y2NmY2ExMDRjNDNmMGVlZDgzMjZlZGFkNTczNzQwNGVjYmVkMDU5ZWZkMTViMjIyMjQ1MzM2ZCIsInRhZyI6IiJ9', NULL, NULL, NULL, NULL, NULL, NULL, NULL, NULL, 1, '2010-01-20', '+1 (389) 703-8218', NULL, NULL, NULL, NULL, NULL, NULL, NULL, NULL, NULL, NULL, NULL, NULL, NULL, NULL, NULL, NULL, NULL, 1, 1, 0, NULL, 1, NULL, '2025-05-05 16:59:12', '2025-05-05 16:59:12', NULL, NULL, NULL, NULL, NULL, NULL, NULL, NULL, NULL, NULL, NULL, NULL, NULL),
(54, '31021', NULL, 14, 17, '2022-10-15', 'Hahni', 'Hahni', 'Nicholas Bauer', 'Nicholas Bauer', 'ficuq5ujoju@mailinator.com', NULL, '$2y$10$TYo0R.vY05jTqAJXMllmm.QP9Blg0S9.n0BpaeiTXf43tlYjsKtAu', 'eyJpdiI6Im13ekdMa0I0ekF0ZXNjbUphdEljT1E9PSIsInZhbHVlIjoicVRVNjVueFA0RXIyUGpyQnJucHpaZz09IiwibWFjIjoiODg3MTBiZDcwN2FjYzc1ZTQwMjVmZWI3YmY1N2ZhNDYzZGU5NjM2ODI5ZjJiNTU3YjBlMzA4ZTMyNmFiZGYyNiIsInRhZyI6IiJ9', NULL, NULL, NULL, NULL, NULL, NULL, NULL, NULL, 2, '2010-01-21', '+1 (119) 978-8885', NULL, NULL, NULL, NULL, NULL, NULL, NULL, NULL, NULL, NULL, NULL, NULL, NULL, NULL, NULL, NULL, NULL, 1, 1, 0, NULL, 1, NULL, '2025-05-05 16:59:12', '2025-05-05 16:59:12', NULL, NULL, NULL, NULL, NULL, NULL, NULL, NULL, NULL, NULL, NULL, NULL, NULL),
(55, '31022', NULL, 14, 17, '2022-10-16', 'Mcdonaldi', 'Mcdonaldi', 'a', 'Noble Navarro', 'ficuquj6oju@mailinator.com', NULL, '$2y$10$sYud6yW9qEAlMqsWYT8Zgehplx/V0QRdn43ZH86su3AvHQkScuF4K', 'eyJpdiI6InV5RTI0cTdVaENGVDJ6UUN3UEw1S2c9PSIsInZhbHVlIjoiQktVTHIwTVM1d2FYT0xyT3lqUVBOQT09IiwibWFjIjoiYTM4N2EyNGUxNzA0NWRkNTM0YmE2MWIyYTA1MmQyYmU5YjI1ZDlhYmQwZjEzOGZmNzVmYmJiMTJlODgyMzI5MSIsInRhZyI6IiJ9', NULL, NULL, NULL, NULL, NULL, NULL, NULL, NULL, 2, '2010-01-22', '+1 (325) 943-7187', NULL, NULL, NULL, NULL, NULL, NULL, NULL, NULL, NULL, NULL, NULL, NULL, NULL, NULL, NULL, NULL, NULL, 1, 1, 0, NULL, 1, NULL, '2025-05-05 16:59:12', '2025-05-05 16:59:12', NULL, NULL, NULL, NULL, NULL, NULL, NULL, NULL, NULL, NULL, NULL, NULL, NULL),
(56, '31023', NULL, 14, 17, '2022-10-17', 'Hortoni', 'Hortoni', 'a', 'Sandra Gomez', 'ficu7qujoju@mailinator.com', NULL, '$2y$10$IY9/w5.uHCDQt/k68A.sBeze6VRATcLp2cpZ//A/mpFKk.hSNZ.ia', 'eyJpdiI6ImpYbHdoK0hadHo3ajdnc1hZUVZNWXc9PSIsInZhbHVlIjoiMHl4cXNRSUtUdEhodE1rdldQUTN0dz09IiwibWFjIjoiYjA4ZDRiNzdkMWUwMjE4ZmEwYzEwYzc3ZDNlZDdlMDI1NTdkNGFjM2VjYTBiYWRjOWNhMWY1MzBjMWZkNWNjYSIsInRhZyI6IiJ9', NULL, NULL, NULL, NULL, NULL, NULL, NULL, NULL, 1, '2010-01-23', '+1 (316) 682-6975', NULL, NULL, NULL, NULL, NULL, NULL, NULL, NULL, NULL, NULL, NULL, NULL, NULL, NULL, NULL, NULL, NULL, 1, 1, 0, NULL, 1, NULL, '2025-05-05 16:59:12', '2025-05-05 16:59:12', NULL, NULL, NULL, NULL, NULL, NULL, NULL, NULL, NULL, NULL, NULL, NULL, NULL),
(57, '31024', NULL, 14, 17, '2022-10-18', 'Staffordi', 'Staffordi', 'a', 'Mechelle Morse', 'ficuquj8oju@mailinator.com', NULL, '$2y$10$QmpU/MqX3urWUI1Rrw8QTe3LC8fkMhmUiEOwEyzLIqLMGgy/oY80K', 'eyJpdiI6InVzQnQycGpRUCtjbHc0ZW9xeElUS3c9PSIsInZhbHVlIjoiZGF1alZnSEdEczNudmtQYVdHNXAxZz09IiwibWFjIjoiMjNmOWRmOWM2ZTZjNmQ0YTBkNzZmNDBhOTA0ZjVlMTJmZjZkODM5NzIwNzM2M2M3NTM2YThkOWI4NmExN2JkZiIsInRhZyI6IiJ9', NULL, NULL, NULL, NULL, NULL, NULL, NULL, NULL, 2, '2010-01-24', '+1 (288) 828-3796', NULL, NULL, NULL, NULL, NULL, NULL, NULL, NULL, NULL, NULL, NULL, NULL, NULL, NULL, NULL, NULL, NULL, 1, 1, 0, NULL, 1, NULL, '2025-05-05 16:59:12', '2025-05-05 16:59:12', NULL, NULL, NULL, NULL, NULL, NULL, NULL, NULL, NULL, NULL, NULL, NULL, NULL),
(58, '31025', NULL, 14, 17, '2022-10-19', 'a', 'b', 'a', 'Jolene Zimmerman', 'ficu9qujoju@mailinator.com', NULL, '$2y$10$6bqytT/yEgXdtSfbjr/2MugWwzn3Uc8tmmKkc254/l23jmhvRMfGi', 'eyJpdiI6ImM1NVd0d2pVc0g1c1JXYTlrcWYxVlE9PSIsInZhbHVlIjoibG5ndGYvb1kzcnJYdUx3T0cyckwwZz09IiwibWFjIjoiZjIxOTEyOGIyOWQwNDNmZWIzMzg3ZGJlMDI1MjU3YTI4MWY5YzVjZGI3OTBkMWE1YTgyZTJmODJjOGRhZjM0MyIsInRhZyI6IiJ9', NULL, NULL, NULL, NULL, NULL, NULL, NULL, NULL, 1, '2010-01-25', '+1 (803) 438-3494', NULL, NULL, NULL, NULL, NULL, NULL, NULL, NULL, NULL, NULL, NULL, NULL, NULL, NULL, NULL, NULL, NULL, 1, 1, 0, NULL, 1, NULL, '2025-05-05 16:59:12', '2025-05-05 16:59:12', NULL, NULL, NULL, NULL, NULL, NULL, NULL, NULL, NULL, NULL, NULL, NULL, NULL),
(59, '3432', NULL, 14, 11, '2025-05-09', 'namita', 'pattanayak', 'ghfg', 'gfhg', 'namitabbsr2@gmail.com', NULL, '$2y$10$ba6EM15STYLZJFWnOBgvju/mLgnQ77XowcomszylfT2U6sx1V4tq2', 'eyJpdiI6IlFCN2wyRENTaFlsK2gxVlhST3ZxUkE9PSIsInZhbHVlIjoiSXZPRGhjNTJ2SG1oemtwUXZXK1hYdz09IiwibWFjIjoiNTY0Mzc0N2UwMDU4NzM1MDg5MDdhMzVmNDY5NzY2NTk5YzYxOGM1YjNhNTdiOTZlY2M4ZjRiMmUzNmNhZDhkZSIsInRhZyI6IiJ9', 0, 0, NULL, NULL, 0, 0, NULL, NULL, 2, '2025-05-09', '7328891201', '546546546546', NULL, 2, 7, NULL, NULL, NULL, NULL, NULL, NULL, NULL, NULL, NULL, NULL, NULL, NULL, NULL, 1, 1, 0, NULL, 1, NULL, '2025-05-09 12:10:37', '2025-05-09 12:10:37', 'hgfh', 'gfhg', NULL, NULL, NULL, 'ytuty', NULL, NULL, NULL, NULL, NULL, NULL, NULL),
(60, '#1234', NULL, 12, 14, '2025-05-09', 'Priyanka', 'Behera', 'Purnnachandra', 'Kanchan', 'priyankabehera724@gmail.com', NULL, '$2y$10$M.Ga4B3R4BvpUZEkh2tGKulr.GoQ5TwnQKSLddSrnqP.dKroBDajq', 'eyJpdiI6IjJTbUJIc3BGcWE1UEhrNDdqd0RTN2c9PSIsInZhbHVlIjoiUlIzZ001a1R2S3VQd2FaKytYR0IzZz09IiwibWFjIjoiMmMxN2UyYTkxYzdmZWNmZjdiNDM0OTY0MGM2NDFhYjMzYzZlMDA4YTBhZjA3ZDI1NTQ5NjMxMGU0NzM4ZjEyOSIsInRhZyI6IiJ9', 19, 52, NULL, 'tihidi', 19, 52, NULL, 'tihidi', 2, '2002-05-09', '09337207149', '09337207149', NULL, 1, 7, NULL, '#123', '12', 'highschool', 'abc-123', '2020', '88.90', 'highschool', 'abc-1234', '2020', '88.90', NULL, NULL, 1, 1, 0, NULL, 1, NULL, '2025-05-09 12:13:34', '2025-05-09 12:13:34', 'Behera', 'Behera', NULL, NULL, NULL, 'Hindu', NULL, NULL, NULL, 'blank_1746767614.pdf', 'blank_1746767614.pdf', 'blank_1746767614.pdf', 'blank_1746767614.pdf'),
(61, '.', NULL, 14, 11, '2025-05-20', 'VT INDIA', 'VT', NULL, NULL, '00000000@gmail.com', NULL, '$2y$10$jFBey0fYC/Z34IjdBAMtu.Qy/awEe7YSC26FxBiX/t6jl.VGcQ6zC', 'eyJpdiI6IndFWXY1cm0vL2JVbUpTSCthZENyNXc9PSIsInZhbHVlIjoiOCtGczVBeXhZR1Rpd0hLLzhFLzRQUT09IiwibWFjIjoiOGE5MTQ3YzAyYWRhY2IxZGJjOTk2NmI4Njg3MjA5YTg5MmZlODdkOWUxYjVkMjEzNDhkZjVkNmJlNDBmYjVjZCIsInRhZyI6IiJ9', 19, NULL, NULL, 'BBSR', 0, 0, NULL, NULL, 1, '1998-05-26', '07609921920', NULL, NULL, NULL, NULL, NULL, NULL, NULL, '.', '.', '.', '.', '.', '.', '..', '.', 'VT_LOGO_FUL_1748241363.png', 'VT_LOGO_FUL_1748241363.png', 1, 1, 0, NULL, 1, NULL, '2025-05-26 13:36:03', '2025-05-26 13:36:03', NULL, NULL, NULL, NULL, NULL, NULL, NULL, NULL, NULL, 'VT_LOGO_FUL_1748241363.png', 'VT_LOGO_FUL_1748241363.png', 'VT_LOGO_FUL_1748241363.png', 'VT_LOGO_FUL_1748241363.png'),
(62, '1234', NULL, 14, 11, '2025-06-11', 'Rajashree Rajalaxmi', 'Rout', NULL, 'Nirupama Rout', 'rajalaxmi.rima2002@gmail.com', NULL, '$2y$10$vblR/Cezh/JatJxTdM6NguD1X.GngNmkfYxZ50JCosDm3SHVgMQP6', 'eyJpdiI6Ik4wb1ZPempCWHlMWGFzck5YdkJCTVE9PSIsInZhbHVlIjoiNmIzRmdxaHBQemczOTN5ZEhoSmhzZz09IiwibWFjIjoiN2FmMTNkNTI4MGNlZmMzZjY2NDAyZjMyZTExYWE0OGUzMWRlNWVkYTQ2ZWY0NzdjOTQ5NzhkZGNlYWFiYTJmNCIsInRhZyI6IiJ9', 19, 66, NULL, 'Kanan Vihar, Phase-2, Patia, Bhubaneswar', 19, 66, NULL, 'Kanan Vihar, Phase-2, Patia, Bhubaneswar', 2, '2025-06-11', '8984292450', NULL, NULL, 1, 3, NULL, NULL, NULL, 'Loyola School', NULL, '2018', NULL, 'Loyola School', NULL, '2020', NULL, 'Rajashree_Rajalaxmi_Rout_2105222_Graphic_Designing_and_Management_1749626443.jpeg', 'Aditya_Singh_Rajput_Signature_1749626443.jpg', 1, 1, 0, NULL, 1, 1, '2025-06-11 13:59:04', '2025-06-11 14:21:27', NULL, 'Professor', NULL, NULL, NULL, 'Hindu', NULL, NULL, NULL, NULL, NULL, NULL, NULL),
(63, '006', NULL, 12, 12, '2025-06-17', 'Biswajit', 'Sahoo', NULL, NULL, 'ex@gmail.com', NULL, '$2y$10$i1MJHp8fPod7mE1oHsr3.OCkgdzXOuuFMywXi20SSljYZhGaTGNQG', 'eyJpdiI6IjF2Tk4xdkt0VldMMHZqYTJhR2VZa0E9PSIsInZhbHVlIjoiRUt5RmxFZ01GWGkvSnhKQjhFN09xUT09IiwibWFjIjoiNzA1MzMzYjQzZDU4NmRlM2NiY2NhYTNiODZkNThkNWZhNTg2ZGRmNjkyOGEyNjFhNjZhY2Q3OWQzYzdkODI3ZiIsInRhZyI6IiJ9', 0, 0, NULL, NULL, 0, 0, NULL, NULL, 1, '2025-06-17', '7205678201', NULL, NULL, NULL, NULL, NULL, NULL, NULL, NULL, NULL, NULL, NULL, NULL, NULL, NULL, NULL, NULL, NULL, 1, 1, 0, NULL, 1, NULL, '2025-06-17 13:26:43', '2025-06-17 13:26:43', NULL, NULL, NULL, NULL, NULL, 'Hindu', NULL, NULL, NULL, NULL, NULL, NULL, NULL),
(64, '21', NULL, 12, 14, '2025-12-01', 'Rahul', 'Samal', 'Ajay Samal', 'Sabita Samal', 'rahul@mail.com', NULL, '$2y$10$2Jg.311eTxq4qY6K86fuOOjJzi1OHEy/lFmcjotyqYrObtdPpWebm', 'eyJpdiI6IkdRbERYU0tPWmVFV1QvVk1DWEpsc2c9PSIsInZhbHVlIjoiUHFTaVJNQ2ljTEtUL2llYzRVazZoUT09IiwibWFjIjoiNzM4OGRmZjkxOTQyZjVhNTQzOTYwYzhlOGZjOGIzMTlhY2NjMTZlMDI1YzRlMTJhM2Q5MzE0MDcyNDAyZjE1YSIsInRhZyI6IiJ9', 19, 63, NULL, 'jj', 19, 59, NULL, 'kk', 1, '2003-12-01', '9861802324', '9777054712', NULL, 1, 7, NULL, '1221', '122112', 'a', '1', '2025', '10', 'aa', '12', '2025', '10', 'no_photo_1764570156.png', 'Test_text_1764570156.png', 1, 1, 0, NULL, 1, NULL, '2025-12-01 13:22:36', '2025-12-01 13:22:36', 'business', 'home maker', NULL, NULL, NULL, 'Hindu', NULL, NULL, NULL, 'DEMO_Testing_1764570156.pdf', 'Test_text_1764570156.png', 'DEMO_Testing_1764570156.pdf', 'DEMO_Testing_1764570156.pdf'),
(65, '656', NULL, 14, 17, '2025-12-01', 'sss', 'ssssdf', NULL, NULL, 'admin@mail.com', NULL, '$2y$10$G0a5Sc8jihwF.Ozb0ov8l.4/h9pF4Vxg8v5ZZnGRSVDQwTbl..vNa', 'eyJpdiI6Ijl4a3RHSk5sSVBQSFkycno5djNoVHc9PSIsInZhbHVlIjoiUkR2TW1HcEFBM3MyVk16R05jVEVudz09IiwibWFjIjoiZGJjZWU0NDcwZGMxNmYyYmYxZTIyYmQ3M2I2NmM2YzhjZjBmNDAxOTMxNjdjZGVhNmE4YWNkMzI0MGU0Yzk4MiIsInRhZyI6IiJ9', 0, 0, NULL, NULL, 0, 0, NULL, NULL, 1, '2025-12-01', '9692923129', NULL, NULL, NULL, NULL, NULL, NULL, NULL, NULL, NULL, NULL, NULL, NULL, NULL, NULL, NULL, NULL, NULL, 1, 1, 0, NULL, 1, NULL, '2025-12-01 19:06:50', '2025-12-01 19:06:50', NULL, NULL, NULL, NULL, NULL, NULL, NULL, NULL, NULL, NULL, NULL, NULL, NULL),
(66, '22-CE/01', NULL, 14, 35, '2026-02-12', 'Utkal', 'Sarangi', 'Uttam Kumar Sarangi', 'Mamata pati', 'utkalsarangi@gmail.com', NULL, '$2y$10$ZhIsjG4vuH9XoJHi1XD8MeLxokI2E32dTdORGECT0ulFIApzFXIiO', 'eyJpdiI6InFNNDZybWcyQndRNHMvT1U4cVRXS3c9PSIsInZhbHVlIjoibTVoV0NIaDFRbC9kVkJ4TkdFd0ZIQT09IiwibWFjIjoiNmM4MjhmNjA3ZGRkMjdjZDMwOTNmYjE5ODI2NWI1YzU5MjM1ZTU0NjliNGU3NzY5YWRhNDgyY2VlM2NjMjAyOCIsInRhZyI6IiJ9', 19, 54, NULL, 'Bidanashi Nuasahi Near Hanuman Temple', 19, 54, NULL, 'Bidanashi Nuasahi Near Hanuman Temple', 1, '2004-03-28', '6372509065', NULL, NULL, 1, 5, NULL, NULL, NULL, NULL, NULL, NULL, NULL, NULL, NULL, NULL, NULL, NULL, NULL, 1, 1, 0, NULL, 1, 1, '2026-02-12 14:14:59', '2026-02-12 15:42:30', 'Teacher', 'Teacher', NULL, NULL, NULL, 'Hindu', NULL, NULL, NULL, NULL, NULL, NULL, NULL),
(67, 'STD000011', NULL, 14, 23, '2020-02-12', 'Pragyan', 'barik', 'RC Barik', 'Babita barik', 'pragyanvt@gmail.com', NULL, '$2y$10$3Ex58feC1PitBmmHprtDZuUPKbC91MlgxXk0Esq9JtdyxCJ3ttv5m', 'eyJpdiI6IkI3VmpRaTJjZk45bm9vZWJhd2VYZGc9PSIsInZhbHVlIjoiQmlxM1ZraVgvYVlXTkR1SDBtcXZCQT09IiwibWFjIjoiOTExYjg0ZDMzNDljNWUyNDZmM2Q4NzJlOGUwNzQ1ZDFlOTM4OGUyZTZiZmJkZmIzNWFjZDgwZjkyODkwZWY2ZCIsInRhZyI6IiJ9', 10, 46, NULL, 'ffffff', 10, 46, NULL, 'fffffff', 2, '2005-02-12', '7978348808', NULL, NULL, 1, 7, NULL, NULL, NULL, NULL, NULL, NULL, NULL, NULL, NULL, NULL, NULL, 'WhatsApp_Image_2026_02_09_at_3.30.22_PM_1770886117.jpeg', 'WhatsApp_Image_2026_02_09_at_3.30.27_PM_1770886117.jpeg', 1, 1, 0, NULL, 1, NULL, '2026-02-12 15:48:37', '2026-02-12 15:48:37', 'manager', 'house wife', NULL, NULL, NULL, 'hindu', NULL, NULL, NULL, NULL, NULL, NULL, NULL),
(68, '#STD000056', NULL, 14, 21, '2020-02-15', 'Riyaj', 'Udin', 'Ankit udin', 'Uina Udin', 'riyaj@gmail.com', NULL, '$2y$10$j7EmNrqwhDtrUIN6gur3.Occ3HpLigVhbQF4EZHDDTKyaYgQgIxCu', 'eyJpdiI6IlJodjV3c0JyRFN0RzFUaTBESUZtN2c9PSIsInZhbHVlIjoiaVhuNmNMMER0bFJtaTIzQmNkZHJuZz09IiwibWFjIjoiZWNlNWQyNzlhNGI3NTVhY2I0ZmUzYjE2YzJjM2NiYjY4YzBlY2QxZjAzODgzYzczZTk1Yjg0NzA1Yjg4MDRkYyIsInRhZyI6IiJ9', 6, 27, NULL, 'ffffff', 6, 27, NULL, 'ffff', 1, '2016-09-30', '7609921920', NULL, NULL, 1, 7, NULL, NULL, NULL, NULL, NULL, NULL, NULL, NULL, NULL, NULL, NULL, 'Screenshot_(2)_1771125345.png', 'Screenshot_(1)_1771125345.png', 1, 1, 0, NULL, 1, NULL, '2026-02-15 10:15:45', '2026-02-15 10:15:45', 'manager', 'wife', NULL, NULL, NULL, 'hindu', NULL, NULL, NULL, NULL, NULL, NULL, NULL),
(69, '#STD000059', NULL, 14, 32, '2026-02-15', 'Sweta', 'sharan', 'Ankit sharn', 'rina sharma', 'ankit@gmail.com', NULL, '$2y$10$9B/UDOpEL54exLH3RPh3xOc3678lMkVAEaTzrVTqB7gvXnH8v3ffm', 'eyJpdiI6ImJmK0ZpVUpWb3g2K0F4NzJNempqZmc9PSIsInZhbHVlIjoibDMrSVVaSDRySitTZlpjZTFUeGl0UT09IiwibWFjIjoiNmExNDE0Y2NjZTlmZDA2M2FjODc5OTE3YTNmMjY5NDlhYmE2MmRkZDM5ZjQwNjkxMWFjN2U4MGNmYThiZjRhMCIsInRhZyI6IiJ9', 7, 30, NULL, 'vvv', 7, 30, NULL, 'vvvv', 2, '2021-02-15', '7894561283', NULL, NULL, 1, 1, NULL, NULL, NULL, NULL, NULL, NULL, NULL, NULL, NULL, NULL, NULL, 'Screenshot_(1)_1771125783.png', 'Screenshot_(2)_1771125783.png', 1, 3, 2, NULL, 1, NULL, '2026-02-15 10:23:03', '2026-02-15 10:24:00', 'manager', 'wife', NULL, NULL, NULL, 'hindu', NULL, NULL, NULL, NULL, NULL, NULL, NULL);

-- --------------------------------------------------------

--
-- Table structure for table `student_assignments`
--

CREATE TABLE `student_assignments` (
  `id` bigint UNSIGNED NOT NULL,
  `student_enroll_id` bigint UNSIGNED NOT NULL,
  `assignment_id` bigint UNSIGNED NOT NULL,
  `marks` decimal(5,2) DEFAULT NULL,
  `attendance` int DEFAULT NULL,
  `date` date DEFAULT NULL,
  `attach` text CHARACTER SET utf8mb4 COLLATE utf8mb4_unicode_ci,
  `created_by` bigint UNSIGNED DEFAULT NULL,
  `updated_by` bigint UNSIGNED DEFAULT NULL,
  `created_at` timestamp NULL DEFAULT NULL,
  `updated_at` timestamp NULL DEFAULT NULL
) ENGINE=InnoDB DEFAULT CHARSET=utf8mb4 COLLATE=utf8mb4_unicode_ci;

-- --------------------------------------------------------

--
-- Table structure for table `student_attendances`
--

CREATE TABLE `student_attendances` (
  `id` bigint UNSIGNED NOT NULL,
  `student_enroll_id` bigint UNSIGNED NOT NULL,
  `subject_id` bigint UNSIGNED NOT NULL,
  `date` date NOT NULL,
  `time` time DEFAULT NULL,
  `attendance` int NOT NULL DEFAULT '0' COMMENT '1 Present, 2 Absent, 3 Leave, 4 Holiday',
  `note` text CHARACTER SET utf8mb4 COLLATE utf8mb4_unicode_ci,
  `created_by` bigint UNSIGNED DEFAULT NULL,
  `updated_by` bigint UNSIGNED DEFAULT NULL,
  `created_at` timestamp NULL DEFAULT NULL,
  `updated_at` timestamp NULL DEFAULT NULL
) ENGINE=InnoDB DEFAULT CHARSET=utf8mb4 COLLATE=utf8mb4_unicode_ci;

-- --------------------------------------------------------

--
-- Table structure for table `student_enrolls`
--

CREATE TABLE `student_enrolls` (
  `id` bigint UNSIGNED NOT NULL,
  `student_id` bigint UNSIGNED NOT NULL,
  `program_id` int UNSIGNED NOT NULL,
  `session_id` int UNSIGNED NOT NULL,
  `semester_id` int UNSIGNED NOT NULL,
  `section_id` int UNSIGNED NOT NULL,
  `status` tinyint(1) NOT NULL DEFAULT '1',
  `created_by` bigint UNSIGNED DEFAULT NULL,
  `updated_by` bigint UNSIGNED DEFAULT NULL,
  `created_at` timestamp NULL DEFAULT NULL,
  `updated_at` timestamp NULL DEFAULT NULL
) ENGINE=InnoDB DEFAULT CHARSET=utf8mb4 COLLATE=utf8mb4_unicode_ci;

--
-- Dumping data for table `student_enrolls`
--

INSERT INTO `student_enrolls` (`id`, `student_id`, `program_id`, `session_id`, `semester_id`, `section_id`, `status`, `created_by`, `updated_by`, `created_at`, `updated_at`) VALUES
(70, 66, 35, 5, 1, 7, 1, 1, NULL, '2026-02-12 14:14:59', '2026-02-12 14:14:59'),
(71, 67, 23, 5, 1, 7, 1, 1, NULL, '2026-02-12 15:48:37', '2026-02-12 15:48:37'),
(72, 68, 21, 5, 7, 7, 1, 1, NULL, '2026-02-15 10:15:45', '2026-02-15 10:15:45'),
(73, 69, 32, 5, 7, 7, 0, 1, NULL, '2026-02-15 10:23:03', '2026-02-15 10:24:00');

-- --------------------------------------------------------

--
-- Table structure for table `student_enroll_subject`
--

CREATE TABLE `student_enroll_subject` (
  `student_enroll_id` bigint UNSIGNED NOT NULL,
  `subject_id` bigint UNSIGNED NOT NULL
) ENGINE=InnoDB DEFAULT CHARSET=utf8mb4 COLLATE=utf8mb4_unicode_ci;

-- --------------------------------------------------------

--
-- Table structure for table `student_leaves`
--

CREATE TABLE `student_leaves` (
  `id` bigint UNSIGNED NOT NULL,
  `student_id` bigint UNSIGNED NOT NULL,
  `review_by` bigint UNSIGNED DEFAULT NULL,
  `apply_date` date NOT NULL,
  `from_date` date NOT NULL,
  `to_date` date NOT NULL,
  `subject` varchar(191) CHARACTER SET utf8mb4 COLLATE utf8mb4_unicode_ci DEFAULT NULL,
  `reason` text CHARACTER SET utf8mb4 COLLATE utf8mb4_unicode_ci,
  `attach` text CHARACTER SET utf8mb4 COLLATE utf8mb4_unicode_ci,
  `note` text CHARACTER SET utf8mb4 COLLATE utf8mb4_unicode_ci,
  `status` int NOT NULL DEFAULT '0' COMMENT '0 Pending, 1 Approved and 2 Rejected',
  `created_at` timestamp NULL DEFAULT NULL,
  `updated_at` timestamp NULL DEFAULT NULL
) ENGINE=InnoDB DEFAULT CHARSET=utf8mb4 COLLATE=utf8mb4_unicode_ci;

--
-- Dumping data for table `student_leaves`
--

INSERT INTO `student_leaves` (`id`, `student_id`, `review_by`, `apply_date`, `from_date`, `to_date`, `subject`, `reason`, `attach`, `note`, `status`, `created_at`, `updated_at`) VALUES
(1, 14, 1, '2022-10-04', '2022-10-04', '2022-10-07', 'Sudden Headache', 'A thunderclap headache is an extremely severe headache that comes on rapidly. It\'s sometimes called a lone acute headache. It develops in 60 seconds or less and causes intense pain. Thunderclap headaches can be caused by bleeding in the brain after an arterial aneurysm rupture, stroke, or other injury.', 'background-border_1664887696.png', NULL, 1, '2022-10-04 06:48:16', '2022-10-04 06:48:43'),
(2, 34, 1, '2025-04-30', '2025-04-30', '2025-04-30', 'fever', 'due to fever', 'demo_1745989605.pdf', NULL, 1, '2025-04-30 12:06:45', '2025-04-30 12:07:09');

-- --------------------------------------------------------

--
-- Table structure for table `student_relatives`
--

CREATE TABLE `student_relatives` (
  `id` bigint UNSIGNED NOT NULL,
  `student_id` bigint UNSIGNED NOT NULL,
  `relation` varchar(191) CHARACTER SET utf8mb4 COLLATE utf8mb4_unicode_ci DEFAULT NULL,
  `name` varchar(191) CHARACTER SET utf8mb4 COLLATE utf8mb4_unicode_ci DEFAULT NULL,
  `occupation` varchar(191) CHARACTER SET utf8mb4 COLLATE utf8mb4_unicode_ci DEFAULT NULL,
  `email` varchar(191) CHARACTER SET utf8mb4 COLLATE utf8mb4_unicode_ci DEFAULT NULL,
  `phone` varchar(191) CHARACTER SET utf8mb4 COLLATE utf8mb4_unicode_ci DEFAULT NULL,
  `created_at` timestamp NULL DEFAULT NULL,
  `updated_at` timestamp NULL DEFAULT NULL,
  `address` text CHARACTER SET utf8mb4 COLLATE utf8mb4_unicode_ci,
  `photo` text CHARACTER SET utf8mb4 COLLATE utf8mb4_unicode_ci
) ENGINE=InnoDB DEFAULT CHARSET=utf8mb4 COLLATE=utf8mb4_unicode_ci;

--
-- Dumping data for table `student_relatives`
--

INSERT INTO `student_relatives` (`id`, `student_id`, `relation`, `name`, `occupation`, `email`, `phone`, `created_at`, `updated_at`, `address`, `photo`) VALUES
(1, 1, 'Father', 'Scarlett Walton', 'Omnis sed fugiat eum', 'Curry and Eaton Plc', '+2564854475414', '2022-10-02 12:15:14', '2022-10-02 12:15:14', NULL, NULL),
(2, 2, 'Brother', 'Vernon Long', 'Ipsa praesentium te', 'Klein Dale Traders', '+45246876586', '2022-10-02 12:17:47', '2022-10-02 12:17:47', NULL, NULL),
(3, 3, 'Father', 'Janna Hooper', 'Molestias aut distin', 'Quinn Ryan Trading', 'Est dolore sed labo', '2022-10-02 12:20:00', '2022-10-02 12:20:00', NULL, NULL),
(4, 5, 'Uncle', 'Chloe Cleveland', 'Suscipit minima dolo', 'Forbes Weeks LLC', 'Culpa et quidem qui', '2022-10-02 12:23:09', '2022-10-02 12:23:09', NULL, NULL),
(5, 6, 'Uncle', 'Shad Aguirre', 'Qui iure voluptas qu', 'Mills Reynolds Inc', '+48548786786', '2022-10-02 12:26:33', '2022-10-02 12:26:33', NULL, NULL),
(8, 8, 'Brother', 'McKenzie Hardy', 'Ea in praesentium ma', 'Jacobson and Cochran Associates', '+854857584', '2022-10-02 12:32:31', '2022-10-02 12:32:31', NULL, NULL),
(9, 7, 'Brother', 'Quinn Nguyen', 'Dolor commodi volupt', 'Clayton Blake Traders', '+65845445', '2022-10-02 12:32:49', '2022-10-02 12:32:49', NULL, NULL),
(10, 9, 'Father', 'Maxwell Chang', 'Vel dolores nulla of', 'Lowery Cannon Traders', 'Ea deleniti voluptas', '2022-10-03 16:22:23', '2022-10-03 16:22:23', NULL, NULL),
(11, 10, 'Brother', 'Tashya Farley', 'Nesciunt quae provi', 'Castaneda and Alvarado Inc', 'Voluptatibus aute qu', '2022-10-04 05:51:47', '2022-10-04 05:51:47', NULL, NULL),
(12, 11, 'Uncle', 'Haviva Callahan', 'At in sit magna occ', 'Gonzales and Britt Trading', 'In odio consequuntur', '2022-10-04 05:53:10', '2022-10-04 05:53:10', NULL, NULL),
(14, 12, 'Father', 'Timothy Fischer', 'Sed non eu voluptas', 'Kinney and Sanford Trading', 'Mollit autem fugiat', '2022-10-04 05:54:43', '2022-10-04 05:54:43', NULL, NULL),
(15, 13, 'Father', 'Aladdin Hahn', 'Temporibus est earum', 'Snow Morse Trading', 'Velit non ad eos qui', '2022-10-04 05:56:12', '2022-10-04 05:56:12', NULL, NULL),
(19, 14, 'Father', 'Noel Baxter', 'Voluptates suscipit', NULL, 'Dolorum velit labor', '2024-09-30 12:07:31', '2024-09-30 12:07:31', 'Dhaka', NULL),
(20, 15, 'Father', 'Laxmidhar Behera', 'Business', NULL, '9938689954', '2025-04-24 19:05:29', '2025-04-24 19:05:29', 'mig1 demo', NULL),
(21, 16, 'Father', 'Pramod Kumar Lenka', 'demo', NULL, '8529634569', '2025-04-24 19:12:53', '2025-04-24 19:12:53', 'BBSR', NULL),
(22, 17, 'Father', 'Jagannath mohanta', 'Job', NULL, '7852937783', '2025-04-24 19:19:00', '2025-04-24 19:19:00', 'demo', NULL),
(23, 18, 'Father', 'Partha Sunay', 'job', NULL, '7852937783', '2025-04-24 19:22:52', '2025-04-24 19:22:52', 'demo', NULL),
(24, 19, 'father', 'kapila rout', 'teacher', NULL, '4561237895', '2025-04-24 19:24:21', '2025-04-24 19:24:21', 'chandipur', NULL),
(25, 20, 'Father', 'Dasrath Mishra', 'Businessman', NULL, '7852937783', '2025-04-24 19:30:23', '2025-04-24 19:30:23', 'demo', NULL),
(43, 34, 'text', 'texr', 'texr', NULL, 'texr', '2025-04-29 16:32:35', '2025-04-29 16:32:35', 'texr', NULL),
(44, 23, 'Father', 'Debjarh Mohanta', 'Job', NULL, '7852937783', '2025-04-29 16:44:51', '2025-04-29 16:44:51', 'demo', NULL),
(46, 25, 'Father', 'Raghuram Mohanta', 'Business', NULL, '7852937783', '2025-04-29 16:45:53', '2025-04-29 16:45:53', 'demo', NULL),
(47, 24, 'Father', 'Aditya Behera', 'Job', NULL, '7852937783', '2025-04-29 16:46:30', '2025-04-29 16:46:30', 'demo', NULL),
(50, 21, 'Father', 'Laxmidhar Behera', 'Business', NULL, '7852937783', '2025-04-29 17:47:48', '2025-04-29 17:47:48', 'Demo', NULL),
(52, 42, 'cvffdg', 'fdgfd', 'dfgfd', NULL, '8658633297', '2025-05-01 13:55:44', '2025-05-01 13:55:44', 'fdgfd', NULL),
(53, 59, 'trytr', 'ytrytr', 'tyry', NULL, '8658633297', '2025-05-09 12:10:37', '2025-05-09 12:10:37', 'rtytr', NULL),
(54, 60, 'bother', 'priyadarsani Behera', 'business', NULL, '09337207149', '2025-05-09 12:13:34', '2025-05-09 12:13:34', 'tihidi', NULL),
(55, 22, 'FATHER', 'SB', 'NA', NULL, '9999999999', '2025-05-09 12:45:07', '2025-05-09 12:45:07', '1232', NULL),
(56, 61, '.', '.', '.', NULL, '07609921920', '2025-05-26 13:36:03', '2025-05-26 13:36:03', 'BBSR', NULL),
(61, 62, 'Mother', 'Nirupama Rout', 'Professor', NULL, '7978612784', '2025-06-11 14:21:27', '2025-06-11 14:21:27', 'Kanan Vihar, Phase-2, Patia, Bhubaneswar', NULL),
(62, 64, 'uncle', 'Prakash', 'business', NULL, '7307834521', '2025-12-01 13:22:36', '2025-12-01 13:22:36', 'ssd', NULL),
(63, 65, 'uncle', 'galadari', 'business', NULL, '7307834521', '2025-12-01 19:06:50', '2025-12-01 19:06:50', 'baghamara Road', NULL),
(64, 67, 'father', 'RC barik', 'manager', NULL, '7978348808', '2026-02-12 15:48:37', '2026-02-12 15:48:37', 'hhhh', NULL),
(65, 68, 'father', 'ankit udin', 'manager', NULL, '7894561234', '2026-02-15 10:15:45', '2026-02-15 10:15:45', 'dddd', NULL),
(66, 69, 'father', 'ankit sharan', 'manager', NULL, '7418529637', '2026-02-15 10:23:03', '2026-02-15 10:23:03', 'ggg', NULL);

-- --------------------------------------------------------

--
-- Table structure for table `student_transfers`
--

CREATE TABLE `student_transfers` (
  `id` bigint UNSIGNED NOT NULL,
  `student_id` bigint UNSIGNED NOT NULL,
  `transfer_id` varchar(191) CHARACTER SET utf8mb4 COLLATE utf8mb4_unicode_ci NOT NULL,
  `university_name` varchar(191) CHARACTER SET utf8mb4 COLLATE utf8mb4_unicode_ci NOT NULL,
  `date` date NOT NULL,
  `note` text CHARACTER SET utf8mb4 COLLATE utf8mb4_unicode_ci,
  `status` tinyint(1) NOT NULL DEFAULT '0' COMMENT '0 Transfer In, 1 Transfer Out',
  `created_by` bigint UNSIGNED DEFAULT NULL,
  `updated_by` bigint UNSIGNED DEFAULT NULL,
  `created_at` timestamp NULL DEFAULT NULL,
  `updated_at` timestamp NULL DEFAULT NULL
) ENGINE=InnoDB DEFAULT CHARSET=utf8mb4 COLLATE=utf8mb4_unicode_ci;

--
-- Dumping data for table `student_transfers`
--

INSERT INTO `student_transfers` (`id`, `student_id`, `transfer_id`, `university_name`, `date`, `note`, `status`, `created_by`, `updated_by`, `created_at`, `updated_at`) VALUES
(1, 9, '75868576', 'Dhaka University', '2022-10-03', 'Will Say Something...', 0, 1, 1, '2022-10-03 16:22:23', '2022-10-03 16:22:57'),
(2, 69, '11112', 'kv', '2026-02-15', 'out', 1, 1, NULL, '2026-02-15 10:24:00', '2026-02-15 10:24:00');

-- --------------------------------------------------------

--
-- Table structure for table `subjects`
--

CREATE TABLE `subjects` (
  `id` bigint UNSIGNED NOT NULL,
  `title` varchar(191) CHARACTER SET utf8mb4 COLLATE utf8mb4_unicode_ci NOT NULL,
  `code` varchar(191) CHARACTER SET utf8mb4 COLLATE utf8mb4_unicode_ci NOT NULL,
  `credit_hour` varchar(191) CHARACTER SET utf8mb4 COLLATE utf8mb4_unicode_ci NOT NULL,
  `subject_type` int DEFAULT NULL,
  `class_type` int DEFAULT NULL,
  `total_marks` decimal(5,2) DEFAULT NULL,
  `passing_marks` decimal(5,2) DEFAULT NULL,
  `description` text CHARACTER SET utf8mb4 COLLATE utf8mb4_unicode_ci,
  `status` int NOT NULL DEFAULT '1',
  `created_at` timestamp NULL DEFAULT NULL,
  `updated_at` timestamp NULL DEFAULT NULL
) ENGINE=InnoDB DEFAULT CHARSET=utf8mb4 COLLATE=utf8mb4_unicode_ci;

--
-- Dumping data for table `subjects`
--

INSERT INTO `subjects` (`id`, `title`, `code`, `credit_hour`, `subject_type`, `class_type`, `total_marks`, `passing_marks`, `description`, `status`, `created_at`, `updated_at`) VALUES
(1, 'History', 'ART101', '3', 1, 1, NULL, NULL, NULL, 1, '2025-04-24 11:44:07', '2025-04-24 11:44:07'),
(2, 'Political Science', 'ART102', '3', 1, 1, NULL, NULL, NULL, 1, '2025-04-24 11:44:07', '2025-04-24 11:44:07'),
(3, 'Sociology', 'soci103', '3', 1, 1, NULL, NULL, NULL, 1, '2025-04-24 11:44:07', '2025-04-29 14:30:05'),
(4, 'Economics', 'ART104', '3', 1, 1, NULL, NULL, NULL, 1, '2025-04-24 11:44:07', '2025-04-24 11:44:07'),
(5, 'Psychology', 'ART105', '3', 1, 1, NULL, NULL, NULL, 1, '2025-04-24 11:44:07', '2025-04-24 11:44:07'),
(6, 'Marketing', 'mar106', '3', 1, 1, NULL, NULL, NULL, 1, '2025-04-24 11:44:07', '2025-04-29 14:27:15'),
(7, 'Financial Accounting', 'COM101', '3', 1, 2, NULL, NULL, NULL, 1, '2025-04-24 11:44:24', '2025-04-24 11:44:24'),
(8, 'Business Economics', 'COM102', '3', 1, 2, NULL, NULL, NULL, 1, '2025-04-24 11:44:24', '2025-04-24 11:44:24'),
(9, 'Business Law', 'COM103', '3', 1, 2, NULL, NULL, NULL, 1, '2025-04-24 11:44:24', '2025-04-24 11:44:24'),
(10, 'Cost Accounting', 'COM104', '3', 1, 2, NULL, NULL, NULL, 1, '2025-04-24 11:44:24', '2025-04-24 11:44:24'),
(11, 'Corporate Accounting', 'COM105', '3', 1, 2, NULL, NULL, NULL, 1, '2025-04-24 11:44:24', '2025-04-24 11:44:24'),
(12, 'Physics', 'PHT111', '3', 1, 3, NULL, NULL, NULL, 1, '2025-04-24 11:44:24', '2026-02-12 13:25:42'),
(13, 'Chemistry', 'SCI102', '3', 1, 3, NULL, NULL, NULL, 1, '2025-04-24 11:44:24', '2025-04-24 11:44:24'),
(14, 'Biology', 'SCI103', '3', 1, 3, NULL, NULL, NULL, 1, '2025-04-24 11:44:24', '2025-04-24 11:44:24'),
(15, 'Mathematics', 'SCI104', '3', 1, 3, NULL, NULL, NULL, 1, '2025-04-24 11:44:24', '2025-04-24 11:44:24'),
(16, 'Computer Science', 'SCI105', '3', 1, 3, NULL, NULL, NULL, 1, '2025-04-24 11:44:24', '2025-04-24 11:44:24'),
(17, 'English', 'eng1', '1', 1, 1, NULL, NULL, NULL, 1, '2025-04-29 14:20:36', '2025-04-29 14:20:36'),
(18, 'Odia', 'od1', '1', 1, 1, NULL, NULL, NULL, 1, '2025-04-29 14:21:17', '2025-04-29 14:21:17');

-- --------------------------------------------------------

--
-- Table structure for table `subject_markings`
--

CREATE TABLE `subject_markings` (
  `id` bigint UNSIGNED NOT NULL,
  `student_enroll_id` bigint UNSIGNED NOT NULL,
  `subject_id` bigint UNSIGNED NOT NULL,
  `exam_marks` decimal(5,2) DEFAULT NULL,
  `attendances` decimal(5,2) DEFAULT NULL,
  `assignments` decimal(5,2) DEFAULT NULL,
  `activities` decimal(5,2) DEFAULT NULL,
  `total_marks` decimal(5,2) DEFAULT NULL,
  `publish_date` date DEFAULT NULL,
  `publish_time` time DEFAULT NULL,
  `status` tinyint(1) NOT NULL DEFAULT '1',
  `created_by` bigint UNSIGNED DEFAULT NULL,
  `updated_by` bigint UNSIGNED DEFAULT NULL,
  `created_at` timestamp NULL DEFAULT NULL,
  `updated_at` timestamp NULL DEFAULT NULL
) ENGINE=InnoDB DEFAULT CHARSET=utf8mb4 COLLATE=utf8mb4_unicode_ci;

-- --------------------------------------------------------

--
-- Table structure for table `s_m_s_notifies`
--

CREATE TABLE `s_m_s_notifies` (
  `id` bigint UNSIGNED NOT NULL,
  `faculty_id` int UNSIGNED DEFAULT NULL,
  `program_id` int UNSIGNED DEFAULT NULL,
  `session_id` int UNSIGNED DEFAULT NULL,
  `semester_id` int UNSIGNED DEFAULT NULL,
  `section_id` int UNSIGNED DEFAULT NULL,
  `message` text CHARACTER SET utf8mb4 COLLATE utf8mb4_unicode_ci NOT NULL,
  `receive_count` int DEFAULT NULL,
  `status` tinyint(1) NOT NULL DEFAULT '1',
  `created_by` bigint UNSIGNED DEFAULT NULL,
  `updated_by` bigint UNSIGNED DEFAULT NULL,
  `created_at` timestamp NULL DEFAULT NULL,
  `updated_at` timestamp NULL DEFAULT NULL
) ENGINE=InnoDB DEFAULT CHARSET=utf8mb4 COLLATE=utf8mb4_unicode_ci;

--
-- Dumping data for table `s_m_s_notifies`
--

INSERT INTO `s_m_s_notifies` (`id`, `faculty_id`, `program_id`, `session_id`, `semester_id`, `section_id`, `message`, `receive_count`, `status`, `created_by`, `updated_by`, `created_at`, `updated_at`) VALUES
(3, 0, 0, 0, 0, 0, 'This depends on when you enrol. Your fees are due 30 days from your starting date. For more information, please see Fees due dates.', 8, 1, 1, NULL, '2022-10-03 12:28:07', '2022-10-03 12:28:07');

-- --------------------------------------------------------

--
-- Table structure for table `s_m_s_settings`
--

CREATE TABLE `s_m_s_settings` (
  `id` int UNSIGNED NOT NULL,
  `nexmo_key` text CHARACTER SET utf8mb4 COLLATE utf8mb4_unicode_ci,
  `nexmo_secret` text CHARACTER SET utf8mb4 COLLATE utf8mb4_unicode_ci,
  `nexmo_sender_name` text CHARACTER SET utf8mb4 COLLATE utf8mb4_unicode_ci,
  `twilio_sid` text CHARACTER SET utf8mb4 COLLATE utf8mb4_unicode_ci,
  `twilio_auth_token` text CHARACTER SET utf8mb4 COLLATE utf8mb4_unicode_ci,
  `twilio_number` text CHARACTER SET utf8mb4 COLLATE utf8mb4_unicode_ci,
  `status` int NOT NULL DEFAULT '1' COMMENT '1 Twilio, 2 Nexmo',
  `created_at` timestamp NULL DEFAULT NULL,
  `updated_at` timestamp NULL DEFAULT NULL
) ENGINE=InnoDB DEFAULT CHARSET=utf8mb4 COLLATE=utf8mb4_unicode_ci;

--
-- Dumping data for table `s_m_s_settings`
--

INSERT INTO `s_m_s_settings` (`id`, `nexmo_key`, `nexmo_secret`, `nexmo_sender_name`, `twilio_sid`, `twilio_auth_token`, `twilio_number`, `status`, `created_at`, `updated_at`) VALUES
(1, '7e29c3ce', '6gK9ve4soFO6RP5d', 'ABC', 'AC8f4bfd69c98ad28c8f3a1dc8a8cca836', '83ad3161abe86cb2276eeefc8b9767', '+12513571687', 1, '2022-09-30 12:00:47', '2024-09-30 12:46:08');

-- --------------------------------------------------------

--
-- Table structure for table `tax_settings`
--

CREATE TABLE `tax_settings` (
  `id` int UNSIGNED NOT NULL,
  `min_amount` decimal(10,2) NOT NULL,
  `max_amount` decimal(10,2) NOT NULL,
  `percentange` double(4,2) NOT NULL,
  `max_no_taxable_amount` decimal(10,2) NOT NULL DEFAULT '0.00',
  `status` tinyint(1) NOT NULL DEFAULT '1',
  `created_at` timestamp NULL DEFAULT NULL,
  `updated_at` timestamp NULL DEFAULT NULL
) ENGINE=InnoDB DEFAULT CHARSET=utf8mb4 COLLATE=utf8mb4_unicode_ci;

--
-- Dumping data for table `tax_settings`
--

INSERT INTO `tax_settings` (`id`, `min_amount`, `max_amount`, `percentange`, `max_no_taxable_amount`, `status`, `created_at`, `updated_at`) VALUES
(1, 0.00, 5000.00, 0.00, 0.00, 1, NULL, NULL),
(2, 5001.00, 10000.00, 5.00, 5000.00, 1, NULL, NULL),
(3, 10001.00, 20000.00, 10.00, 5000.00, 1, NULL, '2022-10-01 05:22:30'),
(4, 20001.00, 50000.00, 15.00, 5000.00, 1, NULL, NULL);

-- --------------------------------------------------------

--
-- Table structure for table `testimonials`
--

CREATE TABLE `testimonials` (
  `id` int UNSIGNED NOT NULL,
  `language_id` int UNSIGNED NOT NULL,
  `name` varchar(191) CHARACTER SET utf8mb4 COLLATE utf8mb4_unicode_ci NOT NULL,
  `designation` varchar(191) CHARACTER SET utf8mb4 COLLATE utf8mb4_unicode_ci DEFAULT NULL,
  `description` text CHARACTER SET utf8mb4 COLLATE utf8mb4_unicode_ci NOT NULL,
  `rating` double(2,2) NOT NULL DEFAULT '0.99',
  `attach` text CHARACTER SET utf8mb4 COLLATE utf8mb4_unicode_ci,
  `status` tinyint(1) NOT NULL DEFAULT '1',
  `created_at` timestamp NULL DEFAULT NULL,
  `updated_at` timestamp NULL DEFAULT NULL
) ENGINE=InnoDB DEFAULT CHARSET=utf8mb4 COLLATE=utf8mb4_unicode_ci;

--
-- Dumping data for table `testimonials`
--

INSERT INTO `testimonials` (`id`, `language_id`, `name`, `designation`, `description`, `rating`, `attach`, `status`, `created_at`, `updated_at`) VALUES
(1, 1, 'Margie Dose', 'Web Developer', 'Curabitur ac tortor ante. Sed quis iaculis risus. Ut ultrices ligula aliquet odio tristique euismod. Donec efficitur dolor in turpis aliquet, at mollis.', 0.99, 'testi_avatar_1692915788.png', 1, '2023-08-24 16:23:08', '2023-08-24 16:23:08'),
(2, 1, 'Rock Dloder', 'Web Developer', 'Curabitur ac tortor ante. Sed quis iaculis risus. Ut ultrices ligula aliquet odio tristique euismod. Donec efficitur dolor in turpis aliquet, at mollis.', 0.99, 'testi_avatar_02_1692915825.png', 1, '2023-08-24 16:23:45', '2023-08-24 16:23:45'),
(3, 1, 'Roboto Eorure', 'Web Developer', 'Curabitur ac tortor ante. Sed quis iaculis risus. Ut ultrices ligula aliquet odio tristique euismod. Donec efficitur dolor in turpis aliquet, at mollis.', 0.99, 'testi_avatar_03_1692915872.png', 1, '2023-08-24 16:24:32', '2023-08-24 16:24:32'),
(4, 1, 'Alex Barek', 'Web Developer', 'Curabitur ac tortor ante. Sed quis iaculis risus. Ut ultrices ligula aliquet odio tristique euismod. Donec efficitur dolor in turpis aliquet, at mollis.', 0.99, 'testi_avatar_1692915924.png', 1, '2023-08-24 16:25:24', '2023-08-24 16:25:24'),
(5, 1, 'Devid Rogart', 'Web Developer', 'Curabitur ac tortor ante. Sed quis iaculis risus. Ut ultrices ligula aliquet odio tristique euismod. Donec efficitur dolor in turpis aliquet, at mollis.', 0.99, 'testi_avatar_02_1692915972.png', 1, '2023-08-24 16:26:12', '2023-08-24 16:26:12');

-- --------------------------------------------------------

--
-- Table structure for table `topbar_settings`
--

CREATE TABLE `topbar_settings` (
  `id` int UNSIGNED NOT NULL,
  `address_title` varchar(191) CHARACTER SET utf8mb4 COLLATE utf8mb4_unicode_ci DEFAULT NULL,
  `address` text CHARACTER SET utf8mb4 COLLATE utf8mb4_unicode_ci,
  `email` varchar(191) CHARACTER SET utf8mb4 COLLATE utf8mb4_unicode_ci DEFAULT NULL,
  `phone` varchar(191) CHARACTER SET utf8mb4 COLLATE utf8mb4_unicode_ci DEFAULT NULL,
  `working_hour` varchar(191) CHARACTER SET utf8mb4 COLLATE utf8mb4_unicode_ci DEFAULT NULL,
  `about_title` varchar(191) CHARACTER SET utf8mb4 COLLATE utf8mb4_unicode_ci DEFAULT NULL,
  `about_summery` text CHARACTER SET utf8mb4 COLLATE utf8mb4_unicode_ci,
  `social_title` varchar(191) CHARACTER SET utf8mb4 COLLATE utf8mb4_unicode_ci DEFAULT NULL,
  `social_status` tinyint(1) NOT NULL DEFAULT '1',
  `status` tinyint(1) NOT NULL DEFAULT '1',
  `created_at` timestamp NULL DEFAULT NULL,
  `updated_at` timestamp NULL DEFAULT NULL
) ENGINE=InnoDB DEFAULT CHARSET=utf8mb4 COLLATE=utf8mb4_unicode_ci;

--
-- Dumping data for table `topbar_settings`
--

INSERT INTO `topbar_settings` (`id`, `address_title`, `address`, `email`, `phone`, `working_hour`, `about_title`, `about_summery`, `social_title`, `social_status`, `status`, `created_at`, `updated_at`) VALUES
(1, NULL, 'Rangpur, Bangladesh', 'info@hitechuniversity.com', '+00123456789', NULL, NULL, NULL, NULL, 1, 1, '2023-08-24 15:52:44', '2023-08-24 15:53:17');

-- --------------------------------------------------------

--
-- Table structure for table `transactions`
--

CREATE TABLE `transactions` (
  `id` bigint UNSIGNED NOT NULL,
  `transactionable_id` bigint NOT NULL,
  `transactionable_type` varchar(191) CHARACTER SET utf8mb4 COLLATE utf8mb4_unicode_ci NOT NULL,
  `transaction_id` varchar(191) CHARACTER SET utf8mb4 COLLATE utf8mb4_unicode_ci NOT NULL,
  `amount` decimal(10,2) NOT NULL,
  `type` int NOT NULL COMMENT '1 Creadit & 2 Debit',
  `created_by` bigint UNSIGNED DEFAULT NULL,
  `updated_by` bigint UNSIGNED DEFAULT NULL,
  `created_at` timestamp NULL DEFAULT NULL,
  `updated_at` timestamp NULL DEFAULT NULL
) ENGINE=InnoDB DEFAULT CHARSET=utf8mb4 COLLATE=utf8mb4_unicode_ci;

--
-- Dumping data for table `transactions`
--

INSERT INTO `transactions` (`id`, `transactionable_id`, `transactionable_type`, `transaction_id`, `amount`, `type`, `created_by`, `updated_by`, `created_at`, `updated_at`) VALUES
(1, 2, 'App\\Models\\Student', 'H9Cpqn51xGm7mVpE', 3150.00, 1, 1, NULL, '2022-10-03 13:35:39', '2022-10-03 13:35:39'),
(2, 4, 'App\\Models\\Student', 'f5JWnxrigm6KyHgY', 3150.00, 1, 1, NULL, '2022-10-03 13:35:58', '2022-10-03 13:35:58'),
(3, 7, 'App\\Models\\Student', 'yo1FhMZ8dS3UqA8M', 4000.00, 1, 1, NULL, '2022-10-03 13:38:36', '2022-10-03 13:38:36'),
(4, 7, 'App\\Models\\Student', '31iN1HVqCYzslNU8', 4000.00, 2, 1, NULL, '2022-10-03 13:38:52', '2022-10-03 13:38:52'),
(5, 7, 'App\\Models\\Student', 'VPpGpvTamxJ8KZA6', 4050.00, 1, 1, NULL, '2022-10-03 13:39:15', '2022-10-03 13:39:15'),
(6, 7, 'App\\User', 'AOzKLAvS6WgUjcWW', 14189.00, 2, 1, NULL, '2022-10-03 15:36:52', '2022-10-03 15:36:52'),
(7, 8, 'App\\User', 'Za0r26eRfMei4lQa', 16526.00, 2, 1, NULL, '2022-10-03 15:37:35', '2022-10-03 15:37:35'),
(8, 3, 'App\\User', '8aSusUqJhjdRysWJ', 3000.00, 2, 1, NULL, '2022-10-03 15:45:04', '2022-10-03 15:45:04'),
(9, 14, 'App\\Models\\Student', '2kChl0YGtKwZCI4I', 1800.00, 1, 1, NULL, '2022-10-04 09:21:36', '2022-10-04 09:21:36'),
(10, 2, 'App\\Models\\Student', '9hAdG9i38LTJ0aPR', 3150.00, 2, 1, NULL, '2022-10-04 09:22:16', '2022-10-04 09:22:16'),
(11, 4, 'App\\Models\\Student', 'cIMb0tMlA9o2te2Z', 3150.00, 2, 1, NULL, '2022-10-04 09:22:29', '2022-10-04 09:22:29'),
(12, 1, 'App\\Models\\Student', 'kog5hZw38tMToRkE', 3200.00, 1, 1, NULL, '2022-10-04 09:22:54', '2022-10-04 09:22:54'),
(13, 4, 'App\\Models\\Student', 'UlYXx4aja6Ak3Wly', 3200.00, 1, 1, NULL, '2022-10-04 09:23:56', '2022-10-04 09:23:56'),
(14, 10, 'App\\Models\\Student', 'xfXmn8WO7BhybnAv', 1800.00, 1, 1, NULL, '2022-10-04 09:24:08', '2022-10-04 09:24:08'),
(15, 10, 'App\\Models\\Student', 'BUUHGkNA9Fun4Ift', 1800.00, 2, 1, NULL, '2022-10-04 10:10:50', '2022-10-04 10:10:50'),
(16, 12, 'App\\Models\\Student', 'BTXkfv9esWhw1A4Q', 1800.00, 1, 1, NULL, '2022-10-04 10:11:18', '2022-10-04 10:11:18'),
(17, 10, 'App\\Models\\Student', '7z16Tht5q9Xei6xZ', 1800.00, 1, 1, NULL, '2022-10-04 10:11:26', '2022-10-04 10:11:26'),
(18, 7, 'App\\User', 'KiwXkDl0MD2rfckr', 14189.00, 1, 1, NULL, '2022-10-04 10:22:13', '2022-10-04 10:22:13'),
(19, 7, 'App\\User', 'cj4IjjdIolJTJ3uK', 14189.00, 2, 1, NULL, '2022-10-04 10:22:30', '2022-10-04 10:22:30'),
(20, 4, 'App\\Models\\Student', 'XbscZanSZVsUZYMx', 1800.00, 1, 1, NULL, '2022-10-04 10:23:58', '2022-10-04 10:23:58'),
(21, 8, 'App\\Models\\Student', 'jWgYEu9vXOvpRWgP', 1800.00, 1, 1, NULL, '2023-02-13 11:54:05', '2023-02-13 11:54:05'),
(22, 5, 'App\\Models\\Student', 't58UYubvOVytQ6I2', 1800.00, 1, 1, NULL, '2023-02-13 11:55:00', '2023-02-13 11:55:00'),
(23, 7, 'App\\User', 'uFzvvWcKEPZQo1sJ', 14189.00, 1, 1, NULL, '2023-02-13 11:59:32', '2023-02-13 11:59:32'),
(24, 8, 'App\\User', 'R10BvOK5v7XdkJdm', 16526.00, 1, 1, NULL, '2023-02-13 11:59:36', '2023-02-13 11:59:36'),
(25, 3, 'App\\User', 'P6cFuywfB0TxDbiQ', 3000.00, 1, 1, NULL, '2023-02-13 12:01:45', '2023-02-13 12:01:45'),
(26, 3, 'App\\User', 'cSHqT2rl213GWXdd', 4300.00, 2, 1, NULL, '2023-02-13 12:02:24', '2023-02-13 12:02:24'),
(27, 2, 'App\\User', 'R9kMSPcqDHBQOTCb', 14886.00, 2, 1, NULL, '2023-02-13 12:02:40', '2023-02-13 12:02:40'),
(28, 7, 'App\\User', '6qQ4EuW9m9Xuduqm', 17969.00, 2, 1, NULL, '2023-02-13 12:02:49', '2023-02-13 12:02:49'),
(29, 9, 'App\\Models\\Student', 'E5CT2yfO92tLOktz', 1800.00, 1, 1, NULL, '2023-08-25 06:29:24', '2023-08-25 06:29:24'),
(30, 1, 'App\\Models\\Student', 'fK6t6Dj6RoxwzF7a', 1800.00, 1, 1, NULL, '2023-08-25 06:29:56', '2023-08-25 06:29:56'),
(31, 34, 'App\\Models\\Student', 'th6pCsOHamjwS4zL', 100000.00, 1, 1, NULL, '2025-04-30 12:10:56', '2025-04-30 12:10:56'),
(32, 61, 'App\\Models\\Student', '0XinU9VcAup2qLQH', 5000.00, 1, 1, NULL, '2025-05-26 13:58:41', '2025-05-26 13:58:41'),
(33, 61, 'App\\Models\\Student', '7DZSJWSlJtzKkYXL', 5000.00, 1, 1, NULL, '2025-05-26 14:02:24', '2025-05-26 14:02:24'),
(34, 67, 'App\\Models\\Student', 'KmTNayIpldGrv6QS', 50.00, 1, 1, NULL, '2026-02-12 18:06:36', '2026-02-12 18:06:36'),
(35, 67, 'App\\Models\\Student', 'Ko1LbiomOsBUhHqd', 0.00, 1, 1, NULL, '2026-02-12 18:07:12', '2026-02-12 18:07:12'),
(36, 67, 'App\\Models\\Student', 'Aj2Qv7vFZoevxFGR', 0.00, 1, 1, NULL, '2026-02-12 18:07:13', '2026-02-12 18:07:13');

-- --------------------------------------------------------

--
-- Table structure for table `transfer_creadits`
--

CREATE TABLE `transfer_creadits` (
  `id` bigint UNSIGNED NOT NULL,
  `student_id` bigint UNSIGNED NOT NULL,
  `program_id` int UNSIGNED NOT NULL,
  `session_id` int UNSIGNED NOT NULL,
  `semester_id` int UNSIGNED NOT NULL,
  `subject_id` bigint UNSIGNED NOT NULL,
  `marks` decimal(10,2) DEFAULT NULL,
  `note` text CHARACTER SET utf8mb4 COLLATE utf8mb4_unicode_ci,
  `status` tinyint(1) NOT NULL DEFAULT '1',
  `created_at` timestamp NULL DEFAULT NULL,
  `updated_at` timestamp NULL DEFAULT NULL
) ENGINE=InnoDB DEFAULT CHARSET=utf8mb4 COLLATE=utf8mb4_unicode_ci;

-- --------------------------------------------------------

--
-- Table structure for table `transport_members`
--

CREATE TABLE `transport_members` (
  `id` bigint UNSIGNED NOT NULL,
  `transportable_type` varchar(191) CHARACTER SET utf8mb4 COLLATE utf8mb4_unicode_ci NOT NULL,
  `transportable_id` bigint UNSIGNED NOT NULL,
  `transport_route_id` int UNSIGNED NOT NULL,
  `transport_vehicle_id` int UNSIGNED NOT NULL,
  `start_date` date DEFAULT NULL,
  `end_date` date DEFAULT NULL,
  `note` text CHARACTER SET utf8mb4 COLLATE utf8mb4_unicode_ci,
  `status` int NOT NULL DEFAULT '1' COMMENT '0 Inactive, 1 Active',
  `created_by` bigint UNSIGNED DEFAULT NULL,
  `updated_by` bigint UNSIGNED DEFAULT NULL,
  `created_at` timestamp NULL DEFAULT NULL,
  `updated_at` timestamp NULL DEFAULT NULL
) ENGINE=InnoDB DEFAULT CHARSET=utf8mb4 COLLATE=utf8mb4_unicode_ci;

--
-- Dumping data for table `transport_members`
--

INSERT INTO `transport_members` (`id`, `transportable_type`, `transportable_id`, `transport_route_id`, `transport_vehicle_id`, `start_date`, `end_date`, `note`, `status`, `created_by`, `updated_by`, `created_at`, `updated_at`) VALUES
(1, 'App\\Models\\Student', 11, 1, 1, '2023-02-13', NULL, NULL, 1, 1, NULL, '2023-02-13 13:00:43', '2023-02-13 13:00:43'),
(2, 'App\\Models\\Student', 8, 2, 1, '2023-02-13', NULL, NULL, 1, 1, NULL, '2023-02-13 13:00:52', '2023-02-13 13:00:52'),
(3, 'App\\Models\\Student', 14, 1, 3, '2023-02-13', NULL, NULL, 1, 1, NULL, '2023-02-13 13:01:03', '2023-02-13 13:01:03'),
(4, 'App\\Models\\Student', 10, 2, 2, '2023-02-13', NULL, NULL, 1, 1, NULL, '2023-02-13 13:01:11', '2023-02-13 13:01:11'),
(5, 'App\\User', 8, 1, 1, '2023-02-13', NULL, NULL, 1, 1, NULL, '2023-02-13 13:01:42', '2023-02-13 13:01:42'),
(6, 'App\\User', 7, 2, 2, '2023-02-13', NULL, NULL, 1, 1, NULL, '2023-02-13 13:01:48', '2023-02-13 13:01:48'),
(7, 'App\\User', 3, 1, 3, '2023-02-13', NULL, NULL, 1, 1, NULL, '2023-02-13 13:01:55', '2023-02-13 13:01:55'),
(8, 'App\\User', 9, 2, 1, '2025-11-28', NULL, NULL, 1, 1, NULL, '2025-11-28 20:14:28', '2025-11-28 20:14:28');

-- --------------------------------------------------------

--
-- Table structure for table `transport_routes`
--

CREATE TABLE `transport_routes` (
  `id` int UNSIGNED NOT NULL,
  `title` varchar(191) CHARACTER SET utf8mb4 COLLATE utf8mb4_unicode_ci NOT NULL,
  `fee` double(10,2) DEFAULT NULL,
  `description` text CHARACTER SET utf8mb4 COLLATE utf8mb4_unicode_ci,
  `status` tinyint(1) NOT NULL DEFAULT '1',
  `created_at` timestamp NULL DEFAULT NULL,
  `updated_at` timestamp NULL DEFAULT NULL
) ENGINE=InnoDB DEFAULT CHARSET=utf8mb4 COLLATE=utf8mb4_unicode_ci;

--
-- Dumping data for table `transport_routes`
--

INSERT INTO `transport_routes` (`id`, `title`, `fee`, `description`, `status`, `created_at`, `updated_at`) VALUES
(1, 'Mirpur to Gulshan', 50.00, NULL, 1, '2023-02-13 12:59:12', '2023-02-13 12:59:12'),
(2, 'Mirpur to Uttora', 30.00, NULL, 1, '2023-02-13 12:59:32', '2023-02-13 12:59:32');

-- --------------------------------------------------------

--
-- Table structure for table `transport_route_transport_vehicle`
--

CREATE TABLE `transport_route_transport_vehicle` (
  `transport_route_id` int UNSIGNED NOT NULL,
  `transport_vehicle_id` int UNSIGNED NOT NULL
) ENGINE=InnoDB DEFAULT CHARSET=utf8mb4 COLLATE=utf8mb4_unicode_ci;

--
-- Dumping data for table `transport_route_transport_vehicle`
--

INSERT INTO `transport_route_transport_vehicle` (`transport_route_id`, `transport_vehicle_id`) VALUES
(1, 1),
(2, 1),
(2, 2),
(1, 3);

-- --------------------------------------------------------

--
-- Table structure for table `transport_vehicles`
--

CREATE TABLE `transport_vehicles` (
  `id` int UNSIGNED NOT NULL,
  `number` varchar(191) CHARACTER SET utf8mb4 COLLATE utf8mb4_unicode_ci NOT NULL,
  `type` varchar(191) CHARACTER SET utf8mb4 COLLATE utf8mb4_unicode_ci DEFAULT NULL,
  `model` varchar(191) CHARACTER SET utf8mb4 COLLATE utf8mb4_unicode_ci DEFAULT NULL,
  `capacity` varchar(191) CHARACTER SET utf8mb4 COLLATE utf8mb4_unicode_ci DEFAULT NULL,
  `year_made` varchar(191) CHARACTER SET utf8mb4 COLLATE utf8mb4_unicode_ci DEFAULT NULL,
  `driver_name` varchar(191) CHARACTER SET utf8mb4 COLLATE utf8mb4_unicode_ci DEFAULT NULL,
  `driver_license` text CHARACTER SET utf8mb4 COLLATE utf8mb4_unicode_ci,
  `driver_contact` text CHARACTER SET utf8mb4 COLLATE utf8mb4_unicode_ci,
  `note` text CHARACTER SET utf8mb4 COLLATE utf8mb4_unicode_ci,
  `status` tinyint(1) NOT NULL DEFAULT '1',
  `created_at` timestamp NULL DEFAULT NULL,
  `updated_at` timestamp NULL DEFAULT NULL
) ENGINE=InnoDB DEFAULT CHARSET=utf8mb4 COLLATE=utf8mb4_unicode_ci;

--
-- Dumping data for table `transport_vehicles`
--

INSERT INTO `transport_vehicles` (`id`, `number`, `type`, `model`, `capacity`, `year_made`, `driver_name`, `driver_license`, `driver_contact`, `note`, `status`, `created_at`, `updated_at`) VALUES
(1, '635', 'Bus', NULL, NULL, NULL, NULL, NULL, NULL, NULL, 1, '2023-02-13 12:59:55', '2023-02-13 12:59:55'),
(2, '788', 'Bus', NULL, NULL, NULL, NULL, NULL, NULL, NULL, 1, '2023-02-13 13:00:10', '2023-02-13 13:00:10'),
(3, '856', 'Bus', NULL, NULL, NULL, NULL, NULL, NULL, NULL, 1, '2023-02-13 13:00:20', '2023-02-13 13:00:20');

-- --------------------------------------------------------

--
-- Table structure for table `universities`
--

CREATE TABLE `universities` (
  `id` bigint UNSIGNED NOT NULL,
  `type` varchar(100) CHARACTER SET utf8mb4 COLLATE utf8mb4_unicode_ci NOT NULL,
  `sub_type` varchar(100) CHARACTER SET utf8mb4 COLLATE utf8mb4_unicode_ci DEFAULT NULL,
  `title` varchar(255) CHARACTER SET utf8mb4 COLLATE utf8mb4_unicode_ci NOT NULL,
  `email` varchar(191) CHARACTER SET utf8mb4 COLLATE utf8mb4_unicode_ci DEFAULT NULL,
  `password` varchar(191) CHARACTER SET utf8mb4 COLLATE utf8mb4_unicode_ci DEFAULT NULL,
  `profile_image` varchar(255) CHARACTER SET utf8mb4 COLLATE utf8mb4_unicode_ci DEFAULT NULL,
  `created_at` timestamp NULL DEFAULT NULL,
  `updated_at` timestamp NULL DEFAULT NULL
) ENGINE=InnoDB DEFAULT CHARSET=utf8mb4 COLLATE=utf8mb4_unicode_ci;

--
-- Dumping data for table `universities`
--

INSERT INTO `universities` (`id`, `type`, `sub_type`, `title`, `email`, `password`, `profile_image`, `created_at`, `updated_at`) VALUES
(3, 'University', 'GOVT', 'AIET', 'aiet@naac.in', '$2y$10$92IXUNpkjO0rOQ5byMi.Ye4oKoEa3Ro9llC/.og/at2.uheWG/igi', NULL, '2025-09-03 14:22:16', '2025-09-03 14:29:12'),
(4, 'University', 'Private', 'NIT', 'nit@naac.in', '$2y$10$92IXUNpkjO0rOQ5byMi.Ye4oKoEa3Ro9llC/.og/at2.uheWG/igi', NULL, '2025-09-03 14:33:18', '2025-09-03 14:33:28'),
(5, 'Autonomous', 'GOVT', 'GIET', 'giet@naac.in', '$2y$10$92IXUNpkjO0rOQ5byMi.Ye4oKoEa3Ro9llC/.og/at2.uheWG/igi', NULL, '2025-09-05 13:30:31', '2025-09-05 13:30:31'),
(6, 'University', 'DMD', 'KIIT', 'kiit@naac.in', '$2y$10$92IXUNpkjO0rOQ5byMi.Ye4oKoEa3Ro9llC/.og/at2.uheWG/igi', NULL, '2025-09-10 11:38:37', '2025-09-10 11:38:37'),
(7, 'Autonomous', 'GOVT', 'BANKI AUTONOMOUS COLLEGE', 'banki@naac.in', '$2y$10$92IXUNpkjO0rOQ5byMi.Ye4oKoEa3Ro9llC/.og/at2.uheWG/igi', 'profile_images/Lf8Ti0YuGHeUtbjZeDVLPIdwOFVHNCaDv8tLSUMo.jpg', '2025-09-10 11:45:45', '2025-10-07 18:13:01'),
(8, 'University', 'GOVT', 'Dhenkanal Autonomous College', NULL, NULL, NULL, '2025-10-13 19:55:57', '2025-10-13 19:55:57'),
(9, 'Autonomous', 'GOVT', 'Salipur Autonomous College', NULL, NULL, NULL, '2026-02-12 16:25:26', '2026-02-12 16:25:42');

-- --------------------------------------------------------

--
-- Table structure for table `users`
--

CREATE TABLE `users` (
  `id` bigint UNSIGNED NOT NULL,
  `staff_id` varchar(191) CHARACTER SET utf8mb4 COLLATE utf8mb4_unicode_ci NOT NULL,
  `department_id` int UNSIGNED DEFAULT NULL,
  `designation_id` int UNSIGNED DEFAULT NULL,
  `first_name` varchar(191) CHARACTER SET utf8mb4 COLLATE utf8mb4_unicode_ci NOT NULL,
  `last_name` varchar(191) CHARACTER SET utf8mb4 COLLATE utf8mb4_unicode_ci NOT NULL,
  `father_name` varchar(191) CHARACTER SET utf8mb4 COLLATE utf8mb4_unicode_ci DEFAULT NULL,
  `mother_name` varchar(191) CHARACTER SET utf8mb4 COLLATE utf8mb4_unicode_ci DEFAULT NULL,
  `email` varchar(191) CHARACTER SET utf8mb4 COLLATE utf8mb4_unicode_ci NOT NULL,
  `email_verified_at` timestamp NULL DEFAULT NULL,
  `password` varchar(191) CHARACTER SET utf8mb4 COLLATE utf8mb4_unicode_ci NOT NULL,
  `password_text` longtext CHARACTER SET utf8mb4 COLLATE utf8mb4_unicode_ci,
  `gender` int NOT NULL COMMENT '1 Male, 2 Female & 3 Other',
  `dob` date NOT NULL,
  `joining_date` date DEFAULT NULL,
  `ending_date` date DEFAULT NULL,
  `phone` varchar(191) CHARACTER SET utf8mb4 COLLATE utf8mb4_unicode_ci DEFAULT NULL,
  `emergency_phone` varchar(191) CHARACTER SET utf8mb4 COLLATE utf8mb4_unicode_ci DEFAULT NULL,
  `mother_tongue` varchar(191) CHARACTER SET utf8mb4 COLLATE utf8mb4_unicode_ci DEFAULT NULL,
  `marital_status` int DEFAULT NULL,
  `blood_group` int DEFAULT NULL,
  `nationality` varchar(191) CHARACTER SET utf8mb4 COLLATE utf8mb4_unicode_ci DEFAULT NULL,
  `national_id` varchar(191) CHARACTER SET utf8mb4 COLLATE utf8mb4_unicode_ci DEFAULT NULL,
  `passport_no` varchar(191) CHARACTER SET utf8mb4 COLLATE utf8mb4_unicode_ci DEFAULT NULL,
  `present_province` int UNSIGNED DEFAULT NULL,
  `present_district` int UNSIGNED DEFAULT NULL,
  `present_village` text CHARACTER SET utf8mb4 COLLATE utf8mb4_unicode_ci,
  `present_address` text CHARACTER SET utf8mb4 COLLATE utf8mb4_unicode_ci,
  `permanent_province` int UNSIGNED DEFAULT NULL,
  `permanent_district` int UNSIGNED DEFAULT NULL,
  `permanent_village` text CHARACTER SET utf8mb4 COLLATE utf8mb4_unicode_ci,
  `permanent_address` text CHARACTER SET utf8mb4 COLLATE utf8mb4_unicode_ci,
  `education_level` varchar(191) CHARACTER SET utf8mb4 COLLATE utf8mb4_unicode_ci DEFAULT NULL,
  `graduation_academy` varchar(191) CHARACTER SET utf8mb4 COLLATE utf8mb4_unicode_ci DEFAULT NULL,
  `year_of_graduation` varchar(191) CHARACTER SET utf8mb4 COLLATE utf8mb4_unicode_ci DEFAULT NULL,
  `graduation_field` varchar(191) CHARACTER SET utf8mb4 COLLATE utf8mb4_unicode_ci DEFAULT NULL,
  `experience` text CHARACTER SET utf8mb4 COLLATE utf8mb4_unicode_ci,
  `note` text CHARACTER SET utf8mb4 COLLATE utf8mb4_unicode_ci,
  `basic_salary` double(10,2) NOT NULL DEFAULT '0.00',
  `contract_type` int NOT NULL DEFAULT '1' COMMENT '1 Full Time & 2 Part Time',
  `work_shift` int UNSIGNED DEFAULT NULL,
  `salary_type` int NOT NULL DEFAULT '1' COMMENT '1 Fixed & 2 Hourly',
  `bank_account_name` varchar(191) CHARACTER SET utf8mb4 COLLATE utf8mb4_unicode_ci DEFAULT NULL,
  `bank_account_no` varchar(191) CHARACTER SET utf8mb4 COLLATE utf8mb4_unicode_ci DEFAULT NULL,
  `bank_name` varchar(191) CHARACTER SET utf8mb4 COLLATE utf8mb4_unicode_ci DEFAULT NULL,
  `ifsc_code` varchar(191) CHARACTER SET utf8mb4 COLLATE utf8mb4_unicode_ci DEFAULT NULL,
  `bank_brach` varchar(191) CHARACTER SET utf8mb4 COLLATE utf8mb4_unicode_ci DEFAULT NULL,
  `tin_no` varchar(191) CHARACTER SET utf8mb4 COLLATE utf8mb4_unicode_ci DEFAULT NULL,
  `photo` text CHARACTER SET utf8mb4 COLLATE utf8mb4_unicode_ci,
  `signature` text CHARACTER SET utf8mb4 COLLATE utf8mb4_unicode_ci,
  `resume` text CHARACTER SET utf8mb4 COLLATE utf8mb4_unicode_ci,
  `joining_letter` text CHARACTER SET utf8mb4 COLLATE utf8mb4_unicode_ci,
  `is_admin` tinyint(1) NOT NULL DEFAULT '0',
  `login` tinyint(1) NOT NULL DEFAULT '1',
  `status` int NOT NULL DEFAULT '1' COMMENT '0 Inactive, 1 Active',
  `remember_token` varchar(100) CHARACTER SET utf8mb4 COLLATE utf8mb4_unicode_ci DEFAULT NULL,
  `created_by` bigint UNSIGNED DEFAULT NULL,
  `updated_by` bigint UNSIGNED DEFAULT NULL,
  `created_at` timestamp NULL DEFAULT NULL,
  `updated_at` timestamp NULL DEFAULT NULL,
  `religion` varchar(191) CHARACTER SET utf8mb4 COLLATE utf8mb4_unicode_ci DEFAULT NULL,
  `caste` varchar(191) CHARACTER SET utf8mb4 COLLATE utf8mb4_unicode_ci DEFAULT NULL,
  `country` varchar(191) CHARACTER SET utf8mb4 COLLATE utf8mb4_unicode_ci DEFAULT NULL,
  `epf_no` text CHARACTER SET utf8mb4 COLLATE utf8mb4_unicode_ci
) ENGINE=InnoDB DEFAULT CHARSET=utf8mb4 COLLATE=utf8mb4_unicode_ci;

--
-- Dumping data for table `users`
--

INSERT INTO `users` (`id`, `staff_id`, `department_id`, `designation_id`, `first_name`, `last_name`, `father_name`, `mother_name`, `email`, `email_verified_at`, `password`, `password_text`, `gender`, `dob`, `joining_date`, `ending_date`, `phone`, `emergency_phone`, `mother_tongue`, `marital_status`, `blood_group`, `nationality`, `national_id`, `passport_no`, `present_province`, `present_district`, `present_village`, `present_address`, `permanent_province`, `permanent_district`, `permanent_village`, `permanent_address`, `education_level`, `graduation_academy`, `year_of_graduation`, `graduation_field`, `experience`, `note`, `basic_salary`, `contract_type`, `work_shift`, `salary_type`, `bank_account_name`, `bank_account_no`, `bank_name`, `ifsc_code`, `bank_brach`, `tin_no`, `photo`, `signature`, `resume`, `joining_letter`, `is_admin`, `login`, `status`, `remember_token`, `created_by`, `updated_by`, `created_at`, `updated_at`, `religion`, `caste`, `country`, `epf_no`) VALUES
(1, '1001', 1, 2, 'Super', 'Admin', 'ABC', 'XYZ', 'admin@mail.com', NULL, '$2y$10$RdSog4xnJYQlAL8CfEkScu5fq6lAK6PAHhRLiWRqqm.5Vbx3tgLTG', 'eyJpdiI6ImdEZVpac0I1amdTOVF0VXFobjZDOVE9PSIsInZhbHVlIjoiTmNUOHRNb0ZGTTVKN2JrNnNGdDJZdz09IiwibWFjIjoiODMyZDI4NDQzOWI2NjFmZTY2Y2QyZjRmZmExNjRiN2MyZTBlN2NmMDE5NDcyNGMwMGEwNjkwMjFiYmE1NWU0NiIsInRhZyI6IiJ9', 1, '2006-01-01', '2018-10-02', NULL, '0123456789', NULL, NULL, 2, 1, NULL, NULL, NULL, 1, 1, NULL, NULL, 1, 1, NULL, NULL, 'Minima voluptatem f', 'Et sunt esse non pro', '2001', 'Eum sed do omnis mai', 'Quo sunt hic except', 'Distinctio Esse do', 50000.00, 1, 1, 1, NULL, NULL, NULL, NULL, NULL, NULL, NULL, NULL, NULL, NULL, 1, 1, 1, 'WuzC9EHSA4ruvFt3djUGk6dOfGXk61HEeyoPbwtHtcdUxkQd3w5H8UXgwpRy', NULL, 1, '2022-09-30 12:00:46', '2022-10-02 05:49:52', NULL, NULL, NULL, NULL),
(2, '1002', 3, 5, 'utkal', 'Das', 'Britanney Leonard', 'Aubrey Russo', 'wademegiva@mailinator.com', NULL, '$2y$10$QfiMoAdVy7vnkdl.CTutH.AyhbuvtwESAL8fxTB8Uk8D3EkWgiCAS', 'eyJpdiI6InBXNnlNayt5dGVsNHhubnh6WGV4TGc9PSIsInZhbHVlIjoiUS9nQUhuU0NjMEd6eEhaVTBHRjkxQT09IiwibWFjIjoiNmJiY2NmMTliY2IwZWVmNzU3NmM1ZmU0NWE0NmRlYzdkMDUyMjlhMmFjMGRhYWIzMjFiYTZhZDk2NzcwMjk4YSIsInRhZyI6IiJ9', 2, '1995-05-03', '2016-06-04', NULL, '+1 (382) 814-8571', '+1 (706) 309-2903', NULL, 1, 4, NULL, '548567878674564', '1215454574578', 3, 0, NULL, 'Voluptatem Fugit a', 3, 11, NULL, 'Aperiam reprehenderi', 'Sint aut sed quos l', 'Non qui commodo quam', '2012', 'Sit dolores incidun', 'Earum ea atque expli', 'Maiores totam ex nul', 40000.00, 1, 2, 1, NULL, NULL, NULL, NULL, NULL, NULL, 'staff1_1664711572.jpg', NULL, NULL, NULL, 0, 1, 1, NULL, 1, 1, '2022-10-02 05:52:52', '2026-03-28 19:28:40', NULL, NULL, NULL, NULL),
(3, '1003', 5, 3, 'Meredith', 'Hancock', 'Ariana Mckenzie', 'Carla Oneill', 'vopukiceg@mailinator.com', NULL, '$2y$10$f5YtheBhJer3qVtP3p1zQ.rIMZkC7fl28oKZ16Q32hozqpedJQ9t6', 'eyJpdiI6Imt3c29Eb2RScTE1L2R0RWhjbHZzYnc9PSIsInZhbHVlIjoiazRQM2pUU0hvbE5TZ2hxK05nV3JOQT09IiwibWFjIjoiMmFlN2E5MTVlZDY2YmQ5MDFlYTkxZWQ3NDg0OTg4MTEzODc3MTE2NDAzNzJlZDM3ZDJiNGFjY2RmZjcwMjM3ZCIsInRhZyI6IiJ9', 1, '2000-10-03', '2015-12-31', NULL, '+1 (232) 685-4261', '+1 (347) 622-9076', NULL, 3, 3, NULL, 'Officia non cupidita', 'Omnis quia sed dolor', 3, 10, 'Porro laborum quos d', 'Necessitatibus sit', 4, 3, 'Temporibus corrupti', 'Neque id et officiis', NULL, NULL, NULL, NULL, NULL, NULL, 300.00, 2, 2, 2, NULL, NULL, NULL, NULL, NULL, NULL, NULL, NULL, NULL, NULL, 0, 1, 1, NULL, 1, 1, '2022-10-02 05:55:46', '2025-04-25 17:51:48', NULL, NULL, NULL, NULL),
(4, '1004', 5, 1, 'Daphne', 'Padilla', 'Akeem Lester', 'Mallory Winters', 'foxykosen@mailinator.com', NULL, '$2y$10$LzfVRaZciCdgmYZRnvchmehBhCREFtz68CmhGYPORckO2FsYniMUW', 'eyJpdiI6ImVGNCtUcUVER3ZrT2RCZjBzZnhxQVE9PSIsInZhbHVlIjoiZldUR3RwZmVFWHFEc3dzeW1XNlIzZz09IiwibWFjIjoiOTMyODJlMjcxYzE2MzBiMzQ2Y2IxYmQ5OWFhMDlkYTE2NDZjZmVhNzcyOTZiZTRkZTI2OGFhNzVkOTgxMGY2NiIsInRhZyI6IiJ9', 1, '1977-11-04', '2010-03-08', NULL, '+1 (736) 196-8936', '+1 (856) 323-9264', NULL, 5, 2, NULL, '757867868576', '786876876876', 4, 5, 'Incidunt aperiam pa', 'Excepteur fugiat nec', 4, 4, 'Itaque magni maxime', 'Autem itaque quis do', 'Ipsa autem dolores', 'Velit elit hic sint', '2009', 'Qui quia culpa aspe', 'Commodi deserunt lab', 'Possimus minus ipsa', 500.00, 2, 1, 2, NULL, NULL, NULL, NULL, NULL, NULL, 'staff2_1664711842.jpg', NULL, NULL, NULL, 0, 1, 1, NULL, 1, 1, '2022-10-02 05:57:22', '2022-10-02 11:51:51', NULL, NULL, NULL, NULL),
(5, '1005', 5, 3, 'Emmanuel', 'Harmon', 'Thor Rosales', 'Desiree Crawford', 'wymawocowy@mailinator.com', NULL, '$2y$10$r1R9qzdjP0z02OP0Jneaq.eXfo4o3UKrtP8XMKENhjYJPn3bhjEY6', 'eyJpdiI6InBYNWFoZ3dadjd6L1Z3ZW9TTzczYmc9PSIsInZhbHVlIjoiVWVmeWtqRGdwQmYxQS9YaVJvaVV1QT09IiwibWFjIjoiOGRkZmM3MDU1ODkxNDc1Yjc5MDE5MTgyMDc2MmZkZDRkNTA1ZTg0ZDdhZjNkMTcwMTBkNmYxYjA0YjM3NmNiZiIsInRhZyI6IiJ9', 2, '1972-09-29', '2021-09-12', NULL, '+1 (363) 404-1739', '+1 (874) 534-7443', NULL, 3, 4, NULL, 'Ratione consequatur', 'Officia quaerat aliq', 2, 13, 'Beatae Nam praesenti', 'Qui corporis quia la', 1, 2, 'Qui vel consectetur', 'Nostrum deserunt eni', 'Non do mollit eos vo', 'Culpa unde quidem f', '1998', 'Dolore culpa proide', 'In fugiat sit id qu', 'Eaque reiciendis qui', 35000.00, 1, 2, 1, NULL, NULL, NULL, NULL, NULL, NULL, NULL, NULL, NULL, NULL, 0, 1, 1, NULL, 1, 1, '2022-10-02 05:59:21', '2022-10-02 11:52:10', NULL, NULL, NULL, NULL),
(6, '1006', 1, 6, 'Sara', 'Boone', 'Vance Carroll', 'Vaughan Francis', 'myda@mailinator.com', NULL, '$2y$10$w2tfyISrZMeHcXrHaFw1aOufZeIATXxG1lXNnUZZQJR2FGnp49xX.', 'eyJpdiI6IjAxZWJ6SW9iR3pZTnU3aFRPYUUxRnc9PSIsInZhbHVlIjoiOGVQMWZNdmx2S2hOWUZpYlpFOXY4Zz09IiwibWFjIjoiMjFmMjRjM2I1OGE0NmE1YzRlM2Q4MzI1OGE3ZWZhZDdjYmU0ZTkzMjlmM2IxNTk5MTM4NTY1MTQ1NWE5YzQ5ZSIsInRhZyI6IiJ9', 1, '1976-02-11', '2016-09-13', NULL, '+1 (168) 535-3775', '+1 (254) 313-7114', NULL, 3, 5, NULL, 'Non nihil ex tempore', 'Enim sit voluptate', 2, 7, 'Duis voluptas minima', 'Nisi molestias error', 1, 2, 'Culpa aliquam et et', 'Ullamco laudantium', 'Ipsam sed qui dolore', 'Atque totam lorem co', '1976', 'Consequatur excepte', 'Debitis dolore magna', 'Vero voluptatem labo', 40000.00, 1, 1, 1, NULL, NULL, NULL, NULL, NULL, NULL, NULL, NULL, NULL, NULL, 0, 1, 1, NULL, 1, 1, '2022-10-02 11:33:19', '2022-10-02 11:52:30', NULL, NULL, NULL, NULL),
(7, '1007', 5, 3, 'Zorita', 'Rivas', 'Paki Boyd', 'Deanna Arnold', 'jenywox@mailinator.com', NULL, '$2y$10$tAhSlZD.8giHI9ufBYDaoOo0KWjMCr3HRI9oa7j8bHlKQAj0raegm', 'eyJpdiI6ImZNMGRrbDNaMzJJdlFMejROa3JNUGc9PSIsInZhbHVlIjoiOHZkbEN6Wk15YXBRK2xsVGlXNGF4Zz09IiwibWFjIjoiMmUwZDRhMDczOThjZTRmMTA0NmMyOGQ5ZDZkOGY1YTI2MTIwMmI5ZTc3NmYwNGRmNDhiMzRkMmMyMmUwMGEyNyIsInRhZyI6IiJ9', 1, '1997-06-13', '2021-10-31', NULL, '+1 (512) 822-9148', '+1 (231) 297-5927', NULL, 4, 8, NULL, 'Ut suscipit qui dolo', 'Commodi possimus cu', 4, 4, 'Rerum error est reru', 'Deleniti quis fugiat', 4, 3, 'Reprehenderit elige', 'Eius repudiandae dol', 'Rerum accusamus sequ', 'Nam modi soluta volu', '1983', 'Enim fugiat obcaeca', 'Atque nostrum ipsum', 'Deserunt in totam es', 38000.00, 1, 1, 1, NULL, NULL, NULL, NULL, NULL, NULL, NULL, NULL, NULL, NULL, 0, 1, 1, NULL, 1, 1, '2022-10-02 11:37:09', '2022-10-02 11:52:53', NULL, NULL, NULL, NULL),
(8, '1008', 2, 4, 'Kessie', 'Lee', 'Colleen Burt', 'Wesley Pittman', 'jyxeto@mailinator.com', NULL, '$2y$10$xadtHaIdxqKM5mL5RIZjlu5rXl8ezO3vKPNHq4dtwWV03YI/QTxri', 'eyJpdiI6IlFTQlcvYk9XRXoyQ1BxRVlpMUlPblE9PSIsInZhbHVlIjoiLzMvOWFzU3NPMU13UnVKZXVxVC9lQT09IiwibWFjIjoiYzhjM2ViMjVlYWZhN2I4NjEyMWFhNmI5YzJkY2ZiNTI0NjE4MjhhYzRjYjc3YWVhMjliY2IxNjJlZjY0OTYzMiIsInRhZyI6IiJ9', 2, '1979-04-27', '2018-05-30', NULL, '+1 (492) 339-1114', '+1 (485) 738-3534', NULL, 3, 6, NULL, '58765568', '9841357', 1, 6, 'Quia consequat Ut l', 'Commodo dolores eius', 4, 12, 'Ducimus amet volup', 'Quia ullamco quo bea', NULL, NULL, NULL, NULL, NULL, NULL, 35000.00, 1, 1, 1, NULL, NULL, NULL, NULL, NULL, NULL, NULL, NULL, NULL, NULL, 0, 1, 1, NULL, 1, 1, '2022-10-02 11:45:51', '2022-10-02 11:53:10', NULL, NULL, NULL, NULL),
(9, '1009', 4, 2, 'Sophia', 'Hyde', 'Tucker Knapp', 'Halla Pugh', 'kojec@mailinator.com', NULL, '$2y$10$LFeLB5XhtE3b43nbctAvY.fRz.bEpbdnhuhy6AYbAtjNgbtI.d4SO', 'eyJpdiI6IjdyRUQzampIVEpaQTBhcDFkWDhvSFE9PSIsInZhbHVlIjoiTG9peUphcUNwbHFOYmNLelBFais4dz09IiwibWFjIjoiNDA5YmUyNTIzNjA0NGY1M2NiMmMyY2I5OTAwNDYxNzIwNDE5MjVkYmUzNWQ0NGZhYzQ4ZGNkY2YyYTRmOTY4NSIsInRhZyI6IiJ9', 2, '1989-02-26', '2022-09-23', NULL, '+1 (542) 196-8396', '+1 (139) 442-4078', NULL, 4, 6, NULL, '9874646', '4568765323', 2, 7, 'Eos aut lorem exped', 'Tempora aspernatur i', 1, 6, 'Et veniam doloribus', 'Enim molestias enim', NULL, NULL, NULL, NULL, NULL, NULL, 30000.00, 1, 2, 1, NULL, NULL, NULL, NULL, NULL, NULL, 'staff1_1664732856.jpg', NULL, NULL, NULL, 0, 1, 1, NULL, 1, 1, '2022-10-02 11:47:36', '2022-10-02 11:53:26', NULL, NULL, NULL, NULL);

-- --------------------------------------------------------

--
-- Table structure for table `user_program`
--

CREATE TABLE `user_program` (
  `user_id` bigint UNSIGNED NOT NULL,
  `program_id` int UNSIGNED NOT NULL
) ENGINE=InnoDB DEFAULT CHARSET=utf8mb4 COLLATE=utf8mb4_unicode_ci;

-- --------------------------------------------------------

--
-- Table structure for table `visitors`
--

CREATE TABLE `visitors` (
  `id` bigint UNSIGNED NOT NULL,
  `purpose_id` int UNSIGNED NOT NULL,
  `department_id` int UNSIGNED DEFAULT NULL,
  `name` varchar(191) CHARACTER SET utf8mb4 COLLATE utf8mb4_unicode_ci NOT NULL,
  `father_name` varchar(191) CHARACTER SET utf8mb4 COLLATE utf8mb4_unicode_ci DEFAULT NULL,
  `phone` varchar(191) CHARACTER SET utf8mb4 COLLATE utf8mb4_unicode_ci DEFAULT NULL,
  `email` varchar(191) CHARACTER SET utf8mb4 COLLATE utf8mb4_unicode_ci DEFAULT NULL,
  `address` text CHARACTER SET utf8mb4 COLLATE utf8mb4_unicode_ci,
  `visit_from` text CHARACTER SET utf8mb4 COLLATE utf8mb4_unicode_ci,
  `id_no` varchar(191) CHARACTER SET utf8mb4 COLLATE utf8mb4_unicode_ci DEFAULT NULL,
  `token` varchar(191) CHARACTER SET utf8mb4 COLLATE utf8mb4_unicode_ci DEFAULT NULL,
  `date` date NOT NULL,
  `in_time` time DEFAULT NULL,
  `out_time` time DEFAULT NULL,
  `persons` varchar(191) CHARACTER SET utf8mb4 COLLATE utf8mb4_unicode_ci DEFAULT NULL,
  `note` text CHARACTER SET utf8mb4 COLLATE utf8mb4_unicode_ci,
  `attach` text CHARACTER SET utf8mb4 COLLATE utf8mb4_unicode_ci,
  `status` tinyint(1) NOT NULL DEFAULT '1',
  `created_by` bigint UNSIGNED DEFAULT NULL,
  `updated_by` bigint UNSIGNED DEFAULT NULL,
  `created_at` timestamp NULL DEFAULT NULL,
  `updated_at` timestamp NULL DEFAULT NULL
) ENGINE=InnoDB DEFAULT CHARSET=utf8mb4 COLLATE=utf8mb4_unicode_ci;

--
-- Dumping data for table `visitors`
--

INSERT INTO `visitors` (`id`, `purpose_id`, `department_id`, `name`, `father_name`, `phone`, `email`, `address`, `visit_from`, `id_no`, `token`, `date`, `in_time`, `out_time`, `persons`, `note`, `attach`, `status`, `created_by`, `updated_by`, `created_at`, `updated_at`) VALUES
(1, 4, 2, 'Yoko Payne', 'Griffith Shaw', '+1 (466) 696-7792', 'koty@mailinator.com', NULL, 'Qui quis perferendis', NULL, 'Pass-100001', '2021-02-16', '00:00:00', '11:34:00', '1', 'Rem eu numquam dolor', NULL, 1, 1, NULL, '2022-10-01 11:49:03', '2022-10-01 11:49:03'),
(2, 3, 4, 'Ria Hodges', 'Lester Weber', '+1 (864) 185-6339', 'vubypa@mailinator.com', NULL, 'Voluptas id voluptas', NULL, 'Pass-100002', '2020-12-01', '00:00:00', '23:23:00', '1', 'Consequatur repellen', NULL, 1, 1, 1, '2022-10-01 11:49:30', '2022-10-01 11:50:04'),
(3, 4, 4, 'Astra Good', 'Cora Garrison', '+1 (873) 471-3381', 'dovejyjo@mailinator.com', NULL, 'Reiciendis id dolore', NULL, 'Pass-100003', '2022-01-21', '00:00:00', '03:35:00', '1', 'Qui saepe fuga Faci', 'logo_1664646638.jpg', 1, 1, 1, '2022-10-01 11:50:38', '2022-10-01 11:51:10'),
(4, 3, 3, 'Maile Chavez', 'Macy Harper', '+1 (703) 918-4114', 'zyxisiw@mailinator.com', NULL, 'Reprehenderit odio q', NULL, 'Pass-100004', '2022-10-01', '17:51:00', '19:55:00', '4', 'Odio id corrupti h', NULL, 1, 1, NULL, '2022-10-01 11:51:56', '2022-10-01 11:51:56'),
(5, 2, 3, 'Winifred Poole', 'Linus Guzman', '+1 (477) 757-3411', 'fysel@mailinator.com', NULL, 'A facere aut consequ', NULL, 'Pass-100005', '2020-09-16', '00:00:00', '08:55:00', '2', 'Similique totam esse', NULL, 1, 1, 1, '2022-10-01 11:52:20', '2022-10-01 11:52:42'),
(6, 4, 5, 'Lacey Mitchell', 'Zane Jefferson', '+1 (936) 186-6298', 'nywac@mailinator.com', NULL, 'Quis aute culpa aut', NULL, 'Pass-100006', '2021-10-01', '17:53:00', '16:11:00', '2', 'Vitae minima maiores', NULL, 1, 1, NULL, '2022-10-01 11:53:27', '2022-10-01 11:53:27'),
(7, 4, 1, 'Kirk Kline', 'Coby Rivas', '+1 (423) 673-6386', 'tife@mailinator.com', NULL, 'Porro aliquam sunt e', NULL, 'Pass-100007', '2020-08-20', '17:53:00', '03:57:00', '1', 'Placeat eiusmod qui', NULL, 1, 1, NULL, '2022-10-01 11:54:12', '2022-10-01 11:54:12'),
(8, 3, 2, 'Stewart Padilla', 'Cairo Stanton', '+1 (691) 309-1928', 'bavoc@mailinator.com', NULL, 'Cupiditate dolor pro', NULL, 'Pass-100008', '2021-05-22', '00:00:00', '10:47:00', '1', 'Eu eos lorem ab eos', NULL, 1, 1, NULL, '2022-10-01 11:54:40', '2022-10-01 11:54:40'),
(9, 4, 6, 'Jayme Holder', 'Barrett Mckee', '+1 (393) 487-6252', 'hixuter@mailinator.com', NULL, 'Maxime anim qui iust', NULL, 'Pass-100009', '2021-09-05', '00:00:00', '10:26:00', '1', 'Ex deserunt ea tenet', NULL, 1, 1, NULL, '2022-10-01 11:55:21', '2022-10-01 11:55:21'),
(10, 1, 3, 'Alexander Santana', 'Todd Clayton', '+1 (876) 649-1515', 'lypuhava@mailinator.com', NULL, 'Ab Nam eaque distinc', NULL, 'Pass-100010', '2022-06-12', '00:00:00', NULL, '1', 'Culpa sequi ad in ar', 'background-border_1664646980.png', 1, 1, NULL, '2022-10-01 11:56:20', '2022-10-01 11:56:20'),
(11, 1, 2, 'Neville Golden', 'Dane Holloway', '+1 (131) 631-6741', 'rumahorus@mailinator.com', NULL, 'Recusandae Vero eiu', NULL, 'Pass-100011', '2022-06-13', '00:00:00', NULL, '2', 'Repudiandae eaque sa', 'background-border_1664647025.png', 1, 1, NULL, '2022-10-01 11:57:05', '2022-10-01 11:57:05'),
(12, 4, 6, 'Keegan Mosley', 'Hu Blanchard', '+1 (869) 255-5927', 'xuhylal@mailinator.com', NULL, 'Quia beatae quibusda', NULL, 'Pass-100012', '2022-08-01', '17:57:00', '18:15:28', '1', 'Placeat itaque volu', NULL, 1, 1, 1, '2022-10-01 11:58:15', '2022-10-01 12:15:28'),
(13, 4, 4, 'Donovan Greer', 'Uma Fitzgerald', '+1 (612) 392-8493', 'kaqi@mailinator.com', NULL, 'Veniam ex quidem vo', NULL, 'Pass-100013', '2023-08-25', '13:24:00', '14:36:00', '1', 'Quidem qui saepe qui', NULL, 1, 1, NULL, '2023-08-25 07:24:40', '2023-08-25 07:24:40'),
(14, 3, 1, 'Timon Ayers', 'Mechelle Stein', '+1 (757) 657-5032', 'kikalemufo@mailinator.com', NULL, 'Pariatur Quia modi', NULL, 'Pass-100014', '2023-06-03', '00:00:00', '01:56:00', '1', 'Facilis omnis aliqua', NULL, 1, 1, NULL, '2023-08-25 07:26:47', '2023-08-25 07:26:47');

-- --------------------------------------------------------

--
-- Table structure for table `visit_purposes`
--

CREATE TABLE `visit_purposes` (
  `id` int UNSIGNED NOT NULL,
  `title` varchar(191) CHARACTER SET utf8mb4 COLLATE utf8mb4_unicode_ci NOT NULL,
  `slug` varchar(191) CHARACTER SET utf8mb4 COLLATE utf8mb4_unicode_ci NOT NULL,
  `description` text CHARACTER SET utf8mb4 COLLATE utf8mb4_unicode_ci,
  `status` tinyint(1) NOT NULL DEFAULT '1',
  `created_at` timestamp NULL DEFAULT NULL,
  `updated_at` timestamp NULL DEFAULT NULL
) ENGINE=InnoDB DEFAULT CHARSET=utf8mb4 COLLATE=utf8mb4_unicode_ci;

--
-- Dumping data for table `visit_purposes`
--

INSERT INTO `visit_purposes` (`id`, `title`, `slug`, `description`, `status`, `created_at`, `updated_at`) VALUES
(1, 'Invigilation', 'invigilation', NULL, 1, '2022-10-01 03:39:14', '2022-10-01 03:39:14'),
(2, 'Parent Meeting', 'parent-meeting', NULL, 1, '2022-10-01 03:39:30', '2022-10-01 03:39:30'),
(3, 'Enquiry', 'enquiry', NULL, 1, '2022-10-01 03:39:51', '2022-10-01 03:39:51'),
(4, 'Attend Event', 'attend-event', NULL, 1, '2022-10-01 04:05:36', '2022-10-01 04:05:36');

-- --------------------------------------------------------

--
-- Table structure for table `web_events`
--

CREATE TABLE `web_events` (
  `id` int UNSIGNED NOT NULL,
  `language_id` int UNSIGNED NOT NULL,
  `title` varchar(191) CHARACTER SET utf8mb4 COLLATE utf8mb4_unicode_ci NOT NULL,
  `slug` varchar(191) CHARACTER SET utf8mb4 COLLATE utf8mb4_unicode_ci NOT NULL,
  `date` date NOT NULL,
  `time` time DEFAULT NULL,
  `address` varchar(191) CHARACTER SET utf8mb4 COLLATE utf8mb4_unicode_ci DEFAULT NULL,
  `description` longtext CHARACTER SET utf8mb4 COLLATE utf8mb4_unicode_ci,
  `attach` text CHARACTER SET utf8mb4 COLLATE utf8mb4_unicode_ci,
  `status` tinyint(1) NOT NULL DEFAULT '1',
  `created_at` timestamp NULL DEFAULT NULL,
  `updated_at` timestamp NULL DEFAULT NULL
) ENGINE=InnoDB DEFAULT CHARSET=utf8mb4 COLLATE=utf8mb4_unicode_ci;

--
-- Dumping data for table `web_events`
--

INSERT INTO `web_events` (`id`, `language_id`, `title`, `slug`, `date`, `time`, `address`, `description`, `attach`, `status`, `created_at`, `updated_at`) VALUES
(1, 1, 'Basic UI & UX Design for new development', 'basic-ui-ux-design-for-new-development', '2027-04-14', '04:36:00', 'Mirpur Dhaka', '<p>The world of search engine optimization is complex and ever-changing, but you can easily understand the basics, and even a small amount of SEO knowledge can make a big difference. Free SEO education is also widely available on the web, including in guides like this! (Woohoo!) This guide is designed to describe all major aspects of SEO, from finding the terms and phrases (keywords) that can generate qualified traffic to your website, to making your site friendly to search engines, to building links and marketing the unique value of your site.Etiam pharetra erat sed fermentum feugiat velit mauris egestas quam ut erat justo.</p>\r\n<p>Fusce eleifend donec sapien sed phase lusa pellentesque lacus.Vivamus lorem arcu semper duiac. Cras ornare arcu avamus nda leo Etiam ind arcu. Morbi justo mauris tempus pharetra interdum at congue semper purus. Lorem ipsum dolor sit.The world of search engine optimization is complex and ever-changing, but you can easily understand the basics.</p>\r\n<p>Lorem ipsum is simply free text used by copytyping refreshing. Neque porro est qui dolorem ipsum quia quaed inventore veritatis et quasi architecto beatae vitae dicta sunt explicabo. Aelltes port lacus quis enim var sed efficitur turpis gilla sed sit amet finibus eros. Lorem Ipsum is simply dummy text of the printing.</p>\r\n<p>&nbsp;</p>', 'evn_img_4_1692916701.jpg', 1, '2023-08-24 16:38:22', '2023-08-24 16:38:22'),
(2, 1, 'Learning Network Webinars for Music Teachers', 'learning-network-webinars-for-music-teachers', '2026-11-20', '00:39:00', 'Rangpur, Bangladesh', '<p>There are many variations of passages of Lorem Ipsum available, but the majority have suffered alteration in some form, by injected humour, or randomised words which don\'t look even slightly believable. If you are going to use a passage of Lorem Ipsum, you need to be sure there isn\'t anything embarrassing hidden in the middle of text. All the Lorem Ipsum generators on the Internet tend to repeat predefined chunks as necessary, making this the first true generator on the Internet. It uses a dictionary of over 200 Latin words, combined with a handful of model sentence structures, to generate Lorem Ipsum which looks reasonable. The generated Lorem Ipsum is therefore always free from repetition, injected humour, or non-characteristic words etc.</p>', 'evn_img_2_1692916827.jpg', 1, '2023-08-24 16:40:12', '2023-08-24 16:40:27'),
(3, 1, 'Digital Art & 3D Model – a future for film company', 'digital-art-3d-model-a-future-for-film-company', '2025-09-24', '02:41:00', 'Mirpur Dhaka', '<p>Contrary to popular belief, Lorem Ipsum is not simply random text. It has roots in a piece of classical Latin literature from 45 BC, making it over 2000 years old. Richard McClintock, a Latin professor at Hampden-Sydney College in Virginia, looked up one of the more obscure Latin words, consectetur, from a Lorem Ipsum passage, and going through the cites of the word in classical literature, discovered the undoubtable source. Lorem Ipsum comes from sections 1.10.32 and 1.10.33 of \"de Finibus Bonorum et Malorum\" (The Extremes of Good and Evil) by Cicero, written in 45 BC. This book is a treatise on the theory of ethics, very popular during the Renaissance. The first line of Lorem Ipsum, \"Lorem ipsum dolor sit amet..\", comes from a line in section 1.10.32.</p>\r\n<p>The standard chunk of Lorem Ipsum used since the 1500s is reproduced below for those interested. Sections 1.10.32 and 1.10.33 from \"de Finibus Bonorum et Malorum\" by Cicero are also reproduced in their exact original form, accompanied by English versions from the 1914 translation by H. Rackham.</p>\r\n<p>&nbsp;</p>', 'evn_img_5_1692916908.jpg', 1, '2023-08-24 16:41:48', '2023-08-24 16:43:36');

-- --------------------------------------------------------

--
-- Table structure for table `work_shift_types`
--

CREATE TABLE `work_shift_types` (
  `id` int UNSIGNED NOT NULL,
  `title` varchar(191) CHARACTER SET utf8mb4 COLLATE utf8mb4_unicode_ci NOT NULL,
  `slug` varchar(191) CHARACTER SET utf8mb4 COLLATE utf8mb4_unicode_ci NOT NULL,
  `description` text CHARACTER SET utf8mb4 COLLATE utf8mb4_unicode_ci,
  `status` tinyint(1) NOT NULL DEFAULT '1',
  `created_at` timestamp NULL DEFAULT NULL,
  `updated_at` timestamp NULL DEFAULT NULL
) ENGINE=InnoDB DEFAULT CHARSET=utf8mb4 COLLATE=utf8mb4_unicode_ci;

--
-- Dumping data for table `work_shift_types`
--

INSERT INTO `work_shift_types` (`id`, `title`, `slug`, `description`, `status`, `created_at`, `updated_at`) VALUES
(1, 'Morning', 'morning', NULL, 1, NULL, NULL),
(2, 'Evening', 'evening', NULL, 1, NULL, NULL);

--
-- Indexes for dumped tables
--

--
-- Indexes for table `about_us`
--
ALTER TABLE `about_us`
  ADD PRIMARY KEY (`id`);

--
-- Indexes for table `accreditation`
--
ALTER TABLE `accreditation`
  ADD PRIMARY KEY (`id`);

--
-- Indexes for table `applications`
--
ALTER TABLE `applications`
  ADD PRIMARY KEY (`id`),
  ADD UNIQUE KEY `applications_email_unique` (`email`);

--
-- Indexes for table `application_settings`
--
ALTER TABLE `application_settings`
  ADD PRIMARY KEY (`id`),
  ADD UNIQUE KEY `application_settings_slug_unique` (`slug`);

--
-- Indexes for table `aqar2025`
--
ALTER TABLE `aqar2025`
  ADD PRIMARY KEY (`id`);

--
-- Indexes for table `assignments`
--
ALTER TABLE `assignments`
  ADD PRIMARY KEY (`id`),
  ADD KEY `assignments_subject_id_foreign` (`subject_id`),
  ADD KEY `assignments_assign_by_foreign` (`assign_by`);

--
-- Indexes for table `batches`
--
ALTER TABLE `batches`
  ADD PRIMARY KEY (`id`),
  ADD UNIQUE KEY `batches_title_unique` (`title`);

--
-- Indexes for table `batch_program`
--
ALTER TABLE `batch_program`
  ADD KEY `batch_program_batch_id_foreign` (`batch_id`),
  ADD KEY `batch_program_program_id_foreign` (`program_id`);

--
-- Indexes for table `books`
--
ALTER TABLE `books`
  ADD PRIMARY KEY (`id`),
  ADD UNIQUE KEY `books_isbn_unique` (`isbn`),
  ADD UNIQUE KEY `books_code_unique` (`code`),
  ADD KEY `books_category_id_foreign` (`category_id`);

--
-- Indexes for table `book_categories`
--
ALTER TABLE `book_categories`
  ADD PRIMARY KEY (`id`),
  ADD UNIQUE KEY `book_categories_title_unique` (`title`),
  ADD UNIQUE KEY `book_categories_slug_unique` (`slug`);

--
-- Indexes for table `book_requests`
--
ALTER TABLE `book_requests`
  ADD PRIMARY KEY (`id`),
  ADD KEY `book_requests_category_id_foreign` (`category_id`);

--
-- Indexes for table `call_to_actions`
--
ALTER TABLE `call_to_actions`
  ADD PRIMARY KEY (`id`);

--
-- Indexes for table `certificates`
--
ALTER TABLE `certificates`
  ADD PRIMARY KEY (`id`),
  ADD KEY `certificates_template_id_foreign` (`template_id`),
  ADD KEY `certificates_student_id_foreign` (`student_id`);

--
-- Indexes for table `certificate_templates`
--
ALTER TABLE `certificate_templates`
  ADD PRIMARY KEY (`id`),
  ADD UNIQUE KEY `certificate_templates_title_unique` (`title`);

--
-- Indexes for table `class_rooms`
--
ALTER TABLE `class_rooms`
  ADD PRIMARY KEY (`id`),
  ADD UNIQUE KEY `class_rooms_title_unique` (`title`),
  ADD UNIQUE KEY `class_rooms_slug_unique` (`slug`);

--
-- Indexes for table `class_routines`
--
ALTER TABLE `class_routines`
  ADD PRIMARY KEY (`id`),
  ADD KEY `class_routines_teacher_id_foreign` (`teacher_id`),
  ADD KEY `class_routines_subject_id_foreign` (`subject_id`),
  ADD KEY `class_routines_room_id_foreign` (`room_id`),
  ADD KEY `class_routines_session_id_foreign` (`session_id`),
  ADD KEY `class_routines_program_id_foreign` (`program_id`),
  ADD KEY `class_routines_semester_id_foreign` (`semester_id`),
  ADD KEY `class_routines_section_id_foreign` (`section_id`);

--
-- Indexes for table `college_metric_mapping`
--
ALTER TABLE `college_metric_mapping`
  ADD PRIMARY KEY (`id`);

--
-- Indexes for table `complains`
--
ALTER TABLE `complains`
  ADD PRIMARY KEY (`id`),
  ADD KEY `complains_type_id_foreign` (`type_id`),
  ADD KEY `complains_source_id_foreign` (`source_id`);

--
-- Indexes for table `complain_sources`
--
ALTER TABLE `complain_sources`
  ADD PRIMARY KEY (`id`),
  ADD UNIQUE KEY `complain_sources_title_unique` (`title`),
  ADD UNIQUE KEY `complain_sources_slug_unique` (`slug`);

--
-- Indexes for table `complain_types`
--
ALTER TABLE `complain_types`
  ADD PRIMARY KEY (`id`),
  ADD UNIQUE KEY `complain_types_title_unique` (`title`),
  ADD UNIQUE KEY `complain_types_slug_unique` (`slug`);

--
-- Indexes for table `contents`
--
ALTER TABLE `contents`
  ADD PRIMARY KEY (`id`),
  ADD KEY `contents_type_id_foreign` (`type_id`);

--
-- Indexes for table `content_types`
--
ALTER TABLE `content_types`
  ADD PRIMARY KEY (`id`),
  ADD UNIQUE KEY `content_types_title_unique` (`title`),
  ADD UNIQUE KEY `content_types_slug_unique` (`slug`);

--
-- Indexes for table `courses`
--
ALTER TABLE `courses`
  ADD PRIMARY KEY (`id`),
  ADD UNIQUE KEY `courses_title_unique` (`title`),
  ADD UNIQUE KEY `courses_slug_unique` (`slug`);

--
-- Indexes for table `criteria_master`
--
ALTER TABLE `criteria_master`
  ADD PRIMARY KEY (`id`);

--
-- Indexes for table `criterion1`
--
ALTER TABLE `criterion1`
  ADD PRIMARY KEY (`id`),
  ADD KEY `criterion1_university_id_index` (`university_id`);

--
-- Indexes for table `criterion5`
--
ALTER TABLE `criterion5`
  ADD PRIMARY KEY (`id`);

--
-- Indexes for table `departments`
--
ALTER TABLE `departments`
  ADD PRIMARY KEY (`id`),
  ADD UNIQUE KEY `departments_title_unique` (`title`),
  ADD UNIQUE KEY `departments_slug_unique` (`slug`);

--
-- Indexes for table `designations`
--
ALTER TABLE `designations`
  ADD PRIMARY KEY (`id`),
  ADD UNIQUE KEY `designations_title_unique` (`title`),
  ADD UNIQUE KEY `designations_slug_unique` (`slug`);

--
-- Indexes for table `districts`
--
ALTER TABLE `districts`
  ADD PRIMARY KEY (`id`),
  ADD KEY `districts_province_id_foreign` (`province_id`);

--
-- Indexes for table `docables`
--
ALTER TABLE `docables`
  ADD UNIQUE KEY `docables_document_id_docable_id_docable_type_unique` (`document_id`,`docable_id`,`docable_type`),
  ADD KEY `docables_docable_type_docable_id_index` (`docable_type`,`docable_id`);

--
-- Indexes for table `documents`
--
ALTER TABLE `documents`
  ADD PRIMARY KEY (`id`);

--
-- Indexes for table `dvv`
--
ALTER TABLE `dvv`
  ADD PRIMARY KEY (`id`);

--
-- Indexes for table `email_notifies`
--
ALTER TABLE `email_notifies`
  ADD PRIMARY KEY (`id`);

--
-- Indexes for table `enquiries`
--
ALTER TABLE `enquiries`
  ADD PRIMARY KEY (`id`),
  ADD KEY `enquiries_reference_id_foreign` (`reference_id`),
  ADD KEY `enquiries_source_id_foreign` (`source_id`),
  ADD KEY `enquiries_program_id_foreign` (`program_id`);

--
-- Indexes for table `enquiry_references`
--
ALTER TABLE `enquiry_references`
  ADD PRIMARY KEY (`id`),
  ADD UNIQUE KEY `enquiry_references_title_unique` (`title`),
  ADD UNIQUE KEY `enquiry_references_slug_unique` (`slug`);

--
-- Indexes for table `enquiry_sources`
--
ALTER TABLE `enquiry_sources`
  ADD PRIMARY KEY (`id`),
  ADD UNIQUE KEY `enquiry_sources_title_unique` (`title`),
  ADD UNIQUE KEY `enquiry_sources_slug_unique` (`slug`);

--
-- Indexes for table `enroll_subjects`
--
ALTER TABLE `enroll_subjects`
  ADD PRIMARY KEY (`id`),
  ADD KEY `enroll_subjects_program_id_foreign` (`program_id`),
  ADD KEY `enroll_subjects_semester_id_foreign` (`semester_id`),
  ADD KEY `enroll_subjects_section_id_foreign` (`section_id`);

--
-- Indexes for table `enroll_subject_subject`
--
ALTER TABLE `enroll_subject_subject`
  ADD KEY `enroll_subject_subject_enroll_subject_id_foreign` (`enroll_subject_id`),
  ADD KEY `enroll_subject_subject_subject_id_foreign` (`subject_id`);

--
-- Indexes for table `events`
--
ALTER TABLE `events`
  ADD PRIMARY KEY (`id`);

--
-- Indexes for table `exams`
--
ALTER TABLE `exams`
  ADD PRIMARY KEY (`id`),
  ADD KEY `exams_student_enroll_id_foreign` (`student_enroll_id`),
  ADD KEY `exams_subject_id_foreign` (`subject_id`),
  ADD KEY `exams_exam_type_id_foreign` (`exam_type_id`);

--
-- Indexes for table `exam_routines`
--
ALTER TABLE `exam_routines`
  ADD PRIMARY KEY (`id`),
  ADD KEY `exam_routines_exam_type_id_foreign` (`exam_type_id`),
  ADD KEY `exam_routines_session_id_foreign` (`session_id`),
  ADD KEY `exam_routines_program_id_foreign` (`program_id`),
  ADD KEY `exam_routines_semester_id_foreign` (`semester_id`),
  ADD KEY `exam_routines_section_id_foreign` (`section_id`),
  ADD KEY `exam_routines_subject_id_foreign` (`subject_id`);

--
-- Indexes for table `exam_routine_room`
--
ALTER TABLE `exam_routine_room`
  ADD KEY `exam_routine_room_exam_routine_id_foreign` (`exam_routine_id`),
  ADD KEY `exam_routine_room_room_id_foreign` (`room_id`);

--
-- Indexes for table `exam_routine_user`
--
ALTER TABLE `exam_routine_user`
  ADD KEY `exam_routine_user_exam_routine_id_foreign` (`exam_routine_id`),
  ADD KEY `exam_routine_user_user_id_foreign` (`user_id`);

--
-- Indexes for table `exam_types`
--
ALTER TABLE `exam_types`
  ADD PRIMARY KEY (`id`),
  ADD UNIQUE KEY `exam_types_title_unique` (`title`);

--
-- Indexes for table `expenses`
--
ALTER TABLE `expenses`
  ADD PRIMARY KEY (`id`),
  ADD KEY `expenses_category_id_foreign` (`category_id`);

--
-- Indexes for table `expense_categories`
--
ALTER TABLE `expense_categories`
  ADD PRIMARY KEY (`id`),
  ADD UNIQUE KEY `expense_categories_title_unique` (`title`),
  ADD UNIQUE KEY `expense_categories_slug_unique` (`slug`);

--
-- Indexes for table `extended_profiles`
--
ALTER TABLE `extended_profiles`
  ADD PRIMARY KEY (`id`),
  ADD KEY `extended_profiles_university_id_index` (`university_id`);

--
-- Indexes for table `faculties`
--
ALTER TABLE `faculties`
  ADD PRIMARY KEY (`id`),
  ADD UNIQUE KEY `faculties_title_unique` (`title`),
  ADD UNIQUE KEY `faculties_slug_unique` (`slug`);

--
-- Indexes for table `failed_jobs`
--
ALTER TABLE `failed_jobs`
  ADD PRIMARY KEY (`id`),
  ADD UNIQUE KEY `failed_jobs_uuid_unique` (`uuid`);

--
-- Indexes for table `faqs`
--
ALTER TABLE `faqs`
  ADD PRIMARY KEY (`id`),
  ADD UNIQUE KEY `faqs_title_unique` (`title`);

--
-- Indexes for table `features`
--
ALTER TABLE `features`
  ADD PRIMARY KEY (`id`),
  ADD UNIQUE KEY `features_title_unique` (`title`);

--
-- Indexes for table `fees`
--
ALTER TABLE `fees`
  ADD PRIMARY KEY (`id`),
  ADD KEY `fees_student_enroll_id_foreign` (`student_enroll_id`),
  ADD KEY `fees_category_id_foreign` (`category_id`);

--
-- Indexes for table `fees_categories`
--
ALTER TABLE `fees_categories`
  ADD PRIMARY KEY (`id`),
  ADD UNIQUE KEY `fees_categories_title_unique` (`title`),
  ADD UNIQUE KEY `fees_categories_slug_unique` (`slug`);

--
-- Indexes for table `fees_category_fees_discount`
--
ALTER TABLE `fees_category_fees_discount`
  ADD KEY `fees_category_fees_discount_fees_category_id_foreign` (`fees_category_id`),
  ADD KEY `fees_category_fees_discount_fees_discount_id_foreign` (`fees_discount_id`);

--
-- Indexes for table `fees_category_fees_fine`
--
ALTER TABLE `fees_category_fees_fine`
  ADD KEY `fees_category_fees_fine_fees_category_id_foreign` (`fees_category_id`),
  ADD KEY `fees_category_fees_fine_fees_fine_id_foreign` (`fees_fine_id`);

--
-- Indexes for table `fees_discounts`
--
ALTER TABLE `fees_discounts`
  ADD PRIMARY KEY (`id`);

--
-- Indexes for table `fees_discount_status_type`
--
ALTER TABLE `fees_discount_status_type`
  ADD KEY `fees_discount_status_type_fees_discount_id_foreign` (`fees_discount_id`),
  ADD KEY `fees_discount_status_type_status_type_id_foreign` (`status_type_id`);

--
-- Indexes for table `fees_fines`
--
ALTER TABLE `fees_fines`
  ADD PRIMARY KEY (`id`);

--
-- Indexes for table `fees_masters`
--
ALTER TABLE `fees_masters`
  ADD PRIMARY KEY (`id`),
  ADD KEY `fees_masters_category_id_foreign` (`category_id`);

--
-- Indexes for table `fees_master_student_enroll`
--
ALTER TABLE `fees_master_student_enroll`
  ADD KEY `fees_master_student_enroll_fees_master_id_foreign` (`fees_master_id`),
  ADD KEY `fees_master_student_enroll_student_enroll_id_foreign` (`student_enroll_id`);

--
-- Indexes for table `fields`
--
ALTER TABLE `fields`
  ADD PRIMARY KEY (`id`),
  ADD UNIQUE KEY `fields_slug_unique` (`slug`);

--
-- Indexes for table `galleries`
--
ALTER TABLE `galleries`
  ADD PRIMARY KEY (`id`);

--
-- Indexes for table `grades`
--
ALTER TABLE `grades`
  ADD PRIMARY KEY (`id`),
  ADD UNIQUE KEY `grades_title_unique` (`title`);

--
-- Indexes for table `hostels`
--
ALTER TABLE `hostels`
  ADD PRIMARY KEY (`id`),
  ADD UNIQUE KEY `hostels_name_unique` (`name`);

--
-- Indexes for table `hostel_members`
--
ALTER TABLE `hostel_members`
  ADD PRIMARY KEY (`id`),
  ADD KEY `hostel_members_hostelable_type_hostelable_id_index` (`hostelable_type`,`hostelable_id`),
  ADD KEY `hostel_members_hostel_room_id_foreign` (`hostel_room_id`);

--
-- Indexes for table `hostel_rooms`
--
ALTER TABLE `hostel_rooms`
  ADD PRIMARY KEY (`id`),
  ADD KEY `hostel_rooms_hostel_id_foreign` (`hostel_id`),
  ADD KEY `hostel_rooms_room_type_id_foreign` (`room_type_id`);

--
-- Indexes for table `hostel_room_types`
--
ALTER TABLE `hostel_room_types`
  ADD PRIMARY KEY (`id`),
  ADD UNIQUE KEY `hostel_room_types_title_unique` (`title`);

--
-- Indexes for table `id_card_settings`
--
ALTER TABLE `id_card_settings`
  ADD PRIMARY KEY (`id`),
  ADD UNIQUE KEY `id_card_settings_slug_unique` (`slug`);

--
-- Indexes for table `iiqa`
--
ALTER TABLE `iiqa`
  ADD PRIMARY KEY (`id`),
  ADD KEY `iiqa_university_id_index` (`university_id`);

--
-- Indexes for table `incomes`
--
ALTER TABLE `incomes`
  ADD PRIMARY KEY (`id`),
  ADD KEY `incomes_category_id_foreign` (`category_id`);

--
-- Indexes for table `income_categories`
--
ALTER TABLE `income_categories`
  ADD PRIMARY KEY (`id`),
  ADD UNIQUE KEY `income_categories_title_unique` (`title`),
  ADD UNIQUE KEY `income_categories_slug_unique` (`slug`);

--
-- Indexes for table `iqac_action_taken_reports`
--
ALTER TABLE `iqac_action_taken_reports`
  ADD PRIMARY KEY (`id`);

--
-- Indexes for table `iqac_members`
--
ALTER TABLE `iqac_members`
  ADD PRIMARY KEY (`id`);

--
-- Indexes for table `iqac_minutes`
--
ALTER TABLE `iqac_minutes`
  ADD PRIMARY KEY (`id`);

--
-- Indexes for table `issue_returns`
--
ALTER TABLE `issue_returns`
  ADD PRIMARY KEY (`id`),
  ADD KEY `issue_returns_member_id_foreign` (`member_id`),
  ADD KEY `issue_returns_book_id_foreign` (`book_id`);

--
-- Indexes for table `items`
--
ALTER TABLE `items`
  ADD PRIMARY KEY (`id`),
  ADD UNIQUE KEY `items_name_unique` (`name`),
  ADD KEY `items_category_id_foreign` (`category_id`);

--
-- Indexes for table `item_categories`
--
ALTER TABLE `item_categories`
  ADD PRIMARY KEY (`id`),
  ADD UNIQUE KEY `item_categories_title_unique` (`title`),
  ADD UNIQUE KEY `item_categories_slug_unique` (`slug`);

--
-- Indexes for table `item_issues`
--
ALTER TABLE `item_issues`
  ADD PRIMARY KEY (`id`),
  ADD KEY `item_issues_item_id_foreign` (`item_id`),
  ADD KEY `item_issues_user_id_foreign` (`user_id`);

--
-- Indexes for table `item_stocks`
--
ALTER TABLE `item_stocks`
  ADD PRIMARY KEY (`id`),
  ADD KEY `item_stocks_item_id_foreign` (`item_id`),
  ADD KEY `item_stocks_store_id_foreign` (`store_id`);

--
-- Indexes for table `item_stores`
--
ALTER TABLE `item_stores`
  ADD PRIMARY KEY (`id`),
  ADD UNIQUE KEY `item_stores_title_unique` (`title`),
  ADD UNIQUE KEY `item_stores_store_no_unique` (`store_no`);

--
-- Indexes for table `item_suppliers`
--
ALTER TABLE `item_suppliers`
  ADD PRIMARY KEY (`id`),
  ADD UNIQUE KEY `item_suppliers_title_unique` (`title`);

--
-- Indexes for table `jobs`
--
ALTER TABLE `jobs`
  ADD PRIMARY KEY (`id`),
  ADD KEY `jobs_queue_index` (`queue`);

--
-- Indexes for table `key_indicator_master`
--
ALTER TABLE `key_indicator_master`
  ADD PRIMARY KEY (`id`),
  ADD KEY `criteria_id` (`criteria_id`);

--
-- Indexes for table `languages`
--
ALTER TABLE `languages`
  ADD PRIMARY KEY (`id`),
  ADD UNIQUE KEY `languages_name_unique` (`name`),
  ADD UNIQUE KEY `languages_code_unique` (`code`);

--
-- Indexes for table `leaves`
--
ALTER TABLE `leaves`
  ADD PRIMARY KEY (`id`),
  ADD KEY `leaves_type_id_foreign` (`type_id`),
  ADD KEY `leaves_user_id_foreign` (`user_id`);

--
-- Indexes for table `leave_types`
--
ALTER TABLE `leave_types`
  ADD PRIMARY KEY (`id`),
  ADD UNIQUE KEY `leave_types_title_unique` (`title`),
  ADD UNIQUE KEY `leave_types_slug_unique` (`slug`);

--
-- Indexes for table `library_members`
--
ALTER TABLE `library_members`
  ADD PRIMARY KEY (`id`),
  ADD KEY `library_members_memberable_type_memberable_id_index` (`memberable_type`,`memberable_id`);

--
-- Indexes for table `mail_settings`
--
ALTER TABLE `mail_settings`
  ADD PRIMARY KEY (`id`);

--
-- Indexes for table `marksheet_settings`
--
ALTER TABLE `marksheet_settings`
  ADD PRIMARY KEY (`id`),
  ADD UNIQUE KEY `marksheet_settings_title_unique` (`title`);

--
-- Indexes for table `meeting_schedules`
--
ALTER TABLE `meeting_schedules`
  ADD PRIMARY KEY (`id`),
  ADD KEY `meeting_schedules_type_id_foreign` (`type_id`);

--
-- Indexes for table `meeting_types`
--
ALTER TABLE `meeting_types`
  ADD PRIMARY KEY (`id`),
  ADD UNIQUE KEY `meeting_types_title_unique` (`title`),
  ADD UNIQUE KEY `meeting_types_slug_unique` (`slug`);

--
-- Indexes for table `metric_master`
--
ALTER TABLE `metric_master`
  ADD PRIMARY KEY (`id`),
  ADD KEY `criteria_id` (`criteria_id`);

--
-- Indexes for table `migrations`
--
ALTER TABLE `migrations`
  ADD PRIMARY KEY (`id`);

--
-- Indexes for table `model_has_permissions`
--
ALTER TABLE `model_has_permissions`
  ADD PRIMARY KEY (`permission_id`,`model_id`,`model_type`),
  ADD KEY `model_has_permissions_model_id_model_type_index` (`model_id`,`model_type`);

--
-- Indexes for table `model_has_roles`
--
ALTER TABLE `model_has_roles`
  ADD PRIMARY KEY (`role_id`,`model_id`,`model_type`),
  ADD KEY `model_has_roles_model_id_model_type_index` (`model_id`,`model_type`);

--
-- Indexes for table `news`
--
ALTER TABLE `news`
  ADD PRIMARY KEY (`id`);

--
-- Indexes for table `notes`
--
ALTER TABLE `notes`
  ADD PRIMARY KEY (`id`),
  ADD KEY `notes_noteable_type_noteable_id_index` (`noteable_type`,`noteable_id`);

--
-- Indexes for table `notices`
--
ALTER TABLE `notices`
  ADD PRIMARY KEY (`id`),
  ADD UNIQUE KEY `notices_notice_no_unique` (`notice_no`),
  ADD KEY `notices_category_id_foreign` (`category_id`);

--
-- Indexes for table `notice_categories`
--
ALTER TABLE `notice_categories`
  ADD PRIMARY KEY (`id`),
  ADD UNIQUE KEY `notice_categories_title_unique` (`title`),
  ADD UNIQUE KEY `notice_categories_slug_unique` (`slug`);

--
-- Indexes for table `notifications`
--
ALTER TABLE `notifications`
  ADD PRIMARY KEY (`id`),
  ADD KEY `notifications_notifiable_type_notifiable_id_index` (`notifiable_type`,`notifiable_id`);

--
-- Indexes for table `outside_users`
--
ALTER TABLE `outside_users`
  ADD PRIMARY KEY (`id`),
  ADD UNIQUE KEY `outside_users_email_unique` (`email`);

--
-- Indexes for table `pages`
--
ALTER TABLE `pages`
  ADD PRIMARY KEY (`id`),
  ADD UNIQUE KEY `pages_title_unique` (`title`),
  ADD UNIQUE KEY `pages_slug_unique` (`slug`);

--
-- Indexes for table `password_resets`
--
ALTER TABLE `password_resets`
  ADD KEY `password_resets_email_index` (`email`);

--
-- Indexes for table `payrolls`
--
ALTER TABLE `payrolls`
  ADD PRIMARY KEY (`id`);

--
-- Indexes for table `payroll_details`
--
ALTER TABLE `payroll_details`
  ADD PRIMARY KEY (`id`),
  ADD KEY `payroll_details_payroll_id_foreign` (`payroll_id`);

--
-- Indexes for table `permissions`
--
ALTER TABLE `permissions`
  ADD PRIMARY KEY (`id`),
  ADD UNIQUE KEY `permissions_name_guard_name_unique` (`name`,`guard_name`),
  ADD UNIQUE KEY `permissions_name_unique` (`name`);

--
-- Indexes for table `personal_access_tokens`
--
ALTER TABLE `personal_access_tokens`
  ADD PRIMARY KEY (`id`),
  ADD UNIQUE KEY `personal_access_tokens_token_unique` (`token`),
  ADD KEY `personal_access_tokens_tokenable_type_tokenable_id_index` (`tokenable_type`,`tokenable_id`);

--
-- Indexes for table `phone_logs`
--
ALTER TABLE `phone_logs`
  ADD PRIMARY KEY (`id`);

--
-- Indexes for table `postal_exchanges`
--
ALTER TABLE `postal_exchanges`
  ADD PRIMARY KEY (`id`),
  ADD KEY `postal_exchanges_category_id_foreign` (`category_id`);

--
-- Indexes for table `postal_exchange_types`
--
ALTER TABLE `postal_exchange_types`
  ADD PRIMARY KEY (`id`),
  ADD UNIQUE KEY `postal_exchange_types_title_unique` (`title`),
  ADD UNIQUE KEY `postal_exchange_types_slug_unique` (`slug`);

--
-- Indexes for table `print_settings`
--
ALTER TABLE `print_settings`
  ADD PRIMARY KEY (`id`),
  ADD UNIQUE KEY `print_settings_slug_unique` (`slug`);

--
-- Indexes for table `programs`
--
ALTER TABLE `programs`
  ADD PRIMARY KEY (`id`),
  ADD UNIQUE KEY `programs_title_unique` (`title`),
  ADD UNIQUE KEY `programs_slug_unique` (`slug`),
  ADD KEY `programs_faculty_id_foreign` (`faculty_id`);

--
-- Indexes for table `program_class_room`
--
ALTER TABLE `program_class_room`
  ADD KEY `program_class_room_program_id_foreign` (`program_id`),
  ADD KEY `program_class_room_class_room_id_foreign` (`class_room_id`);

--
-- Indexes for table `program_semester`
--
ALTER TABLE `program_semester`
  ADD KEY `program_semester_program_id_foreign` (`program_id`),
  ADD KEY `program_semester_semester_id_foreign` (`semester_id`);

--
-- Indexes for table `program_semester_sections`
--
ALTER TABLE `program_semester_sections`
  ADD PRIMARY KEY (`id`),
  ADD KEY `program_semester_sections_program_id_foreign` (`program_id`),
  ADD KEY `program_semester_sections_semester_id_foreign` (`semester_id`),
  ADD KEY `program_semester_sections_section_id_foreign` (`section_id`);

--
-- Indexes for table `program_session`
--
ALTER TABLE `program_session`
  ADD KEY `program_session_program_id_foreign` (`program_id`),
  ADD KEY `program_session_session_id_foreign` (`session_id`);

--
-- Indexes for table `program_subject`
--
ALTER TABLE `program_subject`
  ADD KEY `program_subject_program_id_foreign` (`program_id`),
  ADD KEY `program_subject_subject_id_foreign` (`subject_id`);

--
-- Indexes for table `provinces`
--
ALTER TABLE `provinces`
  ADD PRIMARY KEY (`id`),
  ADD UNIQUE KEY `provinces_title_unique` (`title`),
  ADD UNIQUE KEY `provinces_slug_unique` (`slug`);

--
-- Indexes for table `qif_records`
--
ALTER TABLE `qif_records`
  ADD PRIMARY KEY (`id`),
  ADD KEY `qif_records_university_id_index` (`university_id`),
  ADD KEY `qif_records_criterion_key_index` (`criterion_key`);

--
-- Indexes for table `result_contributions`
--
ALTER TABLE `result_contributions`
  ADD PRIMARY KEY (`id`);

--
-- Indexes for table `roles`
--
ALTER TABLE `roles`
  ADD PRIMARY KEY (`id`),
  ADD UNIQUE KEY `roles_name_guard_name_unique` (`name`,`guard_name`),
  ADD UNIQUE KEY `roles_name_unique` (`name`),
  ADD UNIQUE KEY `roles_slug_unique` (`slug`);

--
-- Indexes for table `role_has_permissions`
--
ALTER TABLE `role_has_permissions`
  ADD PRIMARY KEY (`permission_id`,`role_id`),
  ADD KEY `role_has_permissions_role_id_foreign` (`role_id`);

--
-- Indexes for table `schedule_settings`
--
ALTER TABLE `schedule_settings`
  ADD PRIMARY KEY (`id`),
  ADD UNIQUE KEY `schedule_settings_slug_unique` (`slug`);

--
-- Indexes for table `sections`
--
ALTER TABLE `sections`
  ADD PRIMARY KEY (`id`),
  ADD UNIQUE KEY `sections_title_unique` (`title`);

--
-- Indexes for table `semesters`
--
ALTER TABLE `semesters`
  ADD PRIMARY KEY (`id`),
  ADD UNIQUE KEY `semesters_title_unique` (`title`);

--
-- Indexes for table `sessions`
--
ALTER TABLE `sessions`
  ADD PRIMARY KEY (`id`),
  ADD UNIQUE KEY `sessions_title_unique` (`title`);

--
-- Indexes for table `settings`
--
ALTER TABLE `settings`
  ADD PRIMARY KEY (`id`);

--
-- Indexes for table `sliders`
--
ALTER TABLE `sliders`
  ADD PRIMARY KEY (`id`),
  ADD UNIQUE KEY `sliders_title_unique` (`title`);

--
-- Indexes for table `social_settings`
--
ALTER TABLE `social_settings`
  ADD PRIMARY KEY (`id`);

--
-- Indexes for table `staff_attendances`
--
ALTER TABLE `staff_attendances`
  ADD PRIMARY KEY (`id`),
  ADD KEY `staff_attendances_user_id_foreign` (`user_id`);

--
-- Indexes for table `staff_hourly_attendances`
--
ALTER TABLE `staff_hourly_attendances`
  ADD PRIMARY KEY (`id`),
  ADD KEY `staff_hourly_attendances_user_id_foreign` (`user_id`),
  ADD KEY `staff_hourly_attendances_subject_id_foreign` (`subject_id`);

--
-- Indexes for table `status_types`
--
ALTER TABLE `status_types`
  ADD PRIMARY KEY (`id`),
  ADD UNIQUE KEY `status_types_title_unique` (`title`),
  ADD UNIQUE KEY `status_types_slug_unique` (`slug`);

--
-- Indexes for table `status_type_student`
--
ALTER TABLE `status_type_student`
  ADD KEY `status_type_student_status_type_id_foreign` (`status_type_id`),
  ADD KEY `status_type_student_student_id_foreign` (`student_id`);

--
-- Indexes for table `students`
--
ALTER TABLE `students`
  ADD PRIMARY KEY (`id`),
  ADD UNIQUE KEY `students_student_id_unique` (`student_id`),
  ADD UNIQUE KEY `students_email_unique` (`email`);

--
-- Indexes for table `student_assignments`
--
ALTER TABLE `student_assignments`
  ADD PRIMARY KEY (`id`),
  ADD KEY `student_assignments_student_enroll_id_foreign` (`student_enroll_id`),
  ADD KEY `student_assignments_assignment_id_foreign` (`assignment_id`);

--
-- Indexes for table `student_attendances`
--
ALTER TABLE `student_attendances`
  ADD PRIMARY KEY (`id`),
  ADD KEY `student_attendances_student_enroll_id_foreign` (`student_enroll_id`),
  ADD KEY `student_attendances_subject_id_foreign` (`subject_id`);

--
-- Indexes for table `student_enrolls`
--
ALTER TABLE `student_enrolls`
  ADD PRIMARY KEY (`id`),
  ADD KEY `student_enrolls_student_id_foreign` (`student_id`),
  ADD KEY `student_enrolls_program_id_foreign` (`program_id`),
  ADD KEY `student_enrolls_session_id_foreign` (`session_id`),
  ADD KEY `student_enrolls_semester_id_foreign` (`semester_id`),
  ADD KEY `student_enrolls_section_id_foreign` (`section_id`);

--
-- Indexes for table `student_enroll_subject`
--
ALTER TABLE `student_enroll_subject`
  ADD KEY `student_enroll_subject_student_enroll_id_foreign` (`student_enroll_id`),
  ADD KEY `student_enroll_subject_subject_id_foreign` (`subject_id`);

--
-- Indexes for table `student_leaves`
--
ALTER TABLE `student_leaves`
  ADD PRIMARY KEY (`id`),
  ADD KEY `student_leaves_student_id_foreign` (`student_id`);

--
-- Indexes for table `student_relatives`
--
ALTER TABLE `student_relatives`
  ADD PRIMARY KEY (`id`),
  ADD KEY `student_relatives_student_id_foreign` (`student_id`);

--
-- Indexes for table `student_transfers`
--
ALTER TABLE `student_transfers`
  ADD PRIMARY KEY (`id`),
  ADD KEY `student_transfers_student_id_foreign` (`student_id`);

--
-- Indexes for table `subjects`
--
ALTER TABLE `subjects`
  ADD PRIMARY KEY (`id`),
  ADD UNIQUE KEY `subjects_title_unique` (`title`),
  ADD UNIQUE KEY `subjects_code_unique` (`code`);

--
-- Indexes for table `subject_markings`
--
ALTER TABLE `subject_markings`
  ADD PRIMARY KEY (`id`),
  ADD KEY `subject_markings_student_enroll_id_foreign` (`student_enroll_id`),
  ADD KEY `subject_markings_subject_id_foreign` (`subject_id`);

--
-- Indexes for table `s_m_s_notifies`
--
ALTER TABLE `s_m_s_notifies`
  ADD PRIMARY KEY (`id`);

--
-- Indexes for table `s_m_s_settings`
--
ALTER TABLE `s_m_s_settings`
  ADD PRIMARY KEY (`id`);

--
-- Indexes for table `tax_settings`
--
ALTER TABLE `tax_settings`
  ADD PRIMARY KEY (`id`);

--
-- Indexes for table `testimonials`
--
ALTER TABLE `testimonials`
  ADD PRIMARY KEY (`id`),
  ADD UNIQUE KEY `testimonials_name_unique` (`name`);

--
-- Indexes for table `topbar_settings`
--
ALTER TABLE `topbar_settings`
  ADD PRIMARY KEY (`id`);

--
-- Indexes for table `transactions`
--
ALTER TABLE `transactions`
  ADD PRIMARY KEY (`id`),
  ADD UNIQUE KEY `transactions_transaction_id_unique` (`transaction_id`);

--
-- Indexes for table `transfer_creadits`
--
ALTER TABLE `transfer_creadits`
  ADD PRIMARY KEY (`id`),
  ADD KEY `transfer_creadits_student_id_foreign` (`student_id`),
  ADD KEY `transfer_creadits_program_id_foreign` (`program_id`),
  ADD KEY `transfer_creadits_session_id_foreign` (`session_id`),
  ADD KEY `transfer_creadits_semester_id_foreign` (`semester_id`),
  ADD KEY `transfer_creadits_subject_id_foreign` (`subject_id`);

--
-- Indexes for table `transport_members`
--
ALTER TABLE `transport_members`
  ADD PRIMARY KEY (`id`),
  ADD KEY `transport_members_transportable_type_transportable_id_index` (`transportable_type`,`transportable_id`),
  ADD KEY `transport_members_transport_route_id_foreign` (`transport_route_id`),
  ADD KEY `transport_members_transport_vehicle_id_foreign` (`transport_vehicle_id`);

--
-- Indexes for table `transport_routes`
--
ALTER TABLE `transport_routes`
  ADD PRIMARY KEY (`id`),
  ADD UNIQUE KEY `transport_routes_title_unique` (`title`);

--
-- Indexes for table `transport_route_transport_vehicle`
--
ALTER TABLE `transport_route_transport_vehicle`
  ADD KEY `transport_route_transport_vehicle_transport_route_id_foreign` (`transport_route_id`),
  ADD KEY `transport_route_transport_vehicle_transport_vehicle_id_foreign` (`transport_vehicle_id`);

--
-- Indexes for table `transport_vehicles`
--
ALTER TABLE `transport_vehicles`
  ADD PRIMARY KEY (`id`);

--
-- Indexes for table `universities`
--
ALTER TABLE `universities`
  ADD PRIMARY KEY (`id`),
  ADD KEY `idx_type` (`type`),
  ADD KEY `idx_sub_type` (`sub_type`);

--
-- Indexes for table `users`
--
ALTER TABLE `users`
  ADD PRIMARY KEY (`id`),
  ADD UNIQUE KEY `users_staff_id_unique` (`staff_id`),
  ADD UNIQUE KEY `users_email_unique` (`email`);

--
-- Indexes for table `user_program`
--
ALTER TABLE `user_program`
  ADD KEY `user_program_user_id_foreign` (`user_id`),
  ADD KEY `user_program_program_id_foreign` (`program_id`);

--
-- Indexes for table `visitors`
--
ALTER TABLE `visitors`
  ADD PRIMARY KEY (`id`),
  ADD KEY `visitors_purpose_id_foreign` (`purpose_id`),
  ADD KEY `visitors_department_id_foreign` (`department_id`);

--
-- Indexes for table `visit_purposes`
--
ALTER TABLE `visit_purposes`
  ADD PRIMARY KEY (`id`),
  ADD UNIQUE KEY `visit_purposes_title_unique` (`title`),
  ADD UNIQUE KEY `visit_purposes_slug_unique` (`slug`);

--
-- Indexes for table `web_events`
--
ALTER TABLE `web_events`
  ADD PRIMARY KEY (`id`);

--
-- Indexes for table `work_shift_types`
--
ALTER TABLE `work_shift_types`
  ADD PRIMARY KEY (`id`),
  ADD UNIQUE KEY `work_shift_types_title_unique` (`title`),
  ADD UNIQUE KEY `work_shift_types_slug_unique` (`slug`);

--
-- AUTO_INCREMENT for dumped tables
--

--
-- AUTO_INCREMENT for table `about_us`
--
ALTER TABLE `about_us`
  MODIFY `id` int UNSIGNED NOT NULL AUTO_INCREMENT, AUTO_INCREMENT=2;

--
-- AUTO_INCREMENT for table `accreditation`
--
ALTER TABLE `accreditation`
  MODIFY `id` bigint UNSIGNED NOT NULL AUTO_INCREMENT, AUTO_INCREMENT=11;

--
-- AUTO_INCREMENT for table `applications`
--
ALTER TABLE `applications`
  MODIFY `id` bigint UNSIGNED NOT NULL AUTO_INCREMENT, AUTO_INCREMENT=4;

--
-- AUTO_INCREMENT for table `application_settings`
--
ALTER TABLE `application_settings`
  MODIFY `id` int UNSIGNED NOT NULL AUTO_INCREMENT, AUTO_INCREMENT=2;

--
-- AUTO_INCREMENT for table `aqar2025`
--
ALTER TABLE `aqar2025`
  MODIFY `id` int NOT NULL AUTO_INCREMENT, AUTO_INCREMENT=2;

--
-- AUTO_INCREMENT for table `assignments`
--
ALTER TABLE `assignments`
  MODIFY `id` bigint UNSIGNED NOT NULL AUTO_INCREMENT, AUTO_INCREMENT=2;

--
-- AUTO_INCREMENT for table `batches`
--
ALTER TABLE `batches`
  MODIFY `id` int UNSIGNED NOT NULL AUTO_INCREMENT, AUTO_INCREMENT=15;

--
-- AUTO_INCREMENT for table `books`
--
ALTER TABLE `books`
  MODIFY `id` bigint UNSIGNED NOT NULL AUTO_INCREMENT, AUTO_INCREMENT=7;

--
-- AUTO_INCREMENT for table `book_categories`
--
ALTER TABLE `book_categories`
  MODIFY `id` int UNSIGNED NOT NULL AUTO_INCREMENT, AUTO_INCREMENT=5;

--
-- AUTO_INCREMENT for table `book_requests`
--
ALTER TABLE `book_requests`
  MODIFY `id` bigint UNSIGNED NOT NULL AUTO_INCREMENT, AUTO_INCREMENT=3;

--
-- AUTO_INCREMENT for table `call_to_actions`
--
ALTER TABLE `call_to_actions`
  MODIFY `id` int UNSIGNED NOT NULL AUTO_INCREMENT, AUTO_INCREMENT=2;

--
-- AUTO_INCREMENT for table `certificates`
--
ALTER TABLE `certificates`
  MODIFY `id` bigint UNSIGNED NOT NULL AUTO_INCREMENT, AUTO_INCREMENT=5;

--
-- AUTO_INCREMENT for table `certificate_templates`
--
ALTER TABLE `certificate_templates`
  MODIFY `id` int UNSIGNED NOT NULL AUTO_INCREMENT, AUTO_INCREMENT=3;

--
-- AUTO_INCREMENT for table `class_rooms`
--
ALTER TABLE `class_rooms`
  MODIFY `id` int UNSIGNED NOT NULL AUTO_INCREMENT, AUTO_INCREMENT=6;

--
-- AUTO_INCREMENT for table `class_routines`
--
ALTER TABLE `class_routines`
  MODIFY `id` int UNSIGNED NOT NULL AUTO_INCREMENT, AUTO_INCREMENT=46;

--
-- AUTO_INCREMENT for table `college_metric_mapping`
--
ALTER TABLE `college_metric_mapping`
  MODIFY `id` int NOT NULL AUTO_INCREMENT, AUTO_INCREMENT=18;

--
-- AUTO_INCREMENT for table `complains`
--
ALTER TABLE `complains`
  MODIFY `id` bigint UNSIGNED NOT NULL AUTO_INCREMENT, AUTO_INCREMENT=9;

--
-- AUTO_INCREMENT for table `complain_sources`
--
ALTER TABLE `complain_sources`
  MODIFY `id` int UNSIGNED NOT NULL AUTO_INCREMENT, AUTO_INCREMENT=5;

--
-- AUTO_INCREMENT for table `complain_types`
--
ALTER TABLE `complain_types`
  MODIFY `id` int UNSIGNED NOT NULL AUTO_INCREMENT, AUTO_INCREMENT=10;

--
-- AUTO_INCREMENT for table `contents`
--
ALTER TABLE `contents`
  MODIFY `id` bigint UNSIGNED NOT NULL AUTO_INCREMENT, AUTO_INCREMENT=4;

--
-- AUTO_INCREMENT for table `content_types`
--
ALTER TABLE `content_types`
  MODIFY `id` int UNSIGNED NOT NULL AUTO_INCREMENT, AUTO_INCREMENT=3;

--
-- AUTO_INCREMENT for table `courses`
--
ALTER TABLE `courses`
  MODIFY `id` int UNSIGNED NOT NULL AUTO_INCREMENT, AUTO_INCREMENT=4;

--
-- AUTO_INCREMENT for table `criteria_master`
--
ALTER TABLE `criteria_master`
  MODIFY `id` bigint UNSIGNED NOT NULL AUTO_INCREMENT, AUTO_INCREMENT=11;

--
-- AUTO_INCREMENT for table `criterion1`
--
ALTER TABLE `criterion1`
  MODIFY `id` bigint UNSIGNED NOT NULL AUTO_INCREMENT, AUTO_INCREMENT=8;

--
-- AUTO_INCREMENT for table `criterion5`
--
ALTER TABLE `criterion5`
  MODIFY `id` int NOT NULL AUTO_INCREMENT;

--
-- AUTO_INCREMENT for table `departments`
--
ALTER TABLE `departments`
  MODIFY `id` int UNSIGNED NOT NULL AUTO_INCREMENT, AUTO_INCREMENT=7;

--
-- AUTO_INCREMENT for table `designations`
--
ALTER TABLE `designations`
  MODIFY `id` int UNSIGNED NOT NULL AUTO_INCREMENT, AUTO_INCREMENT=10;

--
-- AUTO_INCREMENT for table `districts`
--
ALTER TABLE `districts`
  MODIFY `id` int UNSIGNED NOT NULL AUTO_INCREMENT, AUTO_INCREMENT=89;

--
-- AUTO_INCREMENT for table `documents`
--
ALTER TABLE `documents`
  MODIFY `id` bigint UNSIGNED NOT NULL AUTO_INCREMENT, AUTO_INCREMENT=11;

--
-- AUTO_INCREMENT for table `dvv`
--
ALTER TABLE `dvv`
  MODIFY `id` bigint UNSIGNED NOT NULL AUTO_INCREMENT, AUTO_INCREMENT=2;

--
-- AUTO_INCREMENT for table `email_notifies`
--
ALTER TABLE `email_notifies`
  MODIFY `id` bigint UNSIGNED NOT NULL AUTO_INCREMENT, AUTO_INCREMENT=3;

--
-- AUTO_INCREMENT for table `enquiries`
--
ALTER TABLE `enquiries`
  MODIFY `id` bigint UNSIGNED NOT NULL AUTO_INCREMENT, AUTO_INCREMENT=8;

--
-- AUTO_INCREMENT for table `enquiry_references`
--
ALTER TABLE `enquiry_references`
  MODIFY `id` int UNSIGNED NOT NULL AUTO_INCREMENT, AUTO_INCREMENT=6;

--
-- AUTO_INCREMENT for table `enquiry_sources`
--
ALTER TABLE `enquiry_sources`
  MODIFY `id` int UNSIGNED NOT NULL AUTO_INCREMENT, AUTO_INCREMENT=7;

--
-- AUTO_INCREMENT for table `enroll_subjects`
--
ALTER TABLE `enroll_subjects`
  MODIFY `id` bigint UNSIGNED NOT NULL AUTO_INCREMENT, AUTO_INCREMENT=64;

--
-- AUTO_INCREMENT for table `events`
--
ALTER TABLE `events`
  MODIFY `id` bigint UNSIGNED NOT NULL AUTO_INCREMENT, AUTO_INCREMENT=7;

--
-- AUTO_INCREMENT for table `exams`
--
ALTER TABLE `exams`
  MODIFY `id` bigint UNSIGNED NOT NULL AUTO_INCREMENT, AUTO_INCREMENT=77;

--
-- AUTO_INCREMENT for table `exam_routines`
--
ALTER TABLE `exam_routines`
  MODIFY `id` bigint UNSIGNED NOT NULL AUTO_INCREMENT, AUTO_INCREMENT=34;

--
-- AUTO_INCREMENT for table `exam_types`
--
ALTER TABLE `exam_types`
  MODIFY `id` int UNSIGNED NOT NULL AUTO_INCREMENT, AUTO_INCREMENT=4;

--
-- AUTO_INCREMENT for table `expenses`
--
ALTER TABLE `expenses`
  MODIFY `id` bigint UNSIGNED NOT NULL AUTO_INCREMENT, AUTO_INCREMENT=10;

--
-- AUTO_INCREMENT for table `expense_categories`
--
ALTER TABLE `expense_categories`
  MODIFY `id` int UNSIGNED NOT NULL AUTO_INCREMENT, AUTO_INCREMENT=6;

--
-- AUTO_INCREMENT for table `extended_profiles`
--
ALTER TABLE `extended_profiles`
  MODIFY `id` bigint UNSIGNED NOT NULL AUTO_INCREMENT, AUTO_INCREMENT=6;

--
-- AUTO_INCREMENT for table `faculties`
--
ALTER TABLE `faculties`
  MODIFY `id` int UNSIGNED NOT NULL AUTO_INCREMENT, AUTO_INCREMENT=8;

--
-- AUTO_INCREMENT for table `failed_jobs`
--
ALTER TABLE `failed_jobs`
  MODIFY `id` bigint UNSIGNED NOT NULL AUTO_INCREMENT;

--
-- AUTO_INCREMENT for table `faqs`
--
ALTER TABLE `faqs`
  MODIFY `id` int UNSIGNED NOT NULL AUTO_INCREMENT, AUTO_INCREMENT=6;

--
-- AUTO_INCREMENT for table `features`
--
ALTER TABLE `features`
  MODIFY `id` int UNSIGNED NOT NULL AUTO_INCREMENT, AUTO_INCREMENT=4;

--
-- AUTO_INCREMENT for table `fees`
--
ALTER TABLE `fees`
  MODIFY `id` bigint UNSIGNED NOT NULL AUTO_INCREMENT, AUTO_INCREMENT=40;

--
-- AUTO_INCREMENT for table `fees_categories`
--
ALTER TABLE `fees_categories`
  MODIFY `id` int UNSIGNED NOT NULL AUTO_INCREMENT, AUTO_INCREMENT=4;

--
-- AUTO_INCREMENT for table `fees_discounts`
--
ALTER TABLE `fees_discounts`
  MODIFY `id` int UNSIGNED NOT NULL AUTO_INCREMENT, AUTO_INCREMENT=4;

--
-- AUTO_INCREMENT for table `fees_fines`
--
ALTER TABLE `fees_fines`
  MODIFY `id` int UNSIGNED NOT NULL AUTO_INCREMENT, AUTO_INCREMENT=3;

--
-- AUTO_INCREMENT for table `fees_masters`
--
ALTER TABLE `fees_masters`
  MODIFY `id` bigint UNSIGNED NOT NULL AUTO_INCREMENT, AUTO_INCREMENT=4;

--
-- AUTO_INCREMENT for table `fields`
--
ALTER TABLE `fields`
  MODIFY `id` int UNSIGNED NOT NULL AUTO_INCREMENT, AUTO_INCREMENT=152;

--
-- AUTO_INCREMENT for table `galleries`
--
ALTER TABLE `galleries`
  MODIFY `id` int UNSIGNED NOT NULL AUTO_INCREMENT, AUTO_INCREMENT=7;

--
-- AUTO_INCREMENT for table `grades`
--
ALTER TABLE `grades`
  MODIFY `id` int UNSIGNED NOT NULL AUTO_INCREMENT, AUTO_INCREMENT=7;

--
-- AUTO_INCREMENT for table `hostels`
--
ALTER TABLE `hostels`
  MODIFY `id` int UNSIGNED NOT NULL AUTO_INCREMENT, AUTO_INCREMENT=4;

--
-- AUTO_INCREMENT for table `hostel_members`
--
ALTER TABLE `hostel_members`
  MODIFY `id` bigint UNSIGNED NOT NULL AUTO_INCREMENT, AUTO_INCREMENT=8;

--
-- AUTO_INCREMENT for table `hostel_rooms`
--
ALTER TABLE `hostel_rooms`
  MODIFY `id` int UNSIGNED NOT NULL AUTO_INCREMENT, AUTO_INCREMENT=7;

--
-- AUTO_INCREMENT for table `hostel_room_types`
--
ALTER TABLE `hostel_room_types`
  MODIFY `id` int UNSIGNED NOT NULL AUTO_INCREMENT, AUTO_INCREMENT=5;

--
-- AUTO_INCREMENT for table `id_card_settings`
--
ALTER TABLE `id_card_settings`
  MODIFY `id` int UNSIGNED NOT NULL AUTO_INCREMENT, AUTO_INCREMENT=3;

--
-- AUTO_INCREMENT for table `iiqa`
--
ALTER TABLE `iiqa`
  MODIFY `id` bigint UNSIGNED NOT NULL AUTO_INCREMENT, AUTO_INCREMENT=4;

--
-- AUTO_INCREMENT for table `incomes`
--
ALTER TABLE `incomes`
  MODIFY `id` bigint UNSIGNED NOT NULL AUTO_INCREMENT, AUTO_INCREMENT=11;

--
-- AUTO_INCREMENT for table `income_categories`
--
ALTER TABLE `income_categories`
  MODIFY `id` int UNSIGNED NOT NULL AUTO_INCREMENT, AUTO_INCREMENT=8;

--
-- AUTO_INCREMENT for table `iqac_action_taken_reports`
--
ALTER TABLE `iqac_action_taken_reports`
  MODIFY `id` bigint UNSIGNED NOT NULL AUTO_INCREMENT, AUTO_INCREMENT=2;

--
-- AUTO_INCREMENT for table `iqac_members`
--
ALTER TABLE `iqac_members`
  MODIFY `id` bigint UNSIGNED NOT NULL AUTO_INCREMENT, AUTO_INCREMENT=9;

--
-- AUTO_INCREMENT for table `iqac_minutes`
--
ALTER TABLE `iqac_minutes`
  MODIFY `id` bigint UNSIGNED NOT NULL AUTO_INCREMENT, AUTO_INCREMENT=2;

--
-- AUTO_INCREMENT for table `issue_returns`
--
ALTER TABLE `issue_returns`
  MODIFY `id` bigint UNSIGNED NOT NULL AUTO_INCREMENT, AUTO_INCREMENT=12;

--
-- AUTO_INCREMENT for table `items`
--
ALTER TABLE `items`
  MODIFY `id` int UNSIGNED NOT NULL AUTO_INCREMENT, AUTO_INCREMENT=5;

--
-- AUTO_INCREMENT for table `item_categories`
--
ALTER TABLE `item_categories`
  MODIFY `id` int UNSIGNED NOT NULL AUTO_INCREMENT, AUTO_INCREMENT=4;

--
-- AUTO_INCREMENT for table `item_issues`
--
ALTER TABLE `item_issues`
  MODIFY `id` bigint UNSIGNED NOT NULL AUTO_INCREMENT, AUTO_INCREMENT=5;

--
-- AUTO_INCREMENT for table `item_stocks`
--
ALTER TABLE `item_stocks`
  MODIFY `id` bigint UNSIGNED NOT NULL AUTO_INCREMENT, AUTO_INCREMENT=4;

--
-- AUTO_INCREMENT for table `item_stores`
--
ALTER TABLE `item_stores`
  MODIFY `id` int UNSIGNED NOT NULL AUTO_INCREMENT, AUTO_INCREMENT=3;

--
-- AUTO_INCREMENT for table `item_suppliers`
--
ALTER TABLE `item_suppliers`
  MODIFY `id` int UNSIGNED NOT NULL AUTO_INCREMENT, AUTO_INCREMENT=3;

--
-- AUTO_INCREMENT for table `jobs`
--
ALTER TABLE `jobs`
  MODIFY `id` bigint UNSIGNED NOT NULL AUTO_INCREMENT, AUTO_INCREMENT=27;

--
-- AUTO_INCREMENT for table `key_indicator_master`
--
ALTER TABLE `key_indicator_master`
  MODIFY `id` bigint UNSIGNED NOT NULL AUTO_INCREMENT, AUTO_INCREMENT=20;

--
-- AUTO_INCREMENT for table `languages`
--
ALTER TABLE `languages`
  MODIFY `id` int UNSIGNED NOT NULL AUTO_INCREMENT, AUTO_INCREMENT=2;

--
-- AUTO_INCREMENT for table `leaves`
--
ALTER TABLE `leaves`
  MODIFY `id` bigint UNSIGNED NOT NULL AUTO_INCREMENT, AUTO_INCREMENT=3;

--
-- AUTO_INCREMENT for table `leave_types`
--
ALTER TABLE `leave_types`
  MODIFY `id` int UNSIGNED NOT NULL AUTO_INCREMENT, AUTO_INCREMENT=6;

--
-- AUTO_INCREMENT for table `library_members`
--
ALTER TABLE `library_members`
  MODIFY `id` bigint UNSIGNED NOT NULL AUTO_INCREMENT, AUTO_INCREMENT=23;

--
-- AUTO_INCREMENT for table `mail_settings`
--
ALTER TABLE `mail_settings`
  MODIFY `id` int UNSIGNED NOT NULL AUTO_INCREMENT, AUTO_INCREMENT=2;

--
-- AUTO_INCREMENT for table `marksheet_settings`
--
ALTER TABLE `marksheet_settings`
  MODIFY `id` int UNSIGNED NOT NULL AUTO_INCREMENT, AUTO_INCREMENT=2;

--
-- AUTO_INCREMENT for table `meeting_schedules`
--
ALTER TABLE `meeting_schedules`
  MODIFY `id` bigint UNSIGNED NOT NULL AUTO_INCREMENT, AUTO_INCREMENT=5;

--
-- AUTO_INCREMENT for table `meeting_types`
--
ALTER TABLE `meeting_types`
  MODIFY `id` int UNSIGNED NOT NULL AUTO_INCREMENT, AUTO_INCREMENT=3;

--
-- AUTO_INCREMENT for table `metric_master`
--
ALTER TABLE `metric_master`
  MODIFY `id` bigint UNSIGNED NOT NULL AUTO_INCREMENT, AUTO_INCREMENT=25;

--
-- AUTO_INCREMENT for table `migrations`
--
ALTER TABLE `migrations`
  MODIFY `id` int UNSIGNED NOT NULL AUTO_INCREMENT, AUTO_INCREMENT=158;

--
-- AUTO_INCREMENT for table `news`
--
ALTER TABLE `news`
  MODIFY `id` int UNSIGNED NOT NULL AUTO_INCREMENT, AUTO_INCREMENT=4;

--
-- AUTO_INCREMENT for table `notes`
--
ALTER TABLE `notes`
  MODIFY `id` bigint UNSIGNED NOT NULL AUTO_INCREMENT, AUTO_INCREMENT=9;

--
-- AUTO_INCREMENT for table `notices`
--
ALTER TABLE `notices`
  MODIFY `id` bigint UNSIGNED NOT NULL AUTO_INCREMENT, AUTO_INCREMENT=6;

--
-- AUTO_INCREMENT for table `notice_categories`
--
ALTER TABLE `notice_categories`
  MODIFY `id` int UNSIGNED NOT NULL AUTO_INCREMENT, AUTO_INCREMENT=5;

--
-- AUTO_INCREMENT for table `outside_users`
--
ALTER TABLE `outside_users`
  MODIFY `id` bigint UNSIGNED NOT NULL AUTO_INCREMENT, AUTO_INCREMENT=5;

--
-- AUTO_INCREMENT for table `pages`
--
ALTER TABLE `pages`
  MODIFY `id` int UNSIGNED NOT NULL AUTO_INCREMENT, AUTO_INCREMENT=3;

--
-- AUTO_INCREMENT for table `payrolls`
--
ALTER TABLE `payrolls`
  MODIFY `id` bigint UNSIGNED NOT NULL AUTO_INCREMENT, AUTO_INCREMENT=6;

--
-- AUTO_INCREMENT for table `payroll_details`
--
ALTER TABLE `payroll_details`
  MODIFY `id` bigint UNSIGNED NOT NULL AUTO_INCREMENT, AUTO_INCREMENT=11;

--
-- AUTO_INCREMENT for table `permissions`
--
ALTER TABLE `permissions`
  MODIFY `id` bigint UNSIGNED NOT NULL AUTO_INCREMENT, AUTO_INCREMENT=1949;

--
-- AUTO_INCREMENT for table `personal_access_tokens`
--
ALTER TABLE `personal_access_tokens`
  MODIFY `id` bigint UNSIGNED NOT NULL AUTO_INCREMENT;

--
-- AUTO_INCREMENT for table `phone_logs`
--
ALTER TABLE `phone_logs`
  MODIFY `id` bigint UNSIGNED NOT NULL AUTO_INCREMENT, AUTO_INCREMENT=8;

--
-- AUTO_INCREMENT for table `postal_exchanges`
--
ALTER TABLE `postal_exchanges`
  MODIFY `id` bigint UNSIGNED NOT NULL AUTO_INCREMENT, AUTO_INCREMENT=9;

--
-- AUTO_INCREMENT for table `postal_exchange_types`
--
ALTER TABLE `postal_exchange_types`
  MODIFY `id` int UNSIGNED NOT NULL AUTO_INCREMENT, AUTO_INCREMENT=6;

--
-- AUTO_INCREMENT for table `print_settings`
--
ALTER TABLE `print_settings`
  MODIFY `id` int UNSIGNED NOT NULL AUTO_INCREMENT, AUTO_INCREMENT=7;

--
-- AUTO_INCREMENT for table `programs`
--
ALTER TABLE `programs`
  MODIFY `id` int UNSIGNED NOT NULL AUTO_INCREMENT, AUTO_INCREMENT=41;

--
-- AUTO_INCREMENT for table `program_semester_sections`
--
ALTER TABLE `program_semester_sections`
  MODIFY `id` int UNSIGNED NOT NULL AUTO_INCREMENT, AUTO_INCREMENT=340;

--
-- AUTO_INCREMENT for table `provinces`
--
ALTER TABLE `provinces`
  MODIFY `id` int UNSIGNED NOT NULL AUTO_INCREMENT, AUTO_INCREMENT=37;

--
-- AUTO_INCREMENT for table `qif_records`
--
ALTER TABLE `qif_records`
  MODIFY `id` bigint UNSIGNED NOT NULL AUTO_INCREMENT, AUTO_INCREMENT=43;

--
-- AUTO_INCREMENT for table `result_contributions`
--
ALTER TABLE `result_contributions`
  MODIFY `id` bigint UNSIGNED NOT NULL AUTO_INCREMENT, AUTO_INCREMENT=2;

--
-- AUTO_INCREMENT for table `roles`
--
ALTER TABLE `roles`
  MODIFY `id` bigint UNSIGNED NOT NULL AUTO_INCREMENT, AUTO_INCREMENT=8;

--
-- AUTO_INCREMENT for table `schedule_settings`
--
ALTER TABLE `schedule_settings`
  MODIFY `id` int UNSIGNED NOT NULL AUTO_INCREMENT;

--
-- AUTO_INCREMENT for table `sections`
--
ALTER TABLE `sections`
  MODIFY `id` int UNSIGNED NOT NULL AUTO_INCREMENT, AUTO_INCREMENT=10;

--
-- AUTO_INCREMENT for table `semesters`
--
ALTER TABLE `semesters`
  MODIFY `id` int UNSIGNED NOT NULL AUTO_INCREMENT, AUTO_INCREMENT=8;

--
-- AUTO_INCREMENT for table `sessions`
--
ALTER TABLE `sessions`
  MODIFY `id` int UNSIGNED NOT NULL AUTO_INCREMENT, AUTO_INCREMENT=7;

--
-- AUTO_INCREMENT for table `settings`
--
ALTER TABLE `settings`
  MODIFY `id` int UNSIGNED NOT NULL AUTO_INCREMENT, AUTO_INCREMENT=2;

--
-- AUTO_INCREMENT for table `sliders`
--
ALTER TABLE `sliders`
  MODIFY `id` int UNSIGNED NOT NULL AUTO_INCREMENT, AUTO_INCREMENT=3;

--
-- AUTO_INCREMENT for table `social_settings`
--
ALTER TABLE `social_settings`
  MODIFY `id` int UNSIGNED NOT NULL AUTO_INCREMENT, AUTO_INCREMENT=2;

--
-- AUTO_INCREMENT for table `staff_attendances`
--
ALTER TABLE `staff_attendances`
  MODIFY `id` bigint UNSIGNED NOT NULL AUTO_INCREMENT, AUTO_INCREMENT=113;

--
-- AUTO_INCREMENT for table `staff_hourly_attendances`
--
ALTER TABLE `staff_hourly_attendances`
  MODIFY `id` bigint UNSIGNED NOT NULL AUTO_INCREMENT;

--
-- AUTO_INCREMENT for table `status_types`
--
ALTER TABLE `status_types`
  MODIFY `id` int UNSIGNED NOT NULL AUTO_INCREMENT, AUTO_INCREMENT=8;

--
-- AUTO_INCREMENT for table `students`
--
ALTER TABLE `students`
  MODIFY `id` bigint UNSIGNED NOT NULL AUTO_INCREMENT, AUTO_INCREMENT=70;

--
-- AUTO_INCREMENT for table `student_assignments`
--
ALTER TABLE `student_assignments`
  MODIFY `id` bigint UNSIGNED NOT NULL AUTO_INCREMENT, AUTO_INCREMENT=7;

--
-- AUTO_INCREMENT for table `student_attendances`
--
ALTER TABLE `student_attendances`
  MODIFY `id` bigint UNSIGNED NOT NULL AUTO_INCREMENT, AUTO_INCREMENT=200;

--
-- AUTO_INCREMENT for table `student_enrolls`
--
ALTER TABLE `student_enrolls`
  MODIFY `id` bigint UNSIGNED NOT NULL AUTO_INCREMENT, AUTO_INCREMENT=74;

--
-- AUTO_INCREMENT for table `student_leaves`
--
ALTER TABLE `student_leaves`
  MODIFY `id` bigint UNSIGNED NOT NULL AUTO_INCREMENT, AUTO_INCREMENT=3;

--
-- AUTO_INCREMENT for table `student_relatives`
--
ALTER TABLE `student_relatives`
  MODIFY `id` bigint UNSIGNED NOT NULL AUTO_INCREMENT, AUTO_INCREMENT=67;

--
-- AUTO_INCREMENT for table `student_transfers`
--
ALTER TABLE `student_transfers`
  MODIFY `id` bigint UNSIGNED NOT NULL AUTO_INCREMENT, AUTO_INCREMENT=3;

--
-- AUTO_INCREMENT for table `subjects`
--
ALTER TABLE `subjects`
  MODIFY `id` bigint UNSIGNED NOT NULL AUTO_INCREMENT, AUTO_INCREMENT=19;

--
-- AUTO_INCREMENT for table `subject_markings`
--
ALTER TABLE `subject_markings`
  MODIFY `id` bigint UNSIGNED NOT NULL AUTO_INCREMENT, AUTO_INCREMENT=28;

--
-- AUTO_INCREMENT for table `s_m_s_notifies`
--
ALTER TABLE `s_m_s_notifies`
  MODIFY `id` bigint UNSIGNED NOT NULL AUTO_INCREMENT, AUTO_INCREMENT=4;

--
-- AUTO_INCREMENT for table `s_m_s_settings`
--
ALTER TABLE `s_m_s_settings`
  MODIFY `id` int UNSIGNED NOT NULL AUTO_INCREMENT, AUTO_INCREMENT=2;

--
-- AUTO_INCREMENT for table `tax_settings`
--
ALTER TABLE `tax_settings`
  MODIFY `id` int UNSIGNED NOT NULL AUTO_INCREMENT, AUTO_INCREMENT=5;

--
-- AUTO_INCREMENT for table `testimonials`
--
ALTER TABLE `testimonials`
  MODIFY `id` int UNSIGNED NOT NULL AUTO_INCREMENT, AUTO_INCREMENT=6;

--
-- AUTO_INCREMENT for table `topbar_settings`
--
ALTER TABLE `topbar_settings`
  MODIFY `id` int UNSIGNED NOT NULL AUTO_INCREMENT, AUTO_INCREMENT=2;

--
-- AUTO_INCREMENT for table `transactions`
--
ALTER TABLE `transactions`
  MODIFY `id` bigint UNSIGNED NOT NULL AUTO_INCREMENT, AUTO_INCREMENT=37;

--
-- AUTO_INCREMENT for table `transfer_creadits`
--
ALTER TABLE `transfer_creadits`
  MODIFY `id` bigint UNSIGNED NOT NULL AUTO_INCREMENT;

--
-- AUTO_INCREMENT for table `transport_members`
--
ALTER TABLE `transport_members`
  MODIFY `id` bigint UNSIGNED NOT NULL AUTO_INCREMENT, AUTO_INCREMENT=9;

--
-- AUTO_INCREMENT for table `transport_routes`
--
ALTER TABLE `transport_routes`
  MODIFY `id` int UNSIGNED NOT NULL AUTO_INCREMENT, AUTO_INCREMENT=3;

--
-- AUTO_INCREMENT for table `transport_vehicles`
--
ALTER TABLE `transport_vehicles`
  MODIFY `id` int UNSIGNED NOT NULL AUTO_INCREMENT, AUTO_INCREMENT=4;

--
-- AUTO_INCREMENT for table `universities`
--
ALTER TABLE `universities`
  MODIFY `id` bigint UNSIGNED NOT NULL AUTO_INCREMENT, AUTO_INCREMENT=10;

--
-- AUTO_INCREMENT for table `users`
--
ALTER TABLE `users`
  MODIFY `id` bigint UNSIGNED NOT NULL AUTO_INCREMENT, AUTO_INCREMENT=10;

--
-- AUTO_INCREMENT for table `visitors`
--
ALTER TABLE `visitors`
  MODIFY `id` bigint UNSIGNED NOT NULL AUTO_INCREMENT, AUTO_INCREMENT=15;

--
-- AUTO_INCREMENT for table `visit_purposes`
--
ALTER TABLE `visit_purposes`
  MODIFY `id` int UNSIGNED NOT NULL AUTO_INCREMENT, AUTO_INCREMENT=5;

--
-- AUTO_INCREMENT for table `web_events`
--
ALTER TABLE `web_events`
  MODIFY `id` int UNSIGNED NOT NULL AUTO_INCREMENT, AUTO_INCREMENT=4;

--
-- AUTO_INCREMENT for table `work_shift_types`
--
ALTER TABLE `work_shift_types`
  MODIFY `id` int UNSIGNED NOT NULL AUTO_INCREMENT, AUTO_INCREMENT=3;

--
-- Constraints for dumped tables
--

--
-- Constraints for table `assignments`
--
ALTER TABLE `assignments`
  ADD CONSTRAINT `assignments_assign_by_foreign` FOREIGN KEY (`assign_by`) REFERENCES `users` (`id`) ON DELETE CASCADE,
  ADD CONSTRAINT `assignments_subject_id_foreign` FOREIGN KEY (`subject_id`) REFERENCES `subjects` (`id`) ON DELETE CASCADE;

--
-- Constraints for table `batch_program`
--
ALTER TABLE `batch_program`
  ADD CONSTRAINT `batch_program_batch_id_foreign` FOREIGN KEY (`batch_id`) REFERENCES `batches` (`id`) ON DELETE CASCADE,
  ADD CONSTRAINT `batch_program_program_id_foreign` FOREIGN KEY (`program_id`) REFERENCES `programs` (`id`) ON DELETE CASCADE;

--
-- Constraints for table `books`
--
ALTER TABLE `books`
  ADD CONSTRAINT `books_category_id_foreign` FOREIGN KEY (`category_id`) REFERENCES `book_categories` (`id`) ON DELETE CASCADE;

--
-- Constraints for table `book_requests`
--
ALTER TABLE `book_requests`
  ADD CONSTRAINT `book_requests_category_id_foreign` FOREIGN KEY (`category_id`) REFERENCES `book_categories` (`id`) ON DELETE CASCADE;

--
-- Constraints for table `certificates`
--
ALTER TABLE `certificates`
  ADD CONSTRAINT `certificates_student_id_foreign` FOREIGN KEY (`student_id`) REFERENCES `students` (`id`) ON DELETE CASCADE,
  ADD CONSTRAINT `certificates_template_id_foreign` FOREIGN KEY (`template_id`) REFERENCES `certificate_templates` (`id`) ON DELETE CASCADE;

--
-- Constraints for table `class_routines`
--
ALTER TABLE `class_routines`
  ADD CONSTRAINT `class_routines_program_id_foreign` FOREIGN KEY (`program_id`) REFERENCES `programs` (`id`) ON DELETE CASCADE,
  ADD CONSTRAINT `class_routines_room_id_foreign` FOREIGN KEY (`room_id`) REFERENCES `class_rooms` (`id`) ON DELETE CASCADE,
  ADD CONSTRAINT `class_routines_section_id_foreign` FOREIGN KEY (`section_id`) REFERENCES `sections` (`id`) ON DELETE CASCADE,
  ADD CONSTRAINT `class_routines_semester_id_foreign` FOREIGN KEY (`semester_id`) REFERENCES `semesters` (`id`) ON DELETE CASCADE,
  ADD CONSTRAINT `class_routines_session_id_foreign` FOREIGN KEY (`session_id`) REFERENCES `sessions` (`id`) ON DELETE CASCADE,
  ADD CONSTRAINT `class_routines_subject_id_foreign` FOREIGN KEY (`subject_id`) REFERENCES `subjects` (`id`) ON DELETE CASCADE,
  ADD CONSTRAINT `class_routines_teacher_id_foreign` FOREIGN KEY (`teacher_id`) REFERENCES `users` (`id`) ON DELETE CASCADE;

--
-- Constraints for table `complains`
--
ALTER TABLE `complains`
  ADD CONSTRAINT `complains_type_id_foreign` FOREIGN KEY (`type_id`) REFERENCES `complain_types` (`id`) ON DELETE CASCADE;

--
-- Constraints for table `contents`
--
ALTER TABLE `contents`
  ADD CONSTRAINT `contents_type_id_foreign` FOREIGN KEY (`type_id`) REFERENCES `content_types` (`id`) ON DELETE CASCADE;

--
-- Constraints for table `districts`
--
ALTER TABLE `districts`
  ADD CONSTRAINT `districts_province_id_foreign` FOREIGN KEY (`province_id`) REFERENCES `provinces` (`id`) ON DELETE CASCADE;

--
-- Constraints for table `docables`
--
ALTER TABLE `docables`
  ADD CONSTRAINT `docables_document_id_foreign` FOREIGN KEY (`document_id`) REFERENCES `documents` (`id`) ON DELETE CASCADE;

--
-- Constraints for table `enroll_subjects`
--
ALTER TABLE `enroll_subjects`
  ADD CONSTRAINT `enroll_subjects_program_id_foreign` FOREIGN KEY (`program_id`) REFERENCES `programs` (`id`) ON DELETE CASCADE,
  ADD CONSTRAINT `enroll_subjects_section_id_foreign` FOREIGN KEY (`section_id`) REFERENCES `sections` (`id`) ON DELETE CASCADE,
  ADD CONSTRAINT `enroll_subjects_semester_id_foreign` FOREIGN KEY (`semester_id`) REFERENCES `semesters` (`id`) ON DELETE CASCADE;

--
-- Constraints for table `enroll_subject_subject`
--
ALTER TABLE `enroll_subject_subject`
  ADD CONSTRAINT `enroll_subject_subject_enroll_subject_id_foreign` FOREIGN KEY (`enroll_subject_id`) REFERENCES `enroll_subjects` (`id`) ON DELETE CASCADE,
  ADD CONSTRAINT `enroll_subject_subject_subject_id_foreign` FOREIGN KEY (`subject_id`) REFERENCES `subjects` (`id`) ON DELETE CASCADE;

--
-- Constraints for table `exams`
--
ALTER TABLE `exams`
  ADD CONSTRAINT `exams_student_enroll_id_foreign` FOREIGN KEY (`student_enroll_id`) REFERENCES `student_enrolls` (`id`) ON DELETE CASCADE,
  ADD CONSTRAINT `exams_subject_id_foreign` FOREIGN KEY (`subject_id`) REFERENCES `subjects` (`id`) ON DELETE CASCADE;

--
-- Constraints for table `exam_routines`
--
ALTER TABLE `exam_routines`
  ADD CONSTRAINT `exam_routines_exam_type_id_foreign` FOREIGN KEY (`exam_type_id`) REFERENCES `exam_types` (`id`) ON DELETE CASCADE,
  ADD CONSTRAINT `exam_routines_program_id_foreign` FOREIGN KEY (`program_id`) REFERENCES `programs` (`id`) ON DELETE CASCADE,
  ADD CONSTRAINT `exam_routines_section_id_foreign` FOREIGN KEY (`section_id`) REFERENCES `sections` (`id`) ON DELETE CASCADE,
  ADD CONSTRAINT `exam_routines_semester_id_foreign` FOREIGN KEY (`semester_id`) REFERENCES `semesters` (`id`) ON DELETE CASCADE,
  ADD CONSTRAINT `exam_routines_session_id_foreign` FOREIGN KEY (`session_id`) REFERENCES `sessions` (`id`) ON DELETE CASCADE,
  ADD CONSTRAINT `exam_routines_subject_id_foreign` FOREIGN KEY (`subject_id`) REFERENCES `subjects` (`id`) ON DELETE CASCADE;

--
-- Constraints for table `exam_routine_room`
--
ALTER TABLE `exam_routine_room`
  ADD CONSTRAINT `exam_routine_room_exam_routine_id_foreign` FOREIGN KEY (`exam_routine_id`) REFERENCES `exam_routines` (`id`) ON DELETE CASCADE,
  ADD CONSTRAINT `exam_routine_room_room_id_foreign` FOREIGN KEY (`room_id`) REFERENCES `class_rooms` (`id`) ON DELETE CASCADE;

--
-- Constraints for table `exam_routine_user`
--
ALTER TABLE `exam_routine_user`
  ADD CONSTRAINT `exam_routine_user_exam_routine_id_foreign` FOREIGN KEY (`exam_routine_id`) REFERENCES `exam_routines` (`id`) ON DELETE CASCADE,
  ADD CONSTRAINT `exam_routine_user_user_id_foreign` FOREIGN KEY (`user_id`) REFERENCES `users` (`id`) ON DELETE CASCADE;

--
-- Constraints for table `expenses`
--
ALTER TABLE `expenses`
  ADD CONSTRAINT `expenses_category_id_foreign` FOREIGN KEY (`category_id`) REFERENCES `expense_categories` (`id`) ON DELETE CASCADE;

--
-- Constraints for table `fees_category_fees_discount`
--
ALTER TABLE `fees_category_fees_discount`
  ADD CONSTRAINT `fees_category_fees_discount_fees_category_id_foreign` FOREIGN KEY (`fees_category_id`) REFERENCES `fees_categories` (`id`) ON DELETE CASCADE,
  ADD CONSTRAINT `fees_category_fees_discount_fees_discount_id_foreign` FOREIGN KEY (`fees_discount_id`) REFERENCES `fees_discounts` (`id`) ON DELETE CASCADE;

--
-- Constraints for table `fees_category_fees_fine`
--
ALTER TABLE `fees_category_fees_fine`
  ADD CONSTRAINT `fees_category_fees_fine_fees_category_id_foreign` FOREIGN KEY (`fees_category_id`) REFERENCES `fees_categories` (`id`) ON DELETE CASCADE,
  ADD CONSTRAINT `fees_category_fees_fine_fees_fine_id_foreign` FOREIGN KEY (`fees_fine_id`) REFERENCES `fees_fines` (`id`) ON DELETE CASCADE;

--
-- Constraints for table `fees_discount_status_type`
--
ALTER TABLE `fees_discount_status_type`
  ADD CONSTRAINT `fees_discount_status_type_fees_discount_id_foreign` FOREIGN KEY (`fees_discount_id`) REFERENCES `fees_discounts` (`id`) ON DELETE CASCADE,
  ADD CONSTRAINT `fees_discount_status_type_status_type_id_foreign` FOREIGN KEY (`status_type_id`) REFERENCES `status_types` (`id`) ON DELETE CASCADE;

--
-- Constraints for table `fees_master_student_enroll`
--
ALTER TABLE `fees_master_student_enroll`
  ADD CONSTRAINT `fees_master_student_enroll_fees_master_id_foreign` FOREIGN KEY (`fees_master_id`) REFERENCES `fees_masters` (`id`) ON DELETE CASCADE,
  ADD CONSTRAINT `fees_master_student_enroll_student_enroll_id_foreign` FOREIGN KEY (`student_enroll_id`) REFERENCES `student_enrolls` (`id`) ON DELETE CASCADE;

--
-- Constraints for table `hostel_members`
--
ALTER TABLE `hostel_members`
  ADD CONSTRAINT `hostel_members_hostel_room_id_foreign` FOREIGN KEY (`hostel_room_id`) REFERENCES `hostel_rooms` (`id`) ON DELETE CASCADE;

--
-- Constraints for table `hostel_rooms`
--
ALTER TABLE `hostel_rooms`
  ADD CONSTRAINT `hostel_rooms_hostel_id_foreign` FOREIGN KEY (`hostel_id`) REFERENCES `hostels` (`id`) ON DELETE CASCADE,
  ADD CONSTRAINT `hostel_rooms_room_type_id_foreign` FOREIGN KEY (`room_type_id`) REFERENCES `hostel_room_types` (`id`) ON DELETE CASCADE;

--
-- Constraints for table `incomes`
--
ALTER TABLE `incomes`
  ADD CONSTRAINT `incomes_category_id_foreign` FOREIGN KEY (`category_id`) REFERENCES `income_categories` (`id`) ON DELETE CASCADE;

--
-- Constraints for table `issue_returns`
--
ALTER TABLE `issue_returns`
  ADD CONSTRAINT `issue_returns_book_id_foreign` FOREIGN KEY (`book_id`) REFERENCES `books` (`id`) ON DELETE CASCADE,
  ADD CONSTRAINT `issue_returns_member_id_foreign` FOREIGN KEY (`member_id`) REFERENCES `library_members` (`id`) ON DELETE CASCADE;

--
-- Constraints for table `items`
--
ALTER TABLE `items`
  ADD CONSTRAINT `items_category_id_foreign` FOREIGN KEY (`category_id`) REFERENCES `item_categories` (`id`) ON DELETE CASCADE;

--
-- Constraints for table `item_issues`
--
ALTER TABLE `item_issues`
  ADD CONSTRAINT `item_issues_item_id_foreign` FOREIGN KEY (`item_id`) REFERENCES `items` (`id`) ON DELETE CASCADE,
  ADD CONSTRAINT `item_issues_user_id_foreign` FOREIGN KEY (`user_id`) REFERENCES `users` (`id`) ON DELETE CASCADE;

--
-- Constraints for table `item_stocks`
--
ALTER TABLE `item_stocks`
  ADD CONSTRAINT `item_stocks_item_id_foreign` FOREIGN KEY (`item_id`) REFERENCES `items` (`id`) ON DELETE CASCADE,
  ADD CONSTRAINT `item_stocks_store_id_foreign` FOREIGN KEY (`store_id`) REFERENCES `item_stores` (`id`) ON DELETE CASCADE;

--
-- Constraints for table `key_indicator_master`
--
ALTER TABLE `key_indicator_master`
  ADD CONSTRAINT `key_indicator_master_ibfk_1` FOREIGN KEY (`criteria_id`) REFERENCES `criteria_master` (`id`) ON DELETE CASCADE;

--
-- Constraints for table `leaves`
--
ALTER TABLE `leaves`
  ADD CONSTRAINT `leaves_type_id_foreign` FOREIGN KEY (`type_id`) REFERENCES `leave_types` (`id`) ON DELETE CASCADE,
  ADD CONSTRAINT `leaves_user_id_foreign` FOREIGN KEY (`user_id`) REFERENCES `users` (`id`) ON DELETE CASCADE;

--
-- Constraints for table `meeting_schedules`
--
ALTER TABLE `meeting_schedules`
  ADD CONSTRAINT `meeting_schedules_type_id_foreign` FOREIGN KEY (`type_id`) REFERENCES `meeting_types` (`id`) ON DELETE CASCADE;

--
-- Constraints for table `metric_master`
--
ALTER TABLE `metric_master`
  ADD CONSTRAINT `metric_master_ibfk_1` FOREIGN KEY (`criteria_id`) REFERENCES `criteria_master` (`id`);

--
-- Constraints for table `model_has_permissions`
--
ALTER TABLE `model_has_permissions`
  ADD CONSTRAINT `model_has_permissions_permission_id_foreign` FOREIGN KEY (`permission_id`) REFERENCES `permissions` (`id`) ON DELETE CASCADE;

--
-- Constraints for table `model_has_roles`
--
ALTER TABLE `model_has_roles`
  ADD CONSTRAINT `model_has_roles_role_id_foreign` FOREIGN KEY (`role_id`) REFERENCES `roles` (`id`) ON DELETE CASCADE;

--
-- Constraints for table `notices`
--
ALTER TABLE `notices`
  ADD CONSTRAINT `notices_category_id_foreign` FOREIGN KEY (`category_id`) REFERENCES `notice_categories` (`id`) ON DELETE CASCADE;

--
-- Constraints for table `payroll_details`
--
ALTER TABLE `payroll_details`
  ADD CONSTRAINT `payroll_details_payroll_id_foreign` FOREIGN KEY (`payroll_id`) REFERENCES `payrolls` (`id`) ON DELETE CASCADE;

--
-- Constraints for table `postal_exchanges`
--
ALTER TABLE `postal_exchanges`
  ADD CONSTRAINT `postal_exchanges_category_id_foreign` FOREIGN KEY (`category_id`) REFERENCES `postal_exchange_types` (`id`) ON DELETE CASCADE;

--
-- Constraints for table `programs`
--
ALTER TABLE `programs`
  ADD CONSTRAINT `programs_faculty_id_foreign` FOREIGN KEY (`faculty_id`) REFERENCES `faculties` (`id`) ON DELETE CASCADE;

--
-- Constraints for table `program_class_room`
--
ALTER TABLE `program_class_room`
  ADD CONSTRAINT `program_class_room_class_room_id_foreign` FOREIGN KEY (`class_room_id`) REFERENCES `class_rooms` (`id`) ON DELETE CASCADE,
  ADD CONSTRAINT `program_class_room_program_id_foreign` FOREIGN KEY (`program_id`) REFERENCES `programs` (`id`) ON DELETE CASCADE;

--
-- Constraints for table `program_semester`
--
ALTER TABLE `program_semester`
  ADD CONSTRAINT `program_semester_program_id_foreign` FOREIGN KEY (`program_id`) REFERENCES `programs` (`id`) ON DELETE CASCADE,
  ADD CONSTRAINT `program_semester_semester_id_foreign` FOREIGN KEY (`semester_id`) REFERENCES `semesters` (`id`) ON DELETE CASCADE;

--
-- Constraints for table `program_semester_sections`
--
ALTER TABLE `program_semester_sections`
  ADD CONSTRAINT `program_semester_sections_program_id_foreign` FOREIGN KEY (`program_id`) REFERENCES `programs` (`id`) ON DELETE CASCADE,
  ADD CONSTRAINT `program_semester_sections_section_id_foreign` FOREIGN KEY (`section_id`) REFERENCES `sections` (`id`) ON DELETE CASCADE,
  ADD CONSTRAINT `program_semester_sections_semester_id_foreign` FOREIGN KEY (`semester_id`) REFERENCES `semesters` (`id`) ON DELETE CASCADE;

--
-- Constraints for table `program_session`
--
ALTER TABLE `program_session`
  ADD CONSTRAINT `program_session_program_id_foreign` FOREIGN KEY (`program_id`) REFERENCES `programs` (`id`) ON DELETE CASCADE,
  ADD CONSTRAINT `program_session_session_id_foreign` FOREIGN KEY (`session_id`) REFERENCES `sessions` (`id`) ON DELETE CASCADE;

--
-- Constraints for table `program_subject`
--
ALTER TABLE `program_subject`
  ADD CONSTRAINT `program_subject_program_id_foreign` FOREIGN KEY (`program_id`) REFERENCES `programs` (`id`) ON DELETE CASCADE,
  ADD CONSTRAINT `program_subject_subject_id_foreign` FOREIGN KEY (`subject_id`) REFERENCES `subjects` (`id`) ON DELETE CASCADE;

--
-- Constraints for table `role_has_permissions`
--
ALTER TABLE `role_has_permissions`
  ADD CONSTRAINT `role_has_permissions_permission_id_foreign` FOREIGN KEY (`permission_id`) REFERENCES `permissions` (`id`) ON DELETE CASCADE,
  ADD CONSTRAINT `role_has_permissions_role_id_foreign` FOREIGN KEY (`role_id`) REFERENCES `roles` (`id`) ON DELETE CASCADE;

--
-- Constraints for table `staff_attendances`
--
ALTER TABLE `staff_attendances`
  ADD CONSTRAINT `staff_attendances_user_id_foreign` FOREIGN KEY (`user_id`) REFERENCES `users` (`id`) ON DELETE CASCADE;

--
-- Constraints for table `staff_hourly_attendances`
--
ALTER TABLE `staff_hourly_attendances`
  ADD CONSTRAINT `staff_hourly_attendances_subject_id_foreign` FOREIGN KEY (`subject_id`) REFERENCES `subjects` (`id`) ON DELETE CASCADE,
  ADD CONSTRAINT `staff_hourly_attendances_user_id_foreign` FOREIGN KEY (`user_id`) REFERENCES `users` (`id`) ON DELETE CASCADE;

--
-- Constraints for table `status_type_student`
--
ALTER TABLE `status_type_student`
  ADD CONSTRAINT `status_type_student_status_type_id_foreign` FOREIGN KEY (`status_type_id`) REFERENCES `status_types` (`id`) ON DELETE CASCADE,
  ADD CONSTRAINT `status_type_student_student_id_foreign` FOREIGN KEY (`student_id`) REFERENCES `students` (`id`) ON DELETE CASCADE;

--
-- Constraints for table `student_assignments`
--
ALTER TABLE `student_assignments`
  ADD CONSTRAINT `student_assignments_assignment_id_foreign` FOREIGN KEY (`assignment_id`) REFERENCES `assignments` (`id`) ON DELETE CASCADE,
  ADD CONSTRAINT `student_assignments_student_enroll_id_foreign` FOREIGN KEY (`student_enroll_id`) REFERENCES `student_enrolls` (`id`) ON DELETE CASCADE;

--
-- Constraints for table `student_attendances`
--
ALTER TABLE `student_attendances`
  ADD CONSTRAINT `student_attendances_student_enroll_id_foreign` FOREIGN KEY (`student_enroll_id`) REFERENCES `student_enrolls` (`id`) ON DELETE CASCADE,
  ADD CONSTRAINT `student_attendances_subject_id_foreign` FOREIGN KEY (`subject_id`) REFERENCES `subjects` (`id`) ON DELETE CASCADE;

--
-- Constraints for table `student_enrolls`
--
ALTER TABLE `student_enrolls`
  ADD CONSTRAINT `student_enrolls_program_id_foreign` FOREIGN KEY (`program_id`) REFERENCES `programs` (`id`) ON DELETE CASCADE,
  ADD CONSTRAINT `student_enrolls_section_id_foreign` FOREIGN KEY (`section_id`) REFERENCES `sections` (`id`) ON DELETE CASCADE,
  ADD CONSTRAINT `student_enrolls_semester_id_foreign` FOREIGN KEY (`semester_id`) REFERENCES `semesters` (`id`) ON DELETE CASCADE,
  ADD CONSTRAINT `student_enrolls_session_id_foreign` FOREIGN KEY (`session_id`) REFERENCES `sessions` (`id`) ON DELETE CASCADE,
  ADD CONSTRAINT `student_enrolls_student_id_foreign` FOREIGN KEY (`student_id`) REFERENCES `students` (`id`) ON DELETE CASCADE;

--
-- Constraints for table `student_enroll_subject`
--
ALTER TABLE `student_enroll_subject`
  ADD CONSTRAINT `student_enroll_subject_student_enroll_id_foreign` FOREIGN KEY (`student_enroll_id`) REFERENCES `student_enrolls` (`id`) ON DELETE CASCADE,
  ADD CONSTRAINT `student_enroll_subject_subject_id_foreign` FOREIGN KEY (`subject_id`) REFERENCES `subjects` (`id`) ON DELETE CASCADE;

--
-- Constraints for table `student_leaves`
--
ALTER TABLE `student_leaves`
  ADD CONSTRAINT `student_leaves_student_id_foreign` FOREIGN KEY (`student_id`) REFERENCES `students` (`id`) ON DELETE CASCADE;

--
-- Constraints for table `student_relatives`
--
ALTER TABLE `student_relatives`
  ADD CONSTRAINT `student_relatives_student_id_foreign` FOREIGN KEY (`student_id`) REFERENCES `students` (`id`) ON DELETE CASCADE;

--
-- Constraints for table `student_transfers`
--
ALTER TABLE `student_transfers`
  ADD CONSTRAINT `student_transfers_student_id_foreign` FOREIGN KEY (`student_id`) REFERENCES `students` (`id`) ON DELETE CASCADE;

--
-- Constraints for table `subject_markings`
--
ALTER TABLE `subject_markings`
  ADD CONSTRAINT `subject_markings_student_enroll_id_foreign` FOREIGN KEY (`student_enroll_id`) REFERENCES `student_enrolls` (`id`) ON DELETE CASCADE,
  ADD CONSTRAINT `subject_markings_subject_id_foreign` FOREIGN KEY (`subject_id`) REFERENCES `subjects` (`id`) ON DELETE CASCADE;

--
-- Constraints for table `transfer_creadits`
--
ALTER TABLE `transfer_creadits`
  ADD CONSTRAINT `transfer_creadits_program_id_foreign` FOREIGN KEY (`program_id`) REFERENCES `programs` (`id`) ON DELETE CASCADE,
  ADD CONSTRAINT `transfer_creadits_semester_id_foreign` FOREIGN KEY (`semester_id`) REFERENCES `semesters` (`id`) ON DELETE CASCADE,
  ADD CONSTRAINT `transfer_creadits_session_id_foreign` FOREIGN KEY (`session_id`) REFERENCES `sessions` (`id`) ON DELETE CASCADE,
  ADD CONSTRAINT `transfer_creadits_student_id_foreign` FOREIGN KEY (`student_id`) REFERENCES `students` (`id`) ON DELETE CASCADE,
  ADD CONSTRAINT `transfer_creadits_subject_id_foreign` FOREIGN KEY (`subject_id`) REFERENCES `subjects` (`id`) ON DELETE CASCADE;

--
-- Constraints for table `transport_members`
--
ALTER TABLE `transport_members`
  ADD CONSTRAINT `transport_members_transport_route_id_foreign` FOREIGN KEY (`transport_route_id`) REFERENCES `transport_routes` (`id`) ON DELETE CASCADE,
  ADD CONSTRAINT `transport_members_transport_vehicle_id_foreign` FOREIGN KEY (`transport_vehicle_id`) REFERENCES `transport_vehicles` (`id`) ON DELETE CASCADE;

--
-- Constraints for table `transport_route_transport_vehicle`
--
ALTER TABLE `transport_route_transport_vehicle`
  ADD CONSTRAINT `transport_route_transport_vehicle_transport_route_id_foreign` FOREIGN KEY (`transport_route_id`) REFERENCES `transport_routes` (`id`) ON DELETE CASCADE,
  ADD CONSTRAINT `transport_route_transport_vehicle_transport_vehicle_id_foreign` FOREIGN KEY (`transport_vehicle_id`) REFERENCES `transport_vehicles` (`id`) ON DELETE CASCADE;

--
-- Constraints for table `user_program`
--
ALTER TABLE `user_program`
  ADD CONSTRAINT `user_program_program_id_foreign` FOREIGN KEY (`program_id`) REFERENCES `programs` (`id`) ON DELETE CASCADE,
  ADD CONSTRAINT `user_program_user_id_foreign` FOREIGN KEY (`user_id`) REFERENCES `users` (`id`) ON DELETE CASCADE;

--
-- Constraints for table `visitors`
--
ALTER TABLE `visitors`
  ADD CONSTRAINT `visitors_department_id_foreign` FOREIGN KEY (`department_id`) REFERENCES `departments` (`id`),
  ADD CONSTRAINT `visitors_purpose_id_foreign` FOREIGN KEY (`purpose_id`) REFERENCES `visit_purposes` (`id`) ON DELETE CASCADE;
COMMIT;

